{"id":2749,"date":"2022-10-03T23:12:57","date_gmt":"2022-10-03T23:12:57","guid":{"rendered":"https:\/\/ceoactivismoforbesllyc.enforb.es\/ceo\/luis-guastini\/"},"modified":"2023-01-19T10:57:56","modified_gmt":"2023-01-19T16:57:56","slug":"luis-guastini","status":"publish","type":"ceo","link":"https:\/\/ceoactivismoforbesllyc.enforb.es\/pt-br\/ceo\/luis-guastini\/","title":{"rendered":"LUIS GUASTINI"},"content":{"rendered":"<p>[vc_row equal_height=&#8221;yes&#8221;][vc_column][vc_column_text]\u00c9 advogado formado pela Universidad de Buenos Aires, especializado em Gest\u00e3o Estrat\u00e9gica de Recursos Humanos pela Universidad de San Andr\u00e9s. Em junho de 2017, foi nomeado CEO e Presidente do ManpowerGroup Argentina. Desde 2019, \u00e9 membro do Conselho de Administra\u00e7\u00e3o do CEADS (Conselho Empresarial Argentino para o Desenvolvimento Sustent\u00e1vel).<\/p>\n<p>Seu foco na gest\u00e3o de talentos est\u00e1 evidente nos conte\u00fados que publica em suas redes sociais, onde promove temas de lideran\u00e7a com valores, integridade, equipes inclusivas e diversificadas, entre outros.<\/p>\n<p>Luis publica regularmente em suas redes sociais.<br \/>\nNo Twitter, ele faz isso quase que diariamente e at\u00e9 v\u00e1rias vezes no mesmo dia. O tom de suas postagens \u00e9 bem f\u00e1cil de entender, com uma narrativa bastante focada em quest\u00f5es de lideran\u00e7a social, \u00e9tica e transpar\u00eancia nos neg\u00f3cios. Ele consegue humanizar suas mensagens, falando sempre na primeira pessoa e, muitas vezes, usa o recurso de v\u00eddeo na primeira pessoa, filmando a si mesmo, expondo quest\u00f5es como a empregabilidade da juventude e a import\u00e2ncia de desenvolver sociedades mais inclusivas. Ele sempre usa um tom simples e emp\u00e1tico.[\/vc_column_text][\/vc_column][\/vc_row][vc_row full_width=&#8221;stretch_row&#8221; css=&#8221;.vc_custom_1666034478243{padding-top: 5% !important;background-color: #0a263b !important;}&#8221;][vc_column][vc_single_image image=&#8221;2232&#8243; img_size=&#8221;full&#8221; alignment=&#8221;center&#8221; onclick=&#8221;zoom&#8221;][\/vc_column][\/vc_row]<\/p>\n","protected":false},"featured_media":2701,"menu_order":0,"template":"","format":"standard","meta":{"content-type":"","_mi_skip_tracking":false,"_monsterinsights_sitenote_active":false,"_monsterinsights_sitenote_note":"","_monsterinsights_sitenote_category":0,"footnotes":""},"class_list":["post-2749","ceo","type-ceo","status-publish","format-standard","has-post-thumbnail","hentry","description-off"],"acf":[],"yoast_head":"<!-- This site is optimized with the Yoast SEO plugin v20.12 - https:\/\/yoast.com\/wordpress\/plugins\/seo\/ -->\n<title>LUIS GUASTINI - CEO ACTIVISTA LATAM<\/title>\n<meta name=\"description\" content=\"El CEO de ManpowerGroup es un ejemplo de CEO Activista gracias al foco que demuestra en la gesti\u00f3n del talento hablando de liderazgo, integidad e inclusi\u00f3n.\" \/>\n<meta name=\"robots\" content=\"index, follow, max-snippet:-1, max-image-preview:large, max-video-preview:-1\" \/>\n<link rel=\"canonical\" href=\"https:\/\/ceoactivismoforbesllyc.enforb.es\/pt-br\/ceo\/luis-guastini\/\" \/>\n<meta property=\"og:locale\" content=\"pt_BR\" \/>\n<meta property=\"og:type\" content=\"article\" \/>\n<meta property=\"og:title\" content=\"LUIS GUASTINI - CEO ACTIVISTA LATAM\" \/>\n<meta property=\"og:description\" content=\"El CEO de ManpowerGroup es un ejemplo de CEO Activista gracias al foco que demuestra en la gesti\u00f3n del talento hablando de liderazgo, integidad e inclusi\u00f3n.\" \/>\n<meta property=\"og:url\" content=\"https:\/\/ceoactivismoforbesllyc.enforb.es\/pt-br\/ceo\/luis-guastini\/\" \/>\n<meta property=\"og:site_name\" content=\"CEO ACTIVISTA LATAM\" \/>\n<meta property=\"article:modified_time\" content=\"2023-01-19T16:57:56+00:00\" \/>\n<meta property=\"og:image\" content=\"https:\/\/ceoactivismoforbesllyc.enforb.es\/wp-content\/uploads\/2022\/10\/LUIS-GUASTINI.jpg\" \/>\n\t<meta property=\"og:image:width\" content=\"1080\" \/>\n\t<meta property=\"og:image:height\" content=\"900\" \/>\n\t<meta property=\"og:image:type\" content=\"image\/jpeg\" \/>\n<meta name=\"twitter:card\" content=\"summary_large_image\" \/>\n<meta name=\"twitter:label1\" content=\"Est. tempo de leitura\" \/>\n\t<meta name=\"twitter:data1\" content=\"1 minuto\" \/>\n<script type=\"application\/ld+json\" class=\"yoast-schema-graph\">{\"@context\":\"https:\/\/schema.org\",\"@graph\":[{\"@type\":\"WebPage\",\"@id\":\"https:\/\/ceoactivismoforbesllyc.enforb.es\/pt-br\/ceo\/luis-guastini\/\",\"url\":\"https:\/\/ceoactivismoforbesllyc.enforb.es\/pt-br\/ceo\/luis-guastini\/\",\"name\":\"LUIS GUASTINI - CEO ACTIVISTA LATAM\",\"isPartOf\":{\"@id\":\"https:\/\/ceoactivismoforbesllyc.enforb.es\/#website\"},\"datePublished\":\"2022-10-03T23:12:57+00:00\",\"dateModified\":\"2023-01-19T16:57:56+00:00\",\"description\":\"El CEO de ManpowerGroup es un ejemplo de CEO Activista gracias al foco que demuestra en la gesti\u00f3n del talento hablando de liderazgo, integidad e inclusi\u00f3n.\",\"breadcrumb\":{\"@id\":\"https:\/\/ceoactivismoforbesllyc.enforb.es\/pt-br\/ceo\/luis-guastini\/#breadcrumb\"},\"inLanguage\":\"pt-BR\",\"potentialAction\":[{\"@type\":\"ReadAction\",\"target\":[\"https:\/\/ceoactivismoforbesllyc.enforb.es\/pt-br\/ceo\/luis-guastini\/\"]}]},{\"@type\":\"BreadcrumbList\",\"@id\":\"https:\/\/ceoactivismoforbesllyc.enforb.es\/pt-br\/ceo\/luis-guastini\/#breadcrumb\",\"itemListElement\":[{\"@type\":\"ListItem\",\"position\":1,\"name\":\"Home\",\"item\":\"https:\/\/ceoactivismoforbesllyc.enforb.es\/pt-br\/\"},{\"@type\":\"ListItem\",\"position\":2,\"name\":\"LUIS GUASTINI\"}]},{\"@type\":\"WebSite\",\"@id\":\"https:\/\/ceoactivismoforbesllyc.enforb.es\/#website\",\"url\":\"https:\/\/ceoactivismoforbesllyc.enforb.es\/\",\"name\":\"CEO ACTIVISTA LATAM\",\"description\":\"\",\"potentialAction\":[{\"@type\":\"SearchAction\",\"target\":{\"@type\":\"EntryPoint\",\"urlTemplate\":\"https:\/\/ceoactivismoforbesllyc.enforb.es\/?s={search_term_string}\"},\"query-input\":\"required name=search_term_string\"}],\"inLanguage\":\"pt-BR\"}]}<\/script>\n<!-- \/ Yoast SEO plugin. -->","yoast_head_json":{"title":"LUIS GUASTINI - CEO ACTIVISTA LATAM","description":"El CEO de ManpowerGroup es un ejemplo de CEO Activista gracias al foco que demuestra en la gesti\u00f3n del talento hablando de liderazgo, integidad e inclusi\u00f3n.","robots":{"index":"index","follow":"follow","max-snippet":"max-snippet:-1","max-image-preview":"max-image-preview:large","max-video-preview":"max-video-preview:-1"},"canonical":"https:\/\/ceoactivismoforbesllyc.enforb.es\/pt-br\/ceo\/luis-guastini\/","og_locale":"pt_BR","og_type":"article","og_title":"LUIS GUASTINI - CEO ACTIVISTA LATAM","og_description":"El CEO de ManpowerGroup es un ejemplo de CEO Activista gracias al foco que demuestra en la gesti\u00f3n del talento hablando de liderazgo, integidad e inclusi\u00f3n.","og_url":"https:\/\/ceoactivismoforbesllyc.enforb.es\/pt-br\/ceo\/luis-guastini\/","og_site_name":"CEO ACTIVISTA LATAM","article_modified_time":"2023-01-19T16:57:56+00:00","og_image":[{"width":1080,"height":900,"url":"https:\/\/ceoactivismoforbesllyc.enforb.es\/wp-content\/uploads\/2022\/10\/LUIS-GUASTINI.jpg","type":"image\/jpeg"}],"twitter_card":"summary_large_image","twitter_misc":{"Est. tempo de leitura":"1 minuto"},"schema":{"@context":"https:\/\/schema.org","@graph":[{"@type":"WebPage","@id":"https:\/\/ceoactivismoforbesllyc.enforb.es\/pt-br\/ceo\/luis-guastini\/","url":"https:\/\/ceoactivismoforbesllyc.enforb.es\/pt-br\/ceo\/luis-guastini\/","name":"LUIS GUASTINI - CEO ACTIVISTA LATAM","isPartOf":{"@id":"https:\/\/ceoactivismoforbesllyc.enforb.es\/#website"},"datePublished":"2022-10-03T23:12:57+00:00","dateModified":"2023-01-19T16:57:56+00:00","description":"El CEO de ManpowerGroup es un ejemplo de CEO Activista gracias al foco que demuestra en la gesti\u00f3n del talento hablando de liderazgo, integidad e inclusi\u00f3n.","breadcrumb":{"@id":"https:\/\/ceoactivismoforbesllyc.enforb.es\/pt-br\/ceo\/luis-guastini\/#breadcrumb"},"inLanguage":"pt-BR","potentialAction":[{"@type":"ReadAction","target":["https:\/\/ceoactivismoforbesllyc.enforb.es\/pt-br\/ceo\/luis-guastini\/"]}]},{"@type":"BreadcrumbList","@id":"https:\/\/ceoactivismoforbesllyc.enforb.es\/pt-br\/ceo\/luis-guastini\/#breadcrumb","itemListElement":[{"@type":"ListItem","position":1,"name":"Home","item":"https:\/\/ceoactivismoforbesllyc.enforb.es\/pt-br\/"},{"@type":"ListItem","position":2,"name":"LUIS GUASTINI"}]},{"@type":"WebSite","@id":"https:\/\/ceoactivismoforbesllyc.enforb.es\/#website","url":"https:\/\/ceoactivismoforbesllyc.enforb.es\/","name":"CEO ACTIVISTA LATAM","description":"","potentialAction":[{"@type":"SearchAction","target":{"@type":"EntryPoint","urlTemplate":"https:\/\/ceoactivismoforbesllyc.enforb.es\/?s={search_term_string}"},"query-input":"required name=search_term_string"}],"inLanguage":"pt-BR"}]}},"_links":{"self":[{"href":"https:\/\/ceoactivismoforbesllyc.enforb.es\/pt-br\/wp-json\/wp\/v2\/ceo\/2749","targetHints":{"allow":["GET"]}}],"collection":[{"href":"https:\/\/ceoactivismoforbesllyc.enforb.es\/pt-br\/wp-json\/wp\/v2\/ceo"}],"about":[{"href":"https:\/\/ceoactivismoforbesllyc.enforb.es\/pt-br\/wp-json\/wp\/v2\/types\/ceo"}],"version-history":[{"count":1,"href":"https:\/\/ceoactivismoforbesllyc.enforb.es\/pt-br\/wp-json\/wp\/v2\/ceo\/2749\/revisions"}],"predecessor-version":[{"id":2750,"href":"https:\/\/ceoactivismoforbesllyc.enforb.es\/pt-br\/wp-json\/wp\/v2\/ceo\/2749\/revisions\/2750"}],"wp:featuredmedia":[{"embeddable":true,"href":"https:\/\/ceoactivismoforbesllyc.enforb.es\/pt-br\/wp-json\/wp\/v2\/media\/2701"}],"wp:attachment":[{"href":"https:\/\/ceoactivismoforbesllyc.enforb.es\/pt-br\/wp-json\/wp\/v2\/media?parent=2749"}],"curies":[{"name":"wp","href":"https:\/\/api.w.org\/{rel}","templated":true}]}}

<p>[vc_row equal_height=&#8221;yes&#8221;][vc_column][vc_column_text]É advogado formado pela Universidad de Buenos Aires, especializado em Gestão Estratégica de Recursos Humanos pela Universidad de San Andrés. Em junho de 2017, foi nomeado CEO e Presidente do ManpowerGroup Argentina. Desde 2019, é membro do Conselho de Administração do CEADS (Conselho Empresarial Argentino para o Desenvolvimento Sustentável).</p>
<p>Seu foco na gestão de talentos está evidente nos conteúdos que publica em suas redes sociais, onde promove temas de liderança com valores, integridade, equipes inclusivas e diversificadas, entre outros.</p>
<p>Luis publica regularmente em suas redes sociais.<br />
No Twitter, ele faz isso quase que diariamente e até várias vezes no mesmo dia. O tom de suas postagens é bem fácil de entender, com uma narrativa bastante focada em questões de liderança social, ética e transparência nos negócios. Ele consegue humanizar suas mensagens, falando sempre na primeira pessoa e, muitas vezes, usa o recurso de vídeo na primeira pessoa, filmando a si mesmo, expondo questões como a empregabilidade da juventude e a importância de desenvolver sociedades mais inclusivas. Ele sempre usa um tom simples e empático.[/vc_column_text][/vc_column][/vc_row][vc_row full_width=&#8221;stretch_row&#8221; css=&#8221;.vc_custom_1666034478243{padding-top: 5% !important;background-color: #0a263b !important;}&#8221;][vc_column][vc_single_image image=&#8221;2232&#8243; img_size=&#8221;full&#8221; alignment=&#8221;center&#8221; onclick=&#8221;zoom&#8221;][/vc_column][/vc_row]</p>

<!-- This site is optimized with the Yoast SEO plugin v20.12 - https://yoast.com/wordpress/plugins/seo/ -->
<title>LUIS GUASTINI - CEO ACTIVISTA LATAM</title>
<meta name="description" content="El CEO de ManpowerGroup es un ejemplo de CEO Activista gracias al foco que demuestra en la gestión del talento hablando de liderazgo, integidad e inclusión." />
<meta name="robots" content="index, follow, max-snippet:-1, max-image-preview:large, max-video-preview:-1" />
<link rel="canonical" href="https://ceoactivismoforbesllyc.enforb.es/pt-br/ceo/luis-guastini/" />
<meta property="og:locale" content="pt_BR" />
<meta property="og:type" content="article" />
<meta property="og:title" content="LUIS GUASTINI - CEO ACTIVISTA LATAM" />
<meta property="og:description" content="El CEO de ManpowerGroup es un ejemplo de CEO Activista gracias al foco que demuestra en la gestión del talento hablando de liderazgo, integidad e inclusión." />
<meta property="og:url" content="https://ceoactivismoforbesllyc.enforb.es/pt-br/ceo/luis-guastini/" />
<meta property="og:site_name" content="CEO ACTIVISTA LATAM" />
<meta property="article:modified_time" content="2023-01-19T16:57:56+00:00" />
<meta property="og:image" content="https://ceoactivismoforbesllyc.enforb.es/wp-content/uploads/2022/10/LUIS-GUASTINI.jpg" />
	<meta property="og:image:width" content="1080" />
	<meta property="og:image:height" content="900" />
	<meta property="og:image:type" content="image/jpeg" />
<meta name="twitter:card" content="summary_large_image" />
<meta name="twitter:label1" content="Est. tempo de leitura" />
	<meta name="twitter:data1" content="1 minuto" />
<script type="application/ld+json" class="yoast-schema-graph">{"@context":"https://schema.org","@graph":[{"@type":"WebPage","@id":"https://ceoactivismoforbesllyc.enforb.es/pt-br/ceo/luis-guastini/","url":"https://ceoactivismoforbesllyc.enforb.es/pt-br/ceo/luis-guastini/","name":"LUIS GUASTINI - CEO ACTIVISTA LATAM","isPartOf":{"@id":"https://ceoactivismoforbesllyc.enforb.es/#website"},"datePublished":"2022-10-03T23:12:57+00:00","dateModified":"2023-01-19T16:57:56+00:00","description":"El CEO de ManpowerGroup es un ejemplo de CEO Activista gracias al foco que demuestra en la gestión del talento hablando de liderazgo, integidad e inclusión.","breadcrumb":{"@id":"https://ceoactivismoforbesllyc.enforb.es/pt-br/ceo/luis-guastini/#breadcrumb"},"inLanguage":"pt-BR","potentialAction":[{"@type":"ReadAction","target":["https://ceoactivismoforbesllyc.enforb.es/pt-br/ceo/luis-guastini/"]}]},{"@type":"BreadcrumbList","@id":"https://ceoactivismoforbesllyc.enforb.es/pt-br/ceo/luis-guastini/#breadcrumb","itemListElement":[{"@type":"ListItem","position":1,"name":"Home","item":"https://ceoactivismoforbesllyc.enforb.es/pt-br/"},{"@type":"ListItem","position":2,"name":"LUIS GUASTINI"}]},{"@type":"WebSite","@id":"https://ceoactivismoforbesllyc.enforb.es/#website","url":"https://ceoactivismoforbesllyc.enforb.es/","name":"CEO ACTIVISTA LATAM","description":"","potentialAction":[{"@type":"SearchAction","target":{"@type":"EntryPoint","urlTemplate":"https://ceoactivismoforbesllyc.enforb.es/?s={search_term_string}"},"query-input":"required name=search_term_string"}],"inLanguage":"pt-BR"}]}</script>
<!-- / Yoast SEO plugin. -->

El CEO de ManpowerGroup es un ejemplo de CEO Activista gracias al foco que demuestra en la gestión del talento hablando de liderazgo, integidad e inclusión.
