{"id":2746,"date":"2022-10-03T22:52:01","date_gmt":"2022-10-03T22:52:01","guid":{"rendered":"https:\/\/ceoactivismoforbesllyc.enforb.es\/ceo\/sylvia-escovar-gomez\/"},"modified":"2023-01-19T10:50:10","modified_gmt":"2023-01-19T16:50:10","slug":"sylvia-escovar-gomez","status":"publish","type":"ceo","link":"https:\/\/ceoactivismoforbesllyc.enforb.es\/pt-br\/ceo\/sylvia-escovar-gomez\/","title":{"rendered":"SYLVIA ESCOVAR G\u00d3MEZ"},"content":{"rendered":"<p>[vc_row equal_height=&#8221;yes&#8221;][vc_column][vc_column_text]A narrativa do conte\u00fado de Escovar d\u00e1 foco \u00e0 lideran\u00e7a feminina, diversidade, igualdade de g\u00eanero, sa\u00fade sexual e meio ambiente. Ela faz den\u00fancias p\u00fablicas que denotam uma postura real e comprometida com as causas que defende.<br \/>\nParticipa ativamente no debate pol\u00edtico de forma construtiva e sem tomar partido fora do bem comum e do progresso da Col\u00f4mbia. Ela at\u00e9 parabeniza diretamente novos membros do gabinete, usando hashtags e arrobas, como forma de fortalecer uma rela\u00e7\u00e3o positiva com o novo governo.<\/p>\n<p>Ela se esfor\u00e7a para conectar e interagir com os principais perfis de opini\u00e3o sobre assuntos de lideran\u00e7a e empoderamento feminino, compartilhando conte\u00fado de mulheres que lideram a conversa nesses espa\u00e7os. Suas mensagens s\u00e3o humanizadas com uma linguagem e escrita f\u00e1ceis de entender nas redes sociais (sem seguir par\u00e2metros gramaticais ao p\u00e9 da letra), mostrando que \u00e9 ela quem publica com sua pr\u00f3pria voz e opini\u00e3o.<\/p>\n<p>O nome dessa economista \u00e9 um dos que mais se destacam no mundo empresarial colombiano, n\u00e3o s\u00f3 por sua gest\u00e3o \u00e0 frente da Terpel (oito anos na presid\u00eancia, 18 na organiza\u00e7\u00e3o), mas tamb\u00e9m por ter conquistado um importante espa\u00e7o em temas como igualdade de g\u00eanero, lideran\u00e7a e<em>gest\u00e3o&#8221;<sup>1<\/sup><\/em>, posicionando-a com uma das l\u00edderes empresariais mais conceituadas do pa\u00eds.<\/p>\n<p>&nbsp;<\/p>\n<p>&nbsp;<\/p>\n<p style=\"font-size: 10px; color: #f3615a;\"><sup>1<\/sup> <a href=\"https:\/\/www.elespectador.com\/economia\/sylvia-escovar-liderar-el-cambio-article\/\">https:\/\/www.elespectador.com\/economia\/sylvia-escovar-liderar-el-cambio-article\/<\/a><\/p>\n<p>[\/vc_column_text]<style type=\"text\/css\" data-type=\"the7_shortcodes-inline-css\">#default-btn-dca6a9b7993de3cde6776cfe88d71874.ico-right-side > i {\n  margin-right: 0px;\n  margin-left: 8px;\n}\n#default-btn-dca6a9b7993de3cde6776cfe88d71874 > i {\n  margin-right: 8px;\n}\n<\/style><div class=\"btn-align-center\"><a href=\"https:\/\/forbes.co\/2022\/11\/23\/negocios\/los-temas-de-sostenibilidad-se-volvieron-en-mi-vida-casi-que-una-razon-de-ser-una-razon-de-trabajar-en-las-companias\/\" class=\"default-btn-shortcode dt-btn dt-btn-l fadeInDown animate-element animation-builder link-hover-off  vc_custom_1669667679581\" target=\"_blank\" id=\"default-btn-dca6a9b7993de3cde6776cfe88d71874\" style=\"width:700px;\" rel=\"noopener\"><span>Ver entrevista<\/span><\/a><\/div>[\/vc_column][\/vc_row][vc_row full_width=&#8221;stretch_row&#8221; css=&#8221;.vc_custom_1666034478243{padding-top: 5% !important;background-color: #0a263b !important;}&#8221;][vc_column][vc_single_image image=&#8221;2231&#8243; img_size=&#8221;full&#8221; alignment=&#8221;center&#8221; onclick=&#8221;zoom&#8221;][\/vc_column][\/vc_row]<\/p>\n","protected":false},"featured_media":2681,"menu_order":0,"template":"","format":"standard","meta":{"content-type":"","_mi_skip_tracking":false,"_monsterinsights_sitenote_active":false,"_monsterinsights_sitenote_note":"","_monsterinsights_sitenote_category":0,"footnotes":""},"class_list":["post-2746","ceo","type-ceo","status-publish","format-standard","has-post-thumbnail","hentry","description-off"],"acf":[],"yoast_head":"<!-- This site is optimized with the Yoast SEO plugin v20.12 - https:\/\/yoast.com\/wordpress\/plugins\/seo\/ -->\n<title>SYLVIA ESCOVAR G\u00d3MEZ - CEO ACTIVISTA LATAM<\/title>\n<meta name=\"description\" content=\"La CEO de EPS Sanitas se ha posicionado como un ejemplo de CEO Activista gracias a su narrativa enfocada en diversidad, equidad de g\u00e9nero y medio ambiente.\" \/>\n<meta name=\"robots\" content=\"index, follow, max-snippet:-1, max-image-preview:large, max-video-preview:-1\" \/>\n<link rel=\"canonical\" href=\"https:\/\/ceoactivismoforbesllyc.enforb.es\/pt-br\/ceo\/sylvia-escovar-gomez\/\" \/>\n<meta property=\"og:locale\" content=\"pt_BR\" \/>\n<meta property=\"og:type\" content=\"article\" \/>\n<meta property=\"og:title\" content=\"SYLVIA ESCOVAR G\u00d3MEZ - CEO ACTIVISTA LATAM\" \/>\n<meta property=\"og:description\" content=\"La CEO de EPS Sanitas se ha posicionado como un ejemplo de CEO Activista gracias a su narrativa enfocada en diversidad, equidad de g\u00e9nero y medio ambiente.\" \/>\n<meta property=\"og:url\" content=\"https:\/\/ceoactivismoforbesllyc.enforb.es\/pt-br\/ceo\/sylvia-escovar-gomez\/\" \/>\n<meta property=\"og:site_name\" content=\"CEO ACTIVISTA LATAM\" \/>\n<meta property=\"article:modified_time\" content=\"2023-01-19T16:50:10+00:00\" \/>\n<meta property=\"og:image\" content=\"https:\/\/ceoactivismoforbesllyc.enforb.es\/wp-content\/uploads\/2022\/10\/forbes-15-scaled-1.jpg\" \/>\n\t<meta property=\"og:image:width\" content=\"2560\" \/>\n\t<meta property=\"og:image:height\" content=\"2184\" \/>\n\t<meta property=\"og:image:type\" content=\"image\/jpeg\" \/>\n<meta name=\"twitter:card\" content=\"summary_large_image\" \/>\n<meta name=\"twitter:label1\" content=\"Est. tempo de leitura\" \/>\n\t<meta name=\"twitter:data1\" content=\"2 minutos\" \/>\n<script type=\"application\/ld+json\" class=\"yoast-schema-graph\">{\"@context\":\"https:\/\/schema.org\",\"@graph\":[{\"@type\":\"WebPage\",\"@id\":\"https:\/\/ceoactivismoforbesllyc.enforb.es\/pt-br\/ceo\/sylvia-escovar-gomez\/\",\"url\":\"https:\/\/ceoactivismoforbesllyc.enforb.es\/pt-br\/ceo\/sylvia-escovar-gomez\/\",\"name\":\"SYLVIA ESCOVAR G\u00d3MEZ - CEO ACTIVISTA LATAM\",\"isPartOf\":{\"@id\":\"https:\/\/ceoactivismoforbesllyc.enforb.es\/#website\"},\"datePublished\":\"2022-10-03T22:52:01+00:00\",\"dateModified\":\"2023-01-19T16:50:10+00:00\",\"description\":\"La CEO de EPS Sanitas se ha posicionado como un ejemplo de CEO Activista gracias a su narrativa enfocada en diversidad, equidad de g\u00e9nero y medio ambiente.\",\"breadcrumb\":{\"@id\":\"https:\/\/ceoactivismoforbesllyc.enforb.es\/pt-br\/ceo\/sylvia-escovar-gomez\/#breadcrumb\"},\"inLanguage\":\"pt-BR\",\"potentialAction\":[{\"@type\":\"ReadAction\",\"target\":[\"https:\/\/ceoactivismoforbesllyc.enforb.es\/pt-br\/ceo\/sylvia-escovar-gomez\/\"]}]},{\"@type\":\"BreadcrumbList\",\"@id\":\"https:\/\/ceoactivismoforbesllyc.enforb.es\/pt-br\/ceo\/sylvia-escovar-gomez\/#breadcrumb\",\"itemListElement\":[{\"@type\":\"ListItem\",\"position\":1,\"name\":\"Home\",\"item\":\"https:\/\/ceoactivismoforbesllyc.enforb.es\/pt-br\/\"},{\"@type\":\"ListItem\",\"position\":2,\"name\":\"SYLVIA ESCOVAR G\u00d3MEZ\"}]},{\"@type\":\"WebSite\",\"@id\":\"https:\/\/ceoactivismoforbesllyc.enforb.es\/#website\",\"url\":\"https:\/\/ceoactivismoforbesllyc.enforb.es\/\",\"name\":\"CEO ACTIVISTA LATAM\",\"description\":\"\",\"potentialAction\":[{\"@type\":\"SearchAction\",\"target\":{\"@type\":\"EntryPoint\",\"urlTemplate\":\"https:\/\/ceoactivismoforbesllyc.enforb.es\/?s={search_term_string}\"},\"query-input\":\"required name=search_term_string\"}],\"inLanguage\":\"pt-BR\"}]}<\/script>\n<!-- \/ Yoast SEO plugin. -->","yoast_head_json":{"title":"SYLVIA ESCOVAR G\u00d3MEZ - CEO ACTIVISTA LATAM","description":"La CEO de EPS Sanitas se ha posicionado como un ejemplo de CEO Activista gracias a su narrativa enfocada en diversidad, equidad de g\u00e9nero y medio ambiente.","robots":{"index":"index","follow":"follow","max-snippet":"max-snippet:-1","max-image-preview":"max-image-preview:large","max-video-preview":"max-video-preview:-1"},"canonical":"https:\/\/ceoactivismoforbesllyc.enforb.es\/pt-br\/ceo\/sylvia-escovar-gomez\/","og_locale":"pt_BR","og_type":"article","og_title":"SYLVIA ESCOVAR G\u00d3MEZ - CEO ACTIVISTA LATAM","og_description":"La CEO de EPS Sanitas se ha posicionado como un ejemplo de CEO Activista gracias a su narrativa enfocada en diversidad, equidad de g\u00e9nero y medio ambiente.","og_url":"https:\/\/ceoactivismoforbesllyc.enforb.es\/pt-br\/ceo\/sylvia-escovar-gomez\/","og_site_name":"CEO ACTIVISTA LATAM","article_modified_time":"2023-01-19T16:50:10+00:00","og_image":[{"width":2560,"height":2184,"url":"https:\/\/ceoactivismoforbesllyc.enforb.es\/wp-content\/uploads\/2022\/10\/forbes-15-scaled-1.jpg","type":"image\/jpeg"}],"twitter_card":"summary_large_image","twitter_misc":{"Est. tempo de leitura":"2 minutos"},"schema":{"@context":"https:\/\/schema.org","@graph":[{"@type":"WebPage","@id":"https:\/\/ceoactivismoforbesllyc.enforb.es\/pt-br\/ceo\/sylvia-escovar-gomez\/","url":"https:\/\/ceoactivismoforbesllyc.enforb.es\/pt-br\/ceo\/sylvia-escovar-gomez\/","name":"SYLVIA ESCOVAR G\u00d3MEZ - CEO ACTIVISTA LATAM","isPartOf":{"@id":"https:\/\/ceoactivismoforbesllyc.enforb.es\/#website"},"datePublished":"2022-10-03T22:52:01+00:00","dateModified":"2023-01-19T16:50:10+00:00","description":"La CEO de EPS Sanitas se ha posicionado como un ejemplo de CEO Activista gracias a su narrativa enfocada en diversidad, equidad de g\u00e9nero y medio ambiente.","breadcrumb":{"@id":"https:\/\/ceoactivismoforbesllyc.enforb.es\/pt-br\/ceo\/sylvia-escovar-gomez\/#breadcrumb"},"inLanguage":"pt-BR","potentialAction":[{"@type":"ReadAction","target":["https:\/\/ceoactivismoforbesllyc.enforb.es\/pt-br\/ceo\/sylvia-escovar-gomez\/"]}]},{"@type":"BreadcrumbList","@id":"https:\/\/ceoactivismoforbesllyc.enforb.es\/pt-br\/ceo\/sylvia-escovar-gomez\/#breadcrumb","itemListElement":[{"@type":"ListItem","position":1,"name":"Home","item":"https:\/\/ceoactivismoforbesllyc.enforb.es\/pt-br\/"},{"@type":"ListItem","position":2,"name":"SYLVIA ESCOVAR G\u00d3MEZ"}]},{"@type":"WebSite","@id":"https:\/\/ceoactivismoforbesllyc.enforb.es\/#website","url":"https:\/\/ceoactivismoforbesllyc.enforb.es\/","name":"CEO ACTIVISTA LATAM","description":"","potentialAction":[{"@type":"SearchAction","target":{"@type":"EntryPoint","urlTemplate":"https:\/\/ceoactivismoforbesllyc.enforb.es\/?s={search_term_string}"},"query-input":"required name=search_term_string"}],"inLanguage":"pt-BR"}]}},"_links":{"self":[{"href":"https:\/\/ceoactivismoforbesllyc.enforb.es\/pt-br\/wp-json\/wp\/v2\/ceo\/2746","targetHints":{"allow":["GET"]}}],"collection":[{"href":"https:\/\/ceoactivismoforbesllyc.enforb.es\/pt-br\/wp-json\/wp\/v2\/ceo"}],"about":[{"href":"https:\/\/ceoactivismoforbesllyc.enforb.es\/pt-br\/wp-json\/wp\/v2\/types\/ceo"}],"version-history":[{"count":2,"href":"https:\/\/ceoactivismoforbesllyc.enforb.es\/pt-br\/wp-json\/wp\/v2\/ceo\/2746\/revisions"}],"predecessor-version":[{"id":2748,"href":"https:\/\/ceoactivismoforbesllyc.enforb.es\/pt-br\/wp-json\/wp\/v2\/ceo\/2746\/revisions\/2748"}],"wp:featuredmedia":[{"embeddable":true,"href":"https:\/\/ceoactivismoforbesllyc.enforb.es\/pt-br\/wp-json\/wp\/v2\/media\/2681"}],"wp:attachment":[{"href":"https:\/\/ceoactivismoforbesllyc.enforb.es\/pt-br\/wp-json\/wp\/v2\/media?parent=2746"}],"curies":[{"name":"wp","href":"https:\/\/api.w.org\/{rel}","templated":true}]}}

SYLVIA ESCOVAR GÓMEZ

<p>[vc_row equal_height=&#8221;yes&#8221;][vc_column][vc_column_text]A narrativa do conteúdo de Escovar dá foco à liderança feminina, diversidade, igualdade de gênero, saúde sexual e meio ambiente. Ela faz denúncias públicas que denotam uma postura real e comprometida com as causas que defende.<br />
Participa ativamente no debate político de forma construtiva e sem tomar partido fora do bem comum e do progresso da Colômbia. Ela até parabeniza diretamente novos membros do gabinete, usando hashtags e arrobas, como forma de fortalecer uma relação positiva com o novo governo.</p>
<p>Ela se esforça para conectar e interagir com os principais perfis de opinião sobre assuntos de liderança e empoderamento feminino, compartilhando conteúdo de mulheres que lideram a conversa nesses espaços. Suas mensagens são humanizadas com uma linguagem e escrita fáceis de entender nas redes sociais (sem seguir parâmetros gramaticais ao pé da letra), mostrando que é ela quem publica com sua própria voz e opinião.</p>
<p>O nome dessa economista é um dos que mais se destacam no mundo empresarial colombiano, não só por sua gestão à frente da Terpel (oito anos na presidência, 18 na organização), mas também por ter conquistado um importante espaço em temas como igualdade de gênero, liderança e<em>gestão&#8221;<sup>1</sup></em>, posicionando-a com uma das líderes empresariais mais conceituadas do país.</p>
<p>&nbsp;</p>
<p>&nbsp;</p>
<p style="font-size: 10px; color: #f3615a;"><sup>1</sup> <a href="https://www.elespectador.com/economia/sylvia-escovar-liderar-el-cambio-article/">https://www.elespectador.com/economia/sylvia-escovar-liderar-el-cambio-article/</a></p>
<p>[/vc_column_text]<style type="text/css" data-type="the7_shortcodes-inline-css">#default-btn-dca6a9b7993de3cde6776cfe88d71874.ico-right-side > i {
  margin-right: 0px;
  margin-left: 8px;
}
#default-btn-dca6a9b7993de3cde6776cfe88d71874 > i {
  margin-right: 8px;
}
</style><div class="btn-align-center"><a href="https://forbes.co/2022/11/23/negocios/los-temas-de-sostenibilidad-se-volvieron-en-mi-vida-casi-que-una-razon-de-ser-una-razon-de-trabajar-en-las-companias/" class="default-btn-shortcode dt-btn dt-btn-l fadeInDown animate-element animation-builder link-hover-off  vc_custom_1669667679581" target="_blank" id="default-btn-dca6a9b7993de3cde6776cfe88d71874" style="width:700px;" rel="noopener"><span>Ver entrevista</span></a></div>[/vc_column][/vc_row][vc_row full_width=&#8221;stretch_row&#8221; css=&#8221;.vc_custom_1666034478243{padding-top: 5% !important;background-color: #0a263b !important;}&#8221;][vc_column][vc_single_image image=&#8221;2231&#8243; img_size=&#8221;full&#8221; alignment=&#8221;center&#8221; onclick=&#8221;zoom&#8221;][/vc_column][/vc_row]</p>

<!-- This site is optimized with the Yoast SEO plugin v20.12 - https://yoast.com/wordpress/plugins/seo/ -->
<title>SYLVIA ESCOVAR GÓMEZ - CEO ACTIVISTA LATAM</title>
<meta name="description" content="La CEO de EPS Sanitas se ha posicionado como un ejemplo de CEO Activista gracias a su narrativa enfocada en diversidad, equidad de género y medio ambiente." />
<meta name="robots" content="index, follow, max-snippet:-1, max-image-preview:large, max-video-preview:-1" />
<link rel="canonical" href="https://ceoactivismoforbesllyc.enforb.es/pt-br/ceo/sylvia-escovar-gomez/" />
<meta property="og:locale" content="pt_BR" />
<meta property="og:type" content="article" />
<meta property="og:title" content="SYLVIA ESCOVAR GÓMEZ - CEO ACTIVISTA LATAM" />
<meta property="og:description" content="La CEO de EPS Sanitas se ha posicionado como un ejemplo de CEO Activista gracias a su narrativa enfocada en diversidad, equidad de género y medio ambiente." />
<meta property="og:url" content="https://ceoactivismoforbesllyc.enforb.es/pt-br/ceo/sylvia-escovar-gomez/" />
<meta property="og:site_name" content="CEO ACTIVISTA LATAM" />
<meta property="article:modified_time" content="2023-01-19T16:50:10+00:00" />
<meta property="og:image" content="https://ceoactivismoforbesllyc.enforb.es/wp-content/uploads/2022/10/forbes-15-scaled-1.jpg" />
	<meta property="og:image:width" content="2560" />
	<meta property="og:image:height" content="2184" />
	<meta property="og:image:type" content="image/jpeg" />
<meta name="twitter:card" content="summary_large_image" />
<meta name="twitter:label1" content="Est. tempo de leitura" />
	<meta name="twitter:data1" content="2 minutos" />
<script type="application/ld+json" class="yoast-schema-graph">{"@context":"https://schema.org","@graph":[{"@type":"WebPage","@id":"https://ceoactivismoforbesllyc.enforb.es/pt-br/ceo/sylvia-escovar-gomez/","url":"https://ceoactivismoforbesllyc.enforb.es/pt-br/ceo/sylvia-escovar-gomez/","name":"SYLVIA ESCOVAR GÓMEZ - CEO ACTIVISTA LATAM","isPartOf":{"@id":"https://ceoactivismoforbesllyc.enforb.es/#website"},"datePublished":"2022-10-03T22:52:01+00:00","dateModified":"2023-01-19T16:50:10+00:00","description":"La CEO de EPS Sanitas se ha posicionado como un ejemplo de CEO Activista gracias a su narrativa enfocada en diversidad, equidad de género y medio ambiente.","breadcrumb":{"@id":"https://ceoactivismoforbesllyc.enforb.es/pt-br/ceo/sylvia-escovar-gomez/#breadcrumb"},"inLanguage":"pt-BR","potentialAction":[{"@type":"ReadAction","target":["https://ceoactivismoforbesllyc.enforb.es/pt-br/ceo/sylvia-escovar-gomez/"]}]},{"@type":"BreadcrumbList","@id":"https://ceoactivismoforbesllyc.enforb.es/pt-br/ceo/sylvia-escovar-gomez/#breadcrumb","itemListElement":[{"@type":"ListItem","position":1,"name":"Home","item":"https://ceoactivismoforbesllyc.enforb.es/pt-br/"},{"@type":"ListItem","position":2,"name":"SYLVIA ESCOVAR GÓMEZ"}]},{"@type":"WebSite","@id":"https://ceoactivismoforbesllyc.enforb.es/#website","url":"https://ceoactivismoforbesllyc.enforb.es/","name":"CEO ACTIVISTA LATAM","description":"","potentialAction":[{"@type":"SearchAction","target":{"@type":"EntryPoint","urlTemplate":"https://ceoactivismoforbesllyc.enforb.es/?s={search_term_string}"},"query-input":"required name=search_term_string"}],"inLanguage":"pt-BR"}]}</script>
<!-- / Yoast SEO plugin. -->

SYLVIA ESCOVAR GÓMEZ - CEO ACTIVISTA LATAM

La CEO de EPS Sanitas se ha posicionado como un ejemplo de CEO Activista gracias a su narrativa enfocada en diversidad, equidad de género y medio ambiente.
