{"id":2743,"date":"2022-10-03T21:22:33","date_gmt":"2022-10-03T21:22:33","guid":{"rendered":"https:\/\/ceoactivismoforbesllyc.enforb.es\/ceo\/gianfranco-ferrari\/"},"modified":"2023-01-19T10:24:25","modified_gmt":"2023-01-19T16:24:25","slug":"gianfranco-ferrari","status":"publish","type":"ceo","link":"https:\/\/ceoactivismoforbesllyc.enforb.es\/pt-br\/ceo\/gianfranco-ferrari\/","title":{"rendered":"GIANFRANCO FERRARI"},"content":{"rendered":"<p>[vc_row equal_height=&#8221;yes&#8221; content_placement=&#8221;middle&#8221;][vc_column width=&#8221;1\/3&#8243; el_class=&#8221;imagen-movil&#8221; css=&#8221;.vc_custom_1664832153850{background-image: url(https:\/\/ceoactivismoforbesllyc.enforb.es\/wp-content\/uploads\/2022\/10\/Gianfranco-Ferrari-Credicorp-Capital.jpg?id=2139) !important;background-position: center !important;background-repeat: no-repeat !important;background-size: cover !important;}&#8221;][\/vc_column][vc_column width=&#8221;2\/3&#8243;][vc_column_text]Gianfranco \u00e9 formado em <em>Administra\u00e7\u00e3o<sup>1<\/sup><\/em>, pela Universidad del Pac\u00edfico, com MBA da Kellogg Graduate School of Management. Ele tem 27 anos de experi\u00eancia no Grupo Credicorp, onde trabalhou em diversos setores banc\u00e1rios, gerenciamento de patrim\u00f4nio, tecnologia e opera\u00e7\u00f5es, entre <em>outros<sup>2<\/sup><\/em>. Na perspectiva dele, a Credicorp est\u00e1 posicionada para ser uma empresa l\u00edder e promotora da inclus\u00e3o financeira e tamb\u00e9m afirma a import\u00e2ncia de saber negociar e gerenciar empresas em ambientes incertos por meio da execu\u00e7\u00e3o de decis\u00f5es <em>estrat\u00e9gicas<sup>3<\/sup><\/em>.<\/p>\n<p>Para a Ferrari, seu \u201cprop\u00f3sito \u00e9 alcan\u00e7ar um impacto positivo nas pessoas ao seu redor, no trabalho e na sociedade, de forma a ajudar a criar um Peru mais justo, inclusivo e <em>equitativo\u201d<sup>4<\/sup><\/em>. Por esta raz\u00e3o, ele copresidiu o Per\u00fa Sostenible 2022, o principal evento de sustentabilidade do Peru, que busca promover o progresso de todos os setores em dire\u00e7\u00e3o aos Objetivos de Desenvolvimento Sustent\u00e1vel (ODS).<\/p>\n<p>Al\u00e9m disso, Ferrari est\u00e1 comprometido com a inclus\u00e3o financeira e a redu\u00e7\u00e3o da desigualdade na Am\u00e9rica Latina, e isso \u00e9 transmitido em seus perfis com o lan\u00e7amento de Voces por la inclusi\u00f3n (Vozes pela inclus\u00e3o). Essa \u00e9 uma iniciativa da Credicorp para unir jovens talentosos da Am\u00e9rica Latina para acelerar as mudan\u00e7as por meio da digitaliza\u00e7\u00e3o, ajudando, assim, a construir uma sociedade mais justa.<\/p>\n<p>Ele usa as plataformas pessoais para convocar e convidar a comunidade digital a participar de eventos relacionados \u00e0s \u00e1reas de comunica\u00e7\u00e3o.<br \/>\nEste foi o caso do Per\u00fa Sostenible, evento que reuniu especialistas, autoridades, empres\u00e1rios, acad\u00eamicos e todos aqueles interessados em consolidar um pa\u00eds com mais oportunidades para todos.<\/p>\n<p>Com uma m\u00e9dia de 25 conte\u00fados por m\u00eas em cada rede social, o CEO da Credicorp refor\u00e7a seu compromisso como l\u00edder e sua participa\u00e7\u00e3o em diversos projetos e iniciativas que garantem o benef\u00edcio de todos e a constru\u00e7\u00e3o de um pa\u00eds melhor.<\/p>\n<p>Os exemplos citados permitem observar que suas publica\u00e7\u00f5es geram conversas, principalmente, com sentimento positivo:<\/p>\n<p>Seus conte\u00fados se concentram em suas duas contas principais: LinkedIn e Twitter. Nessas plataformas, sua abordagem \u00e9 voltada a a\u00e7\u00f5es e opini\u00f5es, principalmente sobre inclus\u00e3o financeira; educa\u00e7\u00e3o e sustentabilidade s\u00e3o temas que ele aborda em segundo grau de relev\u00e2ncia. Sua comunica\u00e7\u00e3o digital \u00e9 diferenciada, pois, al\u00e9m de falar sobre a atual conjuntura de forma positiva, o foco de suas mensagens \u00e9 a educa\u00e7\u00e3o para pessoas de baixa renda. No momento, sua principal mensagem est\u00e1 relacionada ao programa de Bolsas do Banco de Cr\u00e9dito del Per\u00fa<\/p>\n<p>&nbsp;<\/p>\n<p>&nbsp;<\/p>\n<p style=\"font-size: 10px; color: #f3615a;\"><sup>1<\/sup> <a href=\"https:\/\/www.facebook.com\/watch\/?v=960163107999745\"> https:\/\/www.facebook.com\/watch\/?v=960163107999745<\/a><\/p>\n<p style=\"font-size: 10px; color: #f3615a;\"><sup>2<\/sup> <a href=\"https:\/\/forbes.pe\/editors-pick\/2022-05-03\/credicorp-hay-una-correlacion-bien-alta-entre-inclusion-financiera\">https:\/\/forbes.pe\/editors-pick\/2022-05-03\/credicorp-hay-una-correlacion-bien-alta-entre-inclusion-financiera<\/a><br \/>\n-y-reduccion-de-la-pobreza\/<\/p>\n<p style=\"font-size: 10px; color: #f3615a;\"><sup>3<\/sup> <a href=\"https:\/\/www.latercera.com\/pulso\/noticia\/gianfranco-ferrari-la-vision-es-de-largo-plazo-continuar-creciendo-en\">https:\/\/www.latercera.com\/pulso\/noticia\/gianfranco-ferrari-la-vision-es-de-largo-plazo-continuar-creciendo-en<\/a><br \/>\n-chile-sea-organicamente-o-comprando-una-empresa\/67NMYQYAJNCMRMUK7JTU3M72DE\/<\/p>\n<p style=\"font-size: 10px; color: #f3615a;\"><sup>4<\/sup> <a href=\"https:\/\/www.youtube.com\/watch?v=q-VYuT1TiRM\">https:\/\/www.youtube.com\/watch?v=q-VYuT1TiRM<\/a><\/p>\n<p>[\/vc_column_text][\/vc_column][\/vc_row][vc_row full_width=&#8221;stretch_row&#8221; css=&#8221;.vc_custom_1666034478243{padding-top: 5% !important;background-color: #0a263b !important;}&#8221;][vc_column][vc_single_image image=&#8221;2230&#8243; img_size=&#8221;full&#8221; alignment=&#8221;center&#8221; onclick=&#8221;zoom&#8221;][\/vc_column][\/vc_row]<\/p>\n","protected":false},"featured_media":2679,"menu_order":0,"template":"","format":"standard","meta":{"content-type":"","_mi_skip_tracking":false,"_monsterinsights_sitenote_active":false,"_monsterinsights_sitenote_note":"","_monsterinsights_sitenote_category":0,"footnotes":""},"class_list":["post-2743","ceo","type-ceo","status-publish","format-standard","has-post-thumbnail","hentry","description-off"],"acf":[],"yoast_head":"<!-- This site is optimized with the Yoast SEO plugin v20.12 - https:\/\/yoast.com\/wordpress\/plugins\/seo\/ -->\n<title>GIANFRANCO FERRARI - CEO ACTIVISTA LATAM<\/title>\n<meta name=\"description\" content=\"El CEO de Credicorp en Per\u00fa se ha posicionado como un ejemplo de CEO Activista en LATAM gracias al enfoque educativo de su comunicaci\u00f3n digital.\" \/>\n<meta name=\"robots\" content=\"index, follow, max-snippet:-1, max-image-preview:large, max-video-preview:-1\" \/>\n<link rel=\"canonical\" href=\"https:\/\/ceoactivismoforbesllyc.enforb.es\/pt-br\/ceo\/gianfranco-ferrari\/\" \/>\n<meta property=\"og:locale\" content=\"pt_BR\" \/>\n<meta property=\"og:type\" content=\"article\" \/>\n<meta property=\"og:title\" content=\"GIANFRANCO FERRARI - CEO ACTIVISTA LATAM\" \/>\n<meta property=\"og:description\" content=\"El CEO de Credicorp en Per\u00fa se ha posicionado como un ejemplo de CEO Activista en LATAM gracias al enfoque educativo de su comunicaci\u00f3n digital.\" \/>\n<meta property=\"og:url\" content=\"https:\/\/ceoactivismoforbesllyc.enforb.es\/pt-br\/ceo\/gianfranco-ferrari\/\" \/>\n<meta property=\"og:site_name\" content=\"CEO ACTIVISTA LATAM\" \/>\n<meta property=\"article:modified_time\" content=\"2023-01-19T16:24:25+00:00\" \/>\n<meta property=\"og:image\" content=\"https:\/\/ceoactivismoforbesllyc.enforb.es\/wp-content\/uploads\/2022\/10\/Fotos-Gianfranco-Ferrari-Credicorp-4-1536x1024-1.jpeg\" \/>\n\t<meta property=\"og:image:width\" content=\"1536\" \/>\n\t<meta property=\"og:image:height\" content=\"1024\" \/>\n\t<meta property=\"og:image:type\" content=\"image\/jpeg\" \/>\n<meta name=\"twitter:card\" content=\"summary_large_image\" \/>\n<meta name=\"twitter:label1\" content=\"Est. tempo de leitura\" \/>\n\t<meta name=\"twitter:data1\" content=\"2 minutos\" \/>\n<script type=\"application\/ld+json\" class=\"yoast-schema-graph\">{\"@context\":\"https:\/\/schema.org\",\"@graph\":[{\"@type\":\"WebPage\",\"@id\":\"https:\/\/ceoactivismoforbesllyc.enforb.es\/pt-br\/ceo\/gianfranco-ferrari\/\",\"url\":\"https:\/\/ceoactivismoforbesllyc.enforb.es\/pt-br\/ceo\/gianfranco-ferrari\/\",\"name\":\"GIANFRANCO FERRARI - CEO ACTIVISTA LATAM\",\"isPartOf\":{\"@id\":\"https:\/\/ceoactivismoforbesllyc.enforb.es\/#website\"},\"datePublished\":\"2022-10-03T21:22:33+00:00\",\"dateModified\":\"2023-01-19T16:24:25+00:00\",\"description\":\"El CEO de Credicorp en Per\u00fa se ha posicionado como un ejemplo de CEO Activista en LATAM gracias al enfoque educativo de su comunicaci\u00f3n digital.\",\"breadcrumb\":{\"@id\":\"https:\/\/ceoactivismoforbesllyc.enforb.es\/pt-br\/ceo\/gianfranco-ferrari\/#breadcrumb\"},\"inLanguage\":\"pt-BR\",\"potentialAction\":[{\"@type\":\"ReadAction\",\"target\":[\"https:\/\/ceoactivismoforbesllyc.enforb.es\/pt-br\/ceo\/gianfranco-ferrari\/\"]}]},{\"@type\":\"BreadcrumbList\",\"@id\":\"https:\/\/ceoactivismoforbesllyc.enforb.es\/pt-br\/ceo\/gianfranco-ferrari\/#breadcrumb\",\"itemListElement\":[{\"@type\":\"ListItem\",\"position\":1,\"name\":\"Home\",\"item\":\"https:\/\/ceoactivismoforbesllyc.enforb.es\/pt-br\/\"},{\"@type\":\"ListItem\",\"position\":2,\"name\":\"GIANFRANCO FERRARI\"}]},{\"@type\":\"WebSite\",\"@id\":\"https:\/\/ceoactivismoforbesllyc.enforb.es\/#website\",\"url\":\"https:\/\/ceoactivismoforbesllyc.enforb.es\/\",\"name\":\"CEO ACTIVISTA LATAM\",\"description\":\"\",\"potentialAction\":[{\"@type\":\"SearchAction\",\"target\":{\"@type\":\"EntryPoint\",\"urlTemplate\":\"https:\/\/ceoactivismoforbesllyc.enforb.es\/?s={search_term_string}\"},\"query-input\":\"required name=search_term_string\"}],\"inLanguage\":\"pt-BR\"}]}<\/script>\n<!-- \/ Yoast SEO plugin. -->","yoast_head_json":{"title":"GIANFRANCO FERRARI - CEO ACTIVISTA LATAM","description":"El CEO de Credicorp en Per\u00fa se ha posicionado como un ejemplo de CEO Activista en LATAM gracias al enfoque educativo de su comunicaci\u00f3n digital.","robots":{"index":"index","follow":"follow","max-snippet":"max-snippet:-1","max-image-preview":"max-image-preview:large","max-video-preview":"max-video-preview:-1"},"canonical":"https:\/\/ceoactivismoforbesllyc.enforb.es\/pt-br\/ceo\/gianfranco-ferrari\/","og_locale":"pt_BR","og_type":"article","og_title":"GIANFRANCO FERRARI - CEO ACTIVISTA LATAM","og_description":"El CEO de Credicorp en Per\u00fa se ha posicionado como un ejemplo de CEO Activista en LATAM gracias al enfoque educativo de su comunicaci\u00f3n digital.","og_url":"https:\/\/ceoactivismoforbesllyc.enforb.es\/pt-br\/ceo\/gianfranco-ferrari\/","og_site_name":"CEO ACTIVISTA LATAM","article_modified_time":"2023-01-19T16:24:25+00:00","og_image":[{"width":1536,"height":1024,"url":"https:\/\/ceoactivismoforbesllyc.enforb.es\/wp-content\/uploads\/2022\/10\/Fotos-Gianfranco-Ferrari-Credicorp-4-1536x1024-1.jpeg","type":"image\/jpeg"}],"twitter_card":"summary_large_image","twitter_misc":{"Est. tempo de leitura":"2 minutos"},"schema":{"@context":"https:\/\/schema.org","@graph":[{"@type":"WebPage","@id":"https:\/\/ceoactivismoforbesllyc.enforb.es\/pt-br\/ceo\/gianfranco-ferrari\/","url":"https:\/\/ceoactivismoforbesllyc.enforb.es\/pt-br\/ceo\/gianfranco-ferrari\/","name":"GIANFRANCO FERRARI - CEO ACTIVISTA LATAM","isPartOf":{"@id":"https:\/\/ceoactivismoforbesllyc.enforb.es\/#website"},"datePublished":"2022-10-03T21:22:33+00:00","dateModified":"2023-01-19T16:24:25+00:00","description":"El CEO de Credicorp en Per\u00fa se ha posicionado como un ejemplo de CEO Activista en LATAM gracias al enfoque educativo de su comunicaci\u00f3n digital.","breadcrumb":{"@id":"https:\/\/ceoactivismoforbesllyc.enforb.es\/pt-br\/ceo\/gianfranco-ferrari\/#breadcrumb"},"inLanguage":"pt-BR","potentialAction":[{"@type":"ReadAction","target":["https:\/\/ceoactivismoforbesllyc.enforb.es\/pt-br\/ceo\/gianfranco-ferrari\/"]}]},{"@type":"BreadcrumbList","@id":"https:\/\/ceoactivismoforbesllyc.enforb.es\/pt-br\/ceo\/gianfranco-ferrari\/#breadcrumb","itemListElement":[{"@type":"ListItem","position":1,"name":"Home","item":"https:\/\/ceoactivismoforbesllyc.enforb.es\/pt-br\/"},{"@type":"ListItem","position":2,"name":"GIANFRANCO FERRARI"}]},{"@type":"WebSite","@id":"https:\/\/ceoactivismoforbesllyc.enforb.es\/#website","url":"https:\/\/ceoactivismoforbesllyc.enforb.es\/","name":"CEO ACTIVISTA LATAM","description":"","potentialAction":[{"@type":"SearchAction","target":{"@type":"EntryPoint","urlTemplate":"https:\/\/ceoactivismoforbesllyc.enforb.es\/?s={search_term_string}"},"query-input":"required name=search_term_string"}],"inLanguage":"pt-BR"}]}},"_links":{"self":[{"href":"https:\/\/ceoactivismoforbesllyc.enforb.es\/pt-br\/wp-json\/wp\/v2\/ceo\/2743","targetHints":{"allow":["GET"]}}],"collection":[{"href":"https:\/\/ceoactivismoforbesllyc.enforb.es\/pt-br\/wp-json\/wp\/v2\/ceo"}],"about":[{"href":"https:\/\/ceoactivismoforbesllyc.enforb.es\/pt-br\/wp-json\/wp\/v2\/types\/ceo"}],"version-history":[{"count":2,"href":"https:\/\/ceoactivismoforbesllyc.enforb.es\/pt-br\/wp-json\/wp\/v2\/ceo\/2743\/revisions"}],"predecessor-version":[{"id":2745,"href":"https:\/\/ceoactivismoforbesllyc.enforb.es\/pt-br\/wp-json\/wp\/v2\/ceo\/2743\/revisions\/2745"}],"wp:featuredmedia":[{"embeddable":true,"href":"https:\/\/ceoactivismoforbesllyc.enforb.es\/pt-br\/wp-json\/wp\/v2\/media\/2679"}],"wp:attachment":[{"href":"https:\/\/ceoactivismoforbesllyc.enforb.es\/pt-br\/wp-json\/wp\/v2\/media?parent=2743"}],"curies":[{"name":"wp","href":"https:\/\/api.w.org\/{rel}","templated":true}]}}

<p>[vc_row equal_height=&#8221;yes&#8221; content_placement=&#8221;middle&#8221;][vc_column width=&#8221;1/3&#8243; el_class=&#8221;imagen-movil&#8221; css=&#8221;.vc_custom_1664832153850{background-image: url(https://ceoactivismoforbesllyc.enforb.es/wp-content/uploads/2022/10/Gianfranco-Ferrari-Credicorp-Capital.jpg?id=2139) !important;background-position: center !important;background-repeat: no-repeat !important;background-size: cover !important;}&#8221;][/vc_column][vc_column width=&#8221;2/3&#8243;][vc_column_text]Gianfranco é formado em <em>Administração<sup>1</sup></em>, pela Universidad del Pacífico, com MBA da Kellogg Graduate School of Management. Ele tem 27 anos de experiência no Grupo Credicorp, onde trabalhou em diversos setores bancários, gerenciamento de patrimônio, tecnologia e operações, entre <em>outros<sup>2</sup></em>. Na perspectiva dele, a Credicorp está posicionada para ser uma empresa líder e promotora da inclusão financeira e também afirma a importância de saber negociar e gerenciar empresas em ambientes incertos por meio da execução de decisões <em>estratégicas<sup>3</sup></em>.</p>
<p>Para a Ferrari, seu “propósito é alcançar um impacto positivo nas pessoas ao seu redor, no trabalho e na sociedade, de forma a ajudar a criar um Peru mais justo, inclusivo e <em>equitativo”<sup>4</sup></em>. Por esta razão, ele copresidiu o Perú Sostenible 2022, o principal evento de sustentabilidade do Peru, que busca promover o progresso de todos os setores em direção aos Objetivos de Desenvolvimento Sustentável (ODS).</p>
<p>Além disso, Ferrari está comprometido com a inclusão financeira e a redução da desigualdade na América Latina, e isso é transmitido em seus perfis com o lançamento de Voces por la inclusión (Vozes pela inclusão). Essa é uma iniciativa da Credicorp para unir jovens talentosos da América Latina para acelerar as mudanças por meio da digitalização, ajudando, assim, a construir uma sociedade mais justa.</p>
<p>Ele usa as plataformas pessoais para convocar e convidar a comunidade digital a participar de eventos relacionados às áreas de comunicação.<br />
Este foi o caso do Perú Sostenible, evento que reuniu especialistas, autoridades, empresários, acadêmicos e todos aqueles interessados em consolidar um país com mais oportunidades para todos.</p>
<p>Com uma média de 25 conteúdos por mês em cada rede social, o CEO da Credicorp reforça seu compromisso como líder e sua participação em diversos projetos e iniciativas que garantem o benefício de todos e a construção de um país melhor.</p>
<p>Os exemplos citados permitem observar que suas publicações geram conversas, principalmente, com sentimento positivo:</p>
<p>Seus conteúdos se concentram em suas duas contas principais: LinkedIn e Twitter. Nessas plataformas, sua abordagem é voltada a ações e opiniões, principalmente sobre inclusão financeira; educação e sustentabilidade são temas que ele aborda em segundo grau de relevância. Sua comunicação digital é diferenciada, pois, além de falar sobre a atual conjuntura de forma positiva, o foco de suas mensagens é a educação para pessoas de baixa renda. No momento, sua principal mensagem está relacionada ao programa de Bolsas do Banco de Crédito del Perú</p>
<p>&nbsp;</p>
<p>&nbsp;</p>
<p style="font-size: 10px; color: #f3615a;"><sup>1</sup> <a href="https://www.facebook.com/watch/?v=960163107999745"> https://www.facebook.com/watch/?v=960163107999745</a></p>
<p style="font-size: 10px; color: #f3615a;"><sup>2</sup> <a href="https://forbes.pe/editors-pick/2022-05-03/credicorp-hay-una-correlacion-bien-alta-entre-inclusion-financiera">https://forbes.pe/editors-pick/2022-05-03/credicorp-hay-una-correlacion-bien-alta-entre-inclusion-financiera</a><br />
-y-reduccion-de-la-pobreza/</p>
<p style="font-size: 10px; color: #f3615a;"><sup>3</sup> <a href="https://www.latercera.com/pulso/noticia/gianfranco-ferrari-la-vision-es-de-largo-plazo-continuar-creciendo-en">https://www.latercera.com/pulso/noticia/gianfranco-ferrari-la-vision-es-de-largo-plazo-continuar-creciendo-en</a><br />
-chile-sea-organicamente-o-comprando-una-empresa/67NMYQYAJNCMRMUK7JTU3M72DE/</p>
<p style="font-size: 10px; color: #f3615a;"><sup>4</sup> <a href="https://www.youtube.com/watch?v=q-VYuT1TiRM">https://www.youtube.com/watch?v=q-VYuT1TiRM</a></p>
<p>[/vc_column_text][/vc_column][/vc_row][vc_row full_width=&#8221;stretch_row&#8221; css=&#8221;.vc_custom_1666034478243{padding-top: 5% !important;background-color: #0a263b !important;}&#8221;][vc_column][vc_single_image image=&#8221;2230&#8243; img_size=&#8221;full&#8221; alignment=&#8221;center&#8221; onclick=&#8221;zoom&#8221;][/vc_column][/vc_row]</p>

<!-- This site is optimized with the Yoast SEO plugin v20.12 - https://yoast.com/wordpress/plugins/seo/ -->
<title>GIANFRANCO FERRARI - CEO ACTIVISTA LATAM</title>
<meta name="description" content="El CEO de Credicorp en Perú se ha posicionado como un ejemplo de CEO Activista en LATAM gracias al enfoque educativo de su comunicación digital." />
<meta name="robots" content="index, follow, max-snippet:-1, max-image-preview:large, max-video-preview:-1" />
<link rel="canonical" href="https://ceoactivismoforbesllyc.enforb.es/pt-br/ceo/gianfranco-ferrari/" />
<meta property="og:locale" content="pt_BR" />
<meta property="og:type" content="article" />
<meta property="og:title" content="GIANFRANCO FERRARI - CEO ACTIVISTA LATAM" />
<meta property="og:description" content="El CEO de Credicorp en Perú se ha posicionado como un ejemplo de CEO Activista en LATAM gracias al enfoque educativo de su comunicación digital." />
<meta property="og:url" content="https://ceoactivismoforbesllyc.enforb.es/pt-br/ceo/gianfranco-ferrari/" />
<meta property="og:site_name" content="CEO ACTIVISTA LATAM" />
<meta property="article:modified_time" content="2023-01-19T16:24:25+00:00" />
<meta property="og:image" content="https://ceoactivismoforbesllyc.enforb.es/wp-content/uploads/2022/10/Fotos-Gianfranco-Ferrari-Credicorp-4-1536x1024-1.jpeg" />
	<meta property="og:image:width" content="1536" />
	<meta property="og:image:height" content="1024" />
	<meta property="og:image:type" content="image/jpeg" />
<meta name="twitter:card" content="summary_large_image" />
<meta name="twitter:label1" content="Est. tempo de leitura" />
	<meta name="twitter:data1" content="2 minutos" />
<script type="application/ld+json" class="yoast-schema-graph">{"@context":"https://schema.org","@graph":[{"@type":"WebPage","@id":"https://ceoactivismoforbesllyc.enforb.es/pt-br/ceo/gianfranco-ferrari/","url":"https://ceoactivismoforbesllyc.enforb.es/pt-br/ceo/gianfranco-ferrari/","name":"GIANFRANCO FERRARI - CEO ACTIVISTA LATAM","isPartOf":{"@id":"https://ceoactivismoforbesllyc.enforb.es/#website"},"datePublished":"2022-10-03T21:22:33+00:00","dateModified":"2023-01-19T16:24:25+00:00","description":"El CEO de Credicorp en Perú se ha posicionado como un ejemplo de CEO Activista en LATAM gracias al enfoque educativo de su comunicación digital.","breadcrumb":{"@id":"https://ceoactivismoforbesllyc.enforb.es/pt-br/ceo/gianfranco-ferrari/#breadcrumb"},"inLanguage":"pt-BR","potentialAction":[{"@type":"ReadAction","target":["https://ceoactivismoforbesllyc.enforb.es/pt-br/ceo/gianfranco-ferrari/"]}]},{"@type":"BreadcrumbList","@id":"https://ceoactivismoforbesllyc.enforb.es/pt-br/ceo/gianfranco-ferrari/#breadcrumb","itemListElement":[{"@type":"ListItem","position":1,"name":"Home","item":"https://ceoactivismoforbesllyc.enforb.es/pt-br/"},{"@type":"ListItem","position":2,"name":"GIANFRANCO FERRARI"}]},{"@type":"WebSite","@id":"https://ceoactivismoforbesllyc.enforb.es/#website","url":"https://ceoactivismoforbesllyc.enforb.es/","name":"CEO ACTIVISTA LATAM","description":"","potentialAction":[{"@type":"SearchAction","target":{"@type":"EntryPoint","urlTemplate":"https://ceoactivismoforbesllyc.enforb.es/?s={search_term_string}"},"query-input":"required name=search_term_string"}],"inLanguage":"pt-BR"}]}</script>
<!-- / Yoast SEO plugin. -->

El CEO de Credicorp en Perú se ha posicionado como un ejemplo de CEO Activista en LATAM gracias al enfoque educativo de su comunicación digital.
