{"id":2741,"date":"2022-10-03T20:54:04","date_gmt":"2022-10-03T20:54:04","guid":{"rendered":"https:\/\/ceoactivismoforbesllyc.enforb.es\/ceo\/cristina-palmaka\/"},"modified":"2023-01-19T10:07:34","modified_gmt":"2023-01-19T16:07:34","slug":"cristina-palmaka","status":"publish","type":"ceo","link":"https:\/\/ceoactivismoforbesllyc.enforb.es\/pt-br\/ceo\/cristina-palmaka\/","title":{"rendered":"CRISTINA PALMAKA"},"content":{"rendered":"<p>[vc_row equal_height=&#8221;yes&#8221;][vc_column][vc_column_text]Palmaka tem mais de 30 anos de experi\u00eancia no setor de tecnologia e expressa o compromisso da empresa que lidera em promover a representa\u00e7\u00e3o, ainda escassa, das mulheres latinoamericanas no mundo dos dados.<\/p>\n<p>Desde meados de 2020, ela \u00e9 respons\u00e1vel pela opera\u00e7\u00e3o da SAP na Am\u00e9rica Latina e no Caribe, tornando-se um \u00edcone do profissionalismo feminino na <em>regi\u00e3o<sup>1<\/sup><\/em>.<\/p>\n<p>A executiva \u00e9 a favor do desenvolvimento latinoamericano na transforma\u00e7\u00e3o digital, que tem impacto nos neg\u00f3cios e na vida das pessoas.<br \/>\nPara Pamalka, as empresas que priorizam igualmente os tr\u00eas componentes (pessoas, planeta e renda) hoje ter\u00e3o mais vantagens em uma economia cada vez mais competitiva e globalizada.<\/p>\n<p>Um aspecto importante \u00e9 que sua lideran\u00e7a e influ\u00eancia como representante m\u00e1xima da SAP tem aumentado sua visibilidade em ve\u00edculos de m\u00eddia internacionais (Forbes, Expansi\u00f3n, etc.) com mensagens sobre diversidade e inclus\u00e3o; inspirando as pessoas do empreendimento, startups e pequenas empresas que querem crescer com a transforma\u00e7\u00e3o <em>digital<sup>2<\/sup><\/em>.<\/p>\n<p>Do grupo que analisamos (18 empreendedores), Palmaka \u00e9 a CEO com melhor desempenho em seu ecossistema digital, levando em conta seu alto n\u00edvel de RE (7,6%), seu alto n\u00famero de seguidores e o conte\u00fado de interesse para sua comunidade, al\u00e9m de sua presen\u00e7a em importantes m\u00eddias digitais. O conte\u00fado que publica, apresentando-a como l\u00edder socialmente respons\u00e1vel na Am\u00e9rica Latina, a ajuda a se posicionar como l\u00edder do setor.<\/p>\n<p>&nbsp;<\/p>\n<p>&nbsp;<\/p>\n<p style=\"font-size: 10px; color: #f3615a;\"><sup>1<\/sup> <a href=\"https:\/\/tynmagazine.com\/cuatro-mujeres-lideran-la-revolucion-digital\/\"> https:\/\/tynmagazine.com\/cuatro-mujeres-lideran-la-revolucion-digital\/<\/a><\/p>\n<p style=\"font-size: 10px; color: #f3615a;\"><sup>2<\/sup> <a href=\"https:\/\/www.portafolio.co\/negocios\/empresas\/empresas-colombianas-lideres-en-estrategias-de-sostenibilidad-565743\">https:\/\/www.portafolio.co\/negocios\/empresas\/empresas-colombianas-lideres-en-estrategias-de-sostenibilidad-565743<\/a><\/p>\n<p>[\/vc_column_text][\/vc_column][\/vc_row][vc_row full_width=&#8221;stretch_row&#8221; css=&#8221;.vc_custom_1666034478243{padding-top: 5% !important;background-color: #0a263b !important;}&#8221;][vc_column][vc_single_image image=&#8221;2229&#8243; img_size=&#8221;full&#8221; alignment=&#8221;center&#8221; onclick=&#8221;zoom&#8221;][\/vc_column][\/vc_row]<\/p>\n","protected":false},"featured_media":2678,"menu_order":0,"template":"","format":"standard","meta":{"content-type":"","_mi_skip_tracking":false,"_monsterinsights_sitenote_active":false,"_monsterinsights_sitenote_note":"","_monsterinsights_sitenote_category":0,"footnotes":""},"class_list":["post-2741","ceo","type-ceo","status-publish","format-standard","has-post-thumbnail","hentry","description-off"],"acf":[],"yoast_head":"<!-- This site is optimized with the Yoast SEO plugin v20.12 - https:\/\/yoast.com\/wordpress\/plugins\/seo\/ -->\n<title>CRISTINA PALMAKA - CEO ACTIVISTA LATAM<\/title>\n<meta name=\"description\" content=\"La CEO de SAP en LATAM se ha posicionado como un ejemplo de CEO Activista gracias al performance en su ecosistema digital, su nivel de engagement y seguidores.\" \/>\n<meta name=\"robots\" content=\"index, follow, max-snippet:-1, max-image-preview:large, max-video-preview:-1\" \/>\n<link rel=\"canonical\" href=\"https:\/\/ceoactivismoforbesllyc.enforb.es\/pt-br\/ceo\/cristina-palmaka\/\" \/>\n<meta property=\"og:locale\" content=\"pt_BR\" \/>\n<meta property=\"og:type\" content=\"article\" \/>\n<meta property=\"og:title\" content=\"CRISTINA PALMAKA - CEO ACTIVISTA LATAM\" \/>\n<meta property=\"og:description\" content=\"La CEO de SAP en LATAM se ha posicionado como un ejemplo de CEO Activista gracias al performance en su ecosistema digital, su nivel de engagement y seguidores.\" \/>\n<meta property=\"og:url\" content=\"https:\/\/ceoactivismoforbesllyc.enforb.es\/pt-br\/ceo\/cristina-palmaka\/\" \/>\n<meta property=\"og:site_name\" content=\"CEO ACTIVISTA LATAM\" \/>\n<meta property=\"article:modified_time\" content=\"2023-01-19T16:07:34+00:00\" \/>\n<meta property=\"og:image\" content=\"https:\/\/ceoactivismoforbesllyc.enforb.es\/wp-content\/uploads\/2022\/10\/Cristina_Palmaka-2-11_SAP-Pioneers-story.jpeg\" \/>\n\t<meta property=\"og:image:width\" content=\"1600\" \/>\n\t<meta property=\"og:image:height\" content=\"1066\" \/>\n\t<meta property=\"og:image:type\" content=\"image\/jpeg\" \/>\n<meta name=\"twitter:card\" content=\"summary_large_image\" \/>\n<meta name=\"twitter:label1\" content=\"Est. tempo de leitura\" \/>\n\t<meta name=\"twitter:data1\" content=\"2 minutos\" \/>\n<script type=\"application\/ld+json\" class=\"yoast-schema-graph\">{\"@context\":\"https:\/\/schema.org\",\"@graph\":[{\"@type\":\"WebPage\",\"@id\":\"https:\/\/ceoactivismoforbesllyc.enforb.es\/pt-br\/ceo\/cristina-palmaka\/\",\"url\":\"https:\/\/ceoactivismoforbesllyc.enforb.es\/pt-br\/ceo\/cristina-palmaka\/\",\"name\":\"CRISTINA PALMAKA - CEO ACTIVISTA LATAM\",\"isPartOf\":{\"@id\":\"https:\/\/ceoactivismoforbesllyc.enforb.es\/#website\"},\"datePublished\":\"2022-10-03T20:54:04+00:00\",\"dateModified\":\"2023-01-19T16:07:34+00:00\",\"description\":\"La CEO de SAP en LATAM se ha posicionado como un ejemplo de CEO Activista gracias al performance en su ecosistema digital, su nivel de engagement y seguidores.\",\"breadcrumb\":{\"@id\":\"https:\/\/ceoactivismoforbesllyc.enforb.es\/pt-br\/ceo\/cristina-palmaka\/#breadcrumb\"},\"inLanguage\":\"pt-BR\",\"potentialAction\":[{\"@type\":\"ReadAction\",\"target\":[\"https:\/\/ceoactivismoforbesllyc.enforb.es\/pt-br\/ceo\/cristina-palmaka\/\"]}]},{\"@type\":\"BreadcrumbList\",\"@id\":\"https:\/\/ceoactivismoforbesllyc.enforb.es\/pt-br\/ceo\/cristina-palmaka\/#breadcrumb\",\"itemListElement\":[{\"@type\":\"ListItem\",\"position\":1,\"name\":\"Home\",\"item\":\"https:\/\/ceoactivismoforbesllyc.enforb.es\/pt-br\/\"},{\"@type\":\"ListItem\",\"position\":2,\"name\":\"CRISTINA PALMAKA\"}]},{\"@type\":\"WebSite\",\"@id\":\"https:\/\/ceoactivismoforbesllyc.enforb.es\/#website\",\"url\":\"https:\/\/ceoactivismoforbesllyc.enforb.es\/\",\"name\":\"CEO ACTIVISTA LATAM\",\"description\":\"\",\"potentialAction\":[{\"@type\":\"SearchAction\",\"target\":{\"@type\":\"EntryPoint\",\"urlTemplate\":\"https:\/\/ceoactivismoforbesllyc.enforb.es\/?s={search_term_string}\"},\"query-input\":\"required name=search_term_string\"}],\"inLanguage\":\"pt-BR\"}]}<\/script>\n<!-- \/ Yoast SEO plugin. -->","yoast_head_json":{"title":"CRISTINA PALMAKA - CEO ACTIVISTA LATAM","description":"La CEO de SAP en LATAM se ha posicionado como un ejemplo de CEO Activista gracias al performance en su ecosistema digital, su nivel de engagement y seguidores.","robots":{"index":"index","follow":"follow","max-snippet":"max-snippet:-1","max-image-preview":"max-image-preview:large","max-video-preview":"max-video-preview:-1"},"canonical":"https:\/\/ceoactivismoforbesllyc.enforb.es\/pt-br\/ceo\/cristina-palmaka\/","og_locale":"pt_BR","og_type":"article","og_title":"CRISTINA PALMAKA - CEO ACTIVISTA LATAM","og_description":"La CEO de SAP en LATAM se ha posicionado como un ejemplo de CEO Activista gracias al performance en su ecosistema digital, su nivel de engagement y seguidores.","og_url":"https:\/\/ceoactivismoforbesllyc.enforb.es\/pt-br\/ceo\/cristina-palmaka\/","og_site_name":"CEO ACTIVISTA LATAM","article_modified_time":"2023-01-19T16:07:34+00:00","og_image":[{"width":1600,"height":1066,"url":"https:\/\/ceoactivismoforbesllyc.enforb.es\/wp-content\/uploads\/2022\/10\/Cristina_Palmaka-2-11_SAP-Pioneers-story.jpeg","type":"image\/jpeg"}],"twitter_card":"summary_large_image","twitter_misc":{"Est. tempo de leitura":"2 minutos"},"schema":{"@context":"https:\/\/schema.org","@graph":[{"@type":"WebPage","@id":"https:\/\/ceoactivismoforbesllyc.enforb.es\/pt-br\/ceo\/cristina-palmaka\/","url":"https:\/\/ceoactivismoforbesllyc.enforb.es\/pt-br\/ceo\/cristina-palmaka\/","name":"CRISTINA PALMAKA - CEO ACTIVISTA LATAM","isPartOf":{"@id":"https:\/\/ceoactivismoforbesllyc.enforb.es\/#website"},"datePublished":"2022-10-03T20:54:04+00:00","dateModified":"2023-01-19T16:07:34+00:00","description":"La CEO de SAP en LATAM se ha posicionado como un ejemplo de CEO Activista gracias al performance en su ecosistema digital, su nivel de engagement y seguidores.","breadcrumb":{"@id":"https:\/\/ceoactivismoforbesllyc.enforb.es\/pt-br\/ceo\/cristina-palmaka\/#breadcrumb"},"inLanguage":"pt-BR","potentialAction":[{"@type":"ReadAction","target":["https:\/\/ceoactivismoforbesllyc.enforb.es\/pt-br\/ceo\/cristina-palmaka\/"]}]},{"@type":"BreadcrumbList","@id":"https:\/\/ceoactivismoforbesllyc.enforb.es\/pt-br\/ceo\/cristina-palmaka\/#breadcrumb","itemListElement":[{"@type":"ListItem","position":1,"name":"Home","item":"https:\/\/ceoactivismoforbesllyc.enforb.es\/pt-br\/"},{"@type":"ListItem","position":2,"name":"CRISTINA PALMAKA"}]},{"@type":"WebSite","@id":"https:\/\/ceoactivismoforbesllyc.enforb.es\/#website","url":"https:\/\/ceoactivismoforbesllyc.enforb.es\/","name":"CEO ACTIVISTA LATAM","description":"","potentialAction":[{"@type":"SearchAction","target":{"@type":"EntryPoint","urlTemplate":"https:\/\/ceoactivismoforbesllyc.enforb.es\/?s={search_term_string}"},"query-input":"required name=search_term_string"}],"inLanguage":"pt-BR"}]}},"_links":{"self":[{"href":"https:\/\/ceoactivismoforbesllyc.enforb.es\/pt-br\/wp-json\/wp\/v2\/ceo\/2741","targetHints":{"allow":["GET"]}}],"collection":[{"href":"https:\/\/ceoactivismoforbesllyc.enforb.es\/pt-br\/wp-json\/wp\/v2\/ceo"}],"about":[{"href":"https:\/\/ceoactivismoforbesllyc.enforb.es\/pt-br\/wp-json\/wp\/v2\/types\/ceo"}],"version-history":[{"count":1,"href":"https:\/\/ceoactivismoforbesllyc.enforb.es\/pt-br\/wp-json\/wp\/v2\/ceo\/2741\/revisions"}],"predecessor-version":[{"id":2742,"href":"https:\/\/ceoactivismoforbesllyc.enforb.es\/pt-br\/wp-json\/wp\/v2\/ceo\/2741\/revisions\/2742"}],"wp:featuredmedia":[{"embeddable":true,"href":"https:\/\/ceoactivismoforbesllyc.enforb.es\/pt-br\/wp-json\/wp\/v2\/media\/2678"}],"wp:attachment":[{"href":"https:\/\/ceoactivismoforbesllyc.enforb.es\/pt-br\/wp-json\/wp\/v2\/media?parent=2741"}],"curies":[{"name":"wp","href":"https:\/\/api.w.org\/{rel}","templated":true}]}}

<p>[vc_row equal_height=&#8221;yes&#8221;][vc_column][vc_column_text]Palmaka tem mais de 30 anos de experiência no setor de tecnologia e expressa o compromisso da empresa que lidera em promover a representação, ainda escassa, das mulheres latinoamericanas no mundo dos dados.</p>
<p>Desde meados de 2020, ela é responsável pela operação da SAP na América Latina e no Caribe, tornando-se um ícone do profissionalismo feminino na <em>região<sup>1</sup></em>.</p>
<p>A executiva é a favor do desenvolvimento latinoamericano na transformação digital, que tem impacto nos negócios e na vida das pessoas.<br />
Para Pamalka, as empresas que priorizam igualmente os três componentes (pessoas, planeta e renda) hoje terão mais vantagens em uma economia cada vez mais competitiva e globalizada.</p>
<p>Um aspecto importante é que sua liderança e influência como representante máxima da SAP tem aumentado sua visibilidade em veículos de mídia internacionais (Forbes, Expansión, etc.) com mensagens sobre diversidade e inclusão; inspirando as pessoas do empreendimento, startups e pequenas empresas que querem crescer com a transformação <em>digital<sup>2</sup></em>.</p>
<p>Do grupo que analisamos (18 empreendedores), Palmaka é a CEO com melhor desempenho em seu ecossistema digital, levando em conta seu alto nível de RE (7,6%), seu alto número de seguidores e o conteúdo de interesse para sua comunidade, além de sua presença em importantes mídias digitais. O conteúdo que publica, apresentando-a como líder socialmente responsável na América Latina, a ajuda a se posicionar como líder do setor.</p>
<p>&nbsp;</p>
<p>&nbsp;</p>
<p style="font-size: 10px; color: #f3615a;"><sup>1</sup> <a href="https://tynmagazine.com/cuatro-mujeres-lideran-la-revolucion-digital/"> https://tynmagazine.com/cuatro-mujeres-lideran-la-revolucion-digital/</a></p>
<p style="font-size: 10px; color: #f3615a;"><sup>2</sup> <a href="https://www.portafolio.co/negocios/empresas/empresas-colombianas-lideres-en-estrategias-de-sostenibilidad-565743">https://www.portafolio.co/negocios/empresas/empresas-colombianas-lideres-en-estrategias-de-sostenibilidad-565743</a></p>
<p>[/vc_column_text][/vc_column][/vc_row][vc_row full_width=&#8221;stretch_row&#8221; css=&#8221;.vc_custom_1666034478243{padding-top: 5% !important;background-color: #0a263b !important;}&#8221;][vc_column][vc_single_image image=&#8221;2229&#8243; img_size=&#8221;full&#8221; alignment=&#8221;center&#8221; onclick=&#8221;zoom&#8221;][/vc_column][/vc_row]</p>
