{"id":2738,"date":"2022-10-03T20:39:51","date_gmt":"2022-10-03T20:39:51","guid":{"rendered":"https:\/\/ceoactivismoforbesllyc.enforb.es\/ceo\/alfredo-perez-gubbins\/"},"modified":"2023-01-19T09:56:37","modified_gmt":"2023-01-19T15:56:37","slug":"alfredo-perez-gubbins","status":"publish","type":"ceo","link":"https:\/\/ceoactivismoforbesllyc.enforb.es\/pt-br\/ceo\/alfredo-perez-gubbins\/","title":{"rendered":"ALFREDO P\u00c9REZ GUBBINS"},"content":{"rendered":"<p>[vc_row equal_height=&#8221;yes&#8221; content_placement=&#8221;middle&#8221;][vc_column width=&#8221;1\/3&#8243; el_class=&#8221;imagen-movil&#8221; css=&#8221;.vc_custom_1664829593273{background-image: url(https:\/\/ceoactivismoforbesllyc.enforb.es\/wp-content\/uploads\/2022\/10\/forbes-14.jpg?id=2131) !important;background-position: center !important;background-repeat: no-repeat !important;background-size: cover !important;}&#8221;][\/vc_column][vc_column width=&#8221;2\/3&#8243;][vc_column_text]Alfredo P\u00e9rez Gubbins, economista e mestre em Administra\u00e7\u00e3o de Empresas pela Universidade da Pensilv\u00e2nia, ele tem uma vasta experi\u00eancia em finan\u00e7as corporativas e estrat\u00e9gia empresarial. Como resultado, ele atuou como diretor do Banca de Inversi\u00f3n en Citibank del Per\u00fa SA, Gerente Geral do Grupo Romero e, atualmente, \u00e9 o Gerente Geral da <em>Alicorp<sup>1<\/sup><\/em>.<\/p>\n<p>Ele tamb\u00e9m fala sobre sua vis\u00e3o de desenvolvimento em mercados e neg\u00f3cios, por meio da constante transforma\u00e7\u00e3o da organiza\u00e7\u00e3o em modelos mais inovadores e digitalizados.<br \/>\nL\u00edder que apoia iniciativas com prop\u00f3sito, como a #HackatonAlicorp, que visa fornecer solu\u00e7\u00f5es por meio de dados e tecnologia aos seus clientes B2B, e #OllasQueDesarrollan, que apoia popula\u00e7\u00f5es de baixa renda com alimenta\u00e7\u00e3o b\u00e1sica e treinamento financeiro.<\/p>\n<p>O CEO da <em>Alicorp<sup>2<\/sup><\/em>, empresa dedicada ao consumo em massa de alimentos, \u00e9 um caso interessante de ativismo. Entre os principais temas dos seus conte\u00fados, P\u00e9rez Gubbins promove a iniciativa &#8220;Ollas que Desarrollan&#8221; (Panelas que crescem), cujo objetivo \u00e9 apoiar popula\u00e7\u00f5es vulner\u00e1veis com alimenta\u00e7\u00e3o b\u00e1sica e equipamentos, fortalecendo tamb\u00e9m o treinamento e a compet\u00eancia do cidad\u00e3o comum no Peru. P\u00e9rez Gubbins tamb\u00e9m usa suas redes sociais pessoais, como o Linkedin e <em>Twitter<sup>3<\/sup><\/em>\u00a0para convidar empresas, organiza\u00e7\u00f5es e a comunidade em geral a participarem do movimento, motivando mais aliados a ajudar pessoas em situa\u00e7\u00e3o de vulnerabilidade.<\/p>\n<p>Outro tema do seu conte\u00fado \u00e9 a transforma\u00e7\u00e3o digital. Como um dos principais objetivos da empresa \u00e9 fornecer solu\u00e7\u00f5es aos seus clientes por meio de dados e tecnologia, P\u00e9rez Gubbins compartilha conte\u00fados com a evolu\u00e7\u00e3o digital sendo dos principais condutores da sua estrat\u00e9gia. Iniciativas com finalidade digital, como a Hackathon, \u00e9 um dos exemplos claros desse tipo de publica\u00e7\u00e3o.<\/p>\n<p>Com uma m\u00e9dia de 7 conte\u00fados por m\u00eas por plataforma, o empreendedor publica mensagens no Linkedin, no Twitter e em seu blog pessoal alinhadas a \u00e1reas como transforma\u00e7\u00e3o digital, lideran\u00e7a e trabalho em equipe. Isso deixa claro como seu compromisso com as necessidades atuais e a ind\u00fastria geram espa\u00e7os para um di\u00e1logo ativo e d\u00e1 visibilidade sobre temas de interesse, como a evolu\u00e7\u00e3o digital e responsabilidade social.<\/p>\n<p>Os exemplos citados permitem observar que suas publica\u00e7\u00f5es geram conversas, principalmente, de sentimento neutro\/positivo:<\/p>\n<p>&nbsp;<\/p>\n<p>&nbsp;<\/p>\n<p style=\"font-size: 10px; color: #f3615a;\"><sup>1<\/sup> <a href=\"https:\/\/alfredoperezg.com\/sobre-mi\/\">https:\/\/alfredoperezg.com\/sobre-mi\/<\/a><\/p>\n<p style=\"font-size: 10px; color: #f3615a;\"><sup>2<\/sup> <a href=\"https:\/\/alfredoperezg.com\/ollas-que-desarrollan-nuestro-compromiso-para-fortalecer-las-ollas-comunes-del-pais\/\">https:\/\/alfredoperezg.com\/ollas-que-desarrollan-nuestro-compromiso-para-fortalecer-las-ollas-comunes-del-pais\/<\/a><\/p>\n<p style=\"font-size: 10px; color: #f3615a;\"><sup>3<\/sup> <a href=\"https:\/\/twitter.com\/alfredoperezgub\">https:\/\/twitter.com\/alfredoperezgub<\/a><\/p>\n<p>[\/vc_column_text]<style type=\"text\/css\" data-type=\"the7_shortcodes-inline-css\">#default-btn-4d692cdd73d46d39891c39058df30c9b.ico-right-side > i {\n  margin-right: 0px;\n  margin-left: 8px;\n}\n#default-btn-4d692cdd73d46d39891c39058df30c9b > i {\n  margin-right: 8px;\n}\n<\/style><div class=\"btn-align-center\"><a href=\"https:\/\/forbes.pe\/sostenibilidad\/2022-12-22\/alicorp-tener-una-mirada-de-largo-plazo-es-la-mejor-manera-de-generar-valor\/\" class=\"default-btn-shortcode dt-btn dt-btn-l fadeInDown animate-element animation-builder link-hover-off full-width-btn  vc_custom_1673286021037\" target=\"_blank\" id=\"default-btn-4d692cdd73d46d39891c39058df30c9b\" rel=\"noopener\"><span>Ver entrevista<\/span><\/a><\/div>[\/vc_column][\/vc_row][vc_row full_width=&#8221;stretch_row&#8221; css=&#8221;.vc_custom_1666034478243{padding-top: 5% !important;background-color: #0a263b !important;}&#8221;][vc_column][vc_single_image image=&#8221;2228&#8243; img_size=&#8221;full&#8221; alignment=&#8221;center&#8221; onclick=&#8221;zoom&#8221;][\/vc_column][\/vc_row]<\/p>\n","protected":false},"featured_media":2676,"menu_order":0,"template":"","format":"standard","meta":{"content-type":"","_mi_skip_tracking":false,"_monsterinsights_sitenote_active":false,"_monsterinsights_sitenote_note":"","_monsterinsights_sitenote_category":0,"footnotes":""},"class_list":["post-2738","ceo","type-ceo","status-publish","format-standard","has-post-thumbnail","hentry","description-off"],"acf":[],"yoast_head":"<!-- This site is optimized with the Yoast SEO plugin v20.12 - https:\/\/yoast.com\/wordpress\/plugins\/seo\/ -->\n<title>ALFREDO P\u00c9REZ GUBBINS - CEO ACTIVISTA LATAM<\/title>\n<meta name=\"description\" content=\"El CEO de Alicorp Per\u00fa es un ejemplo de CEO Activista al brindar espacios de di\u00e1logo y visibilidad en temas como la evoluci\u00f3n digital y responsabilidad social\" \/>\n<meta name=\"robots\" content=\"index, follow, max-snippet:-1, max-image-preview:large, max-video-preview:-1\" \/>\n<link rel=\"canonical\" href=\"https:\/\/ceoactivismoforbesllyc.enforb.es\/pt-br\/ceo\/alfredo-perez-gubbins\/\" \/>\n<meta property=\"og:locale\" content=\"pt_BR\" \/>\n<meta property=\"og:type\" content=\"article\" \/>\n<meta property=\"og:title\" content=\"ALFREDO P\u00c9REZ GUBBINS - CEO ACTIVISTA LATAM\" \/>\n<meta property=\"og:description\" content=\"El CEO de Alicorp Per\u00fa es un ejemplo de CEO Activista al brindar espacios de di\u00e1logo y visibilidad en temas como la evoluci\u00f3n digital y responsabilidad social\" \/>\n<meta property=\"og:url\" content=\"https:\/\/ceoactivismoforbesllyc.enforb.es\/pt-br\/ceo\/alfredo-perez-gubbins\/\" \/>\n<meta property=\"og:site_name\" content=\"CEO ACTIVISTA LATAM\" \/>\n<meta property=\"article:modified_time\" content=\"2023-01-19T15:56:37+00:00\" \/>\n<meta property=\"og:image\" content=\"https:\/\/ceoactivismoforbesllyc.enforb.es\/wp-content\/uploads\/2022\/10\/forbes-13.jpg\" \/>\n\t<meta property=\"og:image:width\" content=\"1200\" \/>\n\t<meta property=\"og:image:height\" content=\"641\" \/>\n\t<meta property=\"og:image:type\" content=\"image\/jpeg\" \/>\n<meta name=\"twitter:card\" content=\"summary_large_image\" \/>\n<meta name=\"twitter:label1\" content=\"Est. tempo de leitura\" \/>\n\t<meta name=\"twitter:data1\" content=\"2 minutos\" \/>\n<script type=\"application\/ld+json\" class=\"yoast-schema-graph\">{\"@context\":\"https:\/\/schema.org\",\"@graph\":[{\"@type\":\"WebPage\",\"@id\":\"https:\/\/ceoactivismoforbesllyc.enforb.es\/pt-br\/ceo\/alfredo-perez-gubbins\/\",\"url\":\"https:\/\/ceoactivismoforbesllyc.enforb.es\/pt-br\/ceo\/alfredo-perez-gubbins\/\",\"name\":\"ALFREDO P\u00c9REZ GUBBINS - CEO ACTIVISTA LATAM\",\"isPartOf\":{\"@id\":\"https:\/\/ceoactivismoforbesllyc.enforb.es\/#website\"},\"datePublished\":\"2022-10-03T20:39:51+00:00\",\"dateModified\":\"2023-01-19T15:56:37+00:00\",\"description\":\"El CEO de Alicorp Per\u00fa es un ejemplo de CEO Activista al brindar espacios de di\u00e1logo y visibilidad en temas como la evoluci\u00f3n digital y responsabilidad social\",\"breadcrumb\":{\"@id\":\"https:\/\/ceoactivismoforbesllyc.enforb.es\/pt-br\/ceo\/alfredo-perez-gubbins\/#breadcrumb\"},\"inLanguage\":\"pt-BR\",\"potentialAction\":[{\"@type\":\"ReadAction\",\"target\":[\"https:\/\/ceoactivismoforbesllyc.enforb.es\/pt-br\/ceo\/alfredo-perez-gubbins\/\"]}]},{\"@type\":\"BreadcrumbList\",\"@id\":\"https:\/\/ceoactivismoforbesllyc.enforb.es\/pt-br\/ceo\/alfredo-perez-gubbins\/#breadcrumb\",\"itemListElement\":[{\"@type\":\"ListItem\",\"position\":1,\"name\":\"Home\",\"item\":\"https:\/\/ceoactivismoforbesllyc.enforb.es\/pt-br\/\"},{\"@type\":\"ListItem\",\"position\":2,\"name\":\"ALFREDO P\u00c9REZ GUBBINS\"}]},{\"@type\":\"WebSite\",\"@id\":\"https:\/\/ceoactivismoforbesllyc.enforb.es\/#website\",\"url\":\"https:\/\/ceoactivismoforbesllyc.enforb.es\/\",\"name\":\"CEO ACTIVISTA LATAM\",\"description\":\"\",\"potentialAction\":[{\"@type\":\"SearchAction\",\"target\":{\"@type\":\"EntryPoint\",\"urlTemplate\":\"https:\/\/ceoactivismoforbesllyc.enforb.es\/?s={search_term_string}\"},\"query-input\":\"required name=search_term_string\"}],\"inLanguage\":\"pt-BR\"}]}<\/script>\n<!-- \/ Yoast SEO plugin. -->","yoast_head_json":{"title":"ALFREDO P\u00c9REZ GUBBINS - CEO ACTIVISTA LATAM","description":"El CEO de Alicorp Per\u00fa es un ejemplo de CEO Activista al brindar espacios de di\u00e1logo y visibilidad en temas como la evoluci\u00f3n digital y responsabilidad social","robots":{"index":"index","follow":"follow","max-snippet":"max-snippet:-1","max-image-preview":"max-image-preview:large","max-video-preview":"max-video-preview:-1"},"canonical":"https:\/\/ceoactivismoforbesllyc.enforb.es\/pt-br\/ceo\/alfredo-perez-gubbins\/","og_locale":"pt_BR","og_type":"article","og_title":"ALFREDO P\u00c9REZ GUBBINS - CEO ACTIVISTA LATAM","og_description":"El CEO de Alicorp Per\u00fa es un ejemplo de CEO Activista al brindar espacios de di\u00e1logo y visibilidad en temas como la evoluci\u00f3n digital y responsabilidad social","og_url":"https:\/\/ceoactivismoforbesllyc.enforb.es\/pt-br\/ceo\/alfredo-perez-gubbins\/","og_site_name":"CEO ACTIVISTA LATAM","article_modified_time":"2023-01-19T15:56:37+00:00","og_image":[{"width":1200,"height":641,"url":"https:\/\/ceoactivismoforbesllyc.enforb.es\/wp-content\/uploads\/2022\/10\/forbes-13.jpg","type":"image\/jpeg"}],"twitter_card":"summary_large_image","twitter_misc":{"Est. tempo de leitura":"2 minutos"},"schema":{"@context":"https:\/\/schema.org","@graph":[{"@type":"WebPage","@id":"https:\/\/ceoactivismoforbesllyc.enforb.es\/pt-br\/ceo\/alfredo-perez-gubbins\/","url":"https:\/\/ceoactivismoforbesllyc.enforb.es\/pt-br\/ceo\/alfredo-perez-gubbins\/","name":"ALFREDO P\u00c9REZ GUBBINS - CEO ACTIVISTA LATAM","isPartOf":{"@id":"https:\/\/ceoactivismoforbesllyc.enforb.es\/#website"},"datePublished":"2022-10-03T20:39:51+00:00","dateModified":"2023-01-19T15:56:37+00:00","description":"El CEO de Alicorp Per\u00fa es un ejemplo de CEO Activista al brindar espacios de di\u00e1logo y visibilidad en temas como la evoluci\u00f3n digital y responsabilidad social","breadcrumb":{"@id":"https:\/\/ceoactivismoforbesllyc.enforb.es\/pt-br\/ceo\/alfredo-perez-gubbins\/#breadcrumb"},"inLanguage":"pt-BR","potentialAction":[{"@type":"ReadAction","target":["https:\/\/ceoactivismoforbesllyc.enforb.es\/pt-br\/ceo\/alfredo-perez-gubbins\/"]}]},{"@type":"BreadcrumbList","@id":"https:\/\/ceoactivismoforbesllyc.enforb.es\/pt-br\/ceo\/alfredo-perez-gubbins\/#breadcrumb","itemListElement":[{"@type":"ListItem","position":1,"name":"Home","item":"https:\/\/ceoactivismoforbesllyc.enforb.es\/pt-br\/"},{"@type":"ListItem","position":2,"name":"ALFREDO P\u00c9REZ GUBBINS"}]},{"@type":"WebSite","@id":"https:\/\/ceoactivismoforbesllyc.enforb.es\/#website","url":"https:\/\/ceoactivismoforbesllyc.enforb.es\/","name":"CEO ACTIVISTA LATAM","description":"","potentialAction":[{"@type":"SearchAction","target":{"@type":"EntryPoint","urlTemplate":"https:\/\/ceoactivismoforbesllyc.enforb.es\/?s={search_term_string}"},"query-input":"required name=search_term_string"}],"inLanguage":"pt-BR"}]}},"_links":{"self":[{"href":"https:\/\/ceoactivismoforbesllyc.enforb.es\/pt-br\/wp-json\/wp\/v2\/ceo\/2738","targetHints":{"allow":["GET"]}}],"collection":[{"href":"https:\/\/ceoactivismoforbesllyc.enforb.es\/pt-br\/wp-json\/wp\/v2\/ceo"}],"about":[{"href":"https:\/\/ceoactivismoforbesllyc.enforb.es\/pt-br\/wp-json\/wp\/v2\/types\/ceo"}],"version-history":[{"count":2,"href":"https:\/\/ceoactivismoforbesllyc.enforb.es\/pt-br\/wp-json\/wp\/v2\/ceo\/2738\/revisions"}],"predecessor-version":[{"id":2740,"href":"https:\/\/ceoactivismoforbesllyc.enforb.es\/pt-br\/wp-json\/wp\/v2\/ceo\/2738\/revisions\/2740"}],"wp:featuredmedia":[{"embeddable":true,"href":"https:\/\/ceoactivismoforbesllyc.enforb.es\/pt-br\/wp-json\/wp\/v2\/media\/2676"}],"wp:attachment":[{"href":"https:\/\/ceoactivismoforbesllyc.enforb.es\/pt-br\/wp-json\/wp\/v2\/media?parent=2738"}],"curies":[{"name":"wp","href":"https:\/\/api.w.org\/{rel}","templated":true}]}}

ALFREDO PÉREZ GUBBINS

<p>[vc_row equal_height=&#8221;yes&#8221; content_placement=&#8221;middle&#8221;][vc_column width=&#8221;1/3&#8243; el_class=&#8221;imagen-movil&#8221; css=&#8221;.vc_custom_1664829593273{background-image: url(https://ceoactivismoforbesllyc.enforb.es/wp-content/uploads/2022/10/forbes-14.jpg?id=2131) !important;background-position: center !important;background-repeat: no-repeat !important;background-size: cover !important;}&#8221;][/vc_column][vc_column width=&#8221;2/3&#8243;][vc_column_text]Alfredo Pérez Gubbins, economista e mestre em Administração de Empresas pela Universidade da Pensilvânia, ele tem uma vasta experiência em finanças corporativas e estratégia empresarial. Como resultado, ele atuou como diretor do Banca de Inversión en Citibank del Perú SA, Gerente Geral do Grupo Romero e, atualmente, é o Gerente Geral da <em>Alicorp<sup>1</sup></em>.</p>
<p>Ele também fala sobre sua visão de desenvolvimento em mercados e negócios, por meio da constante transformação da organização em modelos mais inovadores e digitalizados.<br />
Líder que apoia iniciativas com propósito, como a #HackatonAlicorp, que visa fornecer soluções por meio de dados e tecnologia aos seus clientes B2B, e #OllasQueDesarrollan, que apoia populações de baixa renda com alimentação básica e treinamento financeiro.</p>
<p>O CEO da <em>Alicorp<sup>2</sup></em>, empresa dedicada ao consumo em massa de alimentos, é um caso interessante de ativismo. Entre os principais temas dos seus conteúdos, Pérez Gubbins promove a iniciativa &#8220;Ollas que Desarrollan&#8221; (Panelas que crescem), cujo objetivo é apoiar populações vulneráveis com alimentação básica e equipamentos, fortalecendo também o treinamento e a competência do cidadão comum no Peru. Pérez Gubbins também usa suas redes sociais pessoais, como o Linkedin e <em>Twitter<sup>3</sup></em> para convidar empresas, organizações e a comunidade em geral a participarem do movimento, motivando mais aliados a ajudar pessoas em situação de vulnerabilidade.</p>
<p>Outro tema do seu conteúdo é a transformação digital. Como um dos principais objetivos da empresa é fornecer soluções aos seus clientes por meio de dados e tecnologia, Pérez Gubbins compartilha conteúdos com a evolução digital sendo dos principais condutores da sua estratégia. Iniciativas com finalidade digital, como a Hackathon, é um dos exemplos claros desse tipo de publicação.</p>
<p>Com uma média de 7 conteúdos por mês por plataforma, o empreendedor publica mensagens no Linkedin, no Twitter e em seu blog pessoal alinhadas a áreas como transformação digital, liderança e trabalho em equipe. Isso deixa claro como seu compromisso com as necessidades atuais e a indústria geram espaços para um diálogo ativo e dá visibilidade sobre temas de interesse, como a evolução digital e responsabilidade social.</p>
<p>Os exemplos citados permitem observar que suas publicações geram conversas, principalmente, de sentimento neutro/positivo:</p>
<p>&nbsp;</p>
<p>&nbsp;</p>
<p style="font-size: 10px; color: #f3615a;"><sup>1</sup> <a href="https://alfredoperezg.com/sobre-mi/">https://alfredoperezg.com/sobre-mi/</a></p>
<p style="font-size: 10px; color: #f3615a;"><sup>2</sup> <a href="https://alfredoperezg.com/ollas-que-desarrollan-nuestro-compromiso-para-fortalecer-las-ollas-comunes-del-pais/">https://alfredoperezg.com/ollas-que-desarrollan-nuestro-compromiso-para-fortalecer-las-ollas-comunes-del-pais/</a></p>
<p style="font-size: 10px; color: #f3615a;"><sup>3</sup> <a href="https://twitter.com/alfredoperezgub">https://twitter.com/alfredoperezgub</a></p>
<p>[/vc_column_text]<style type="text/css" data-type="the7_shortcodes-inline-css">#default-btn-4d692cdd73d46d39891c39058df30c9b.ico-right-side > i {
  margin-right: 0px;
  margin-left: 8px;
}
#default-btn-4d692cdd73d46d39891c39058df30c9b > i {
  margin-right: 8px;
}
</style><div class="btn-align-center"><a href="https://forbes.pe/sostenibilidad/2022-12-22/alicorp-tener-una-mirada-de-largo-plazo-es-la-mejor-manera-de-generar-valor/" class="default-btn-shortcode dt-btn dt-btn-l fadeInDown animate-element animation-builder link-hover-off full-width-btn  vc_custom_1673286021037" target="_blank" id="default-btn-4d692cdd73d46d39891c39058df30c9b" rel="noopener"><span>Ver entrevista</span></a></div>[/vc_column][/vc_row][vc_row full_width=&#8221;stretch_row&#8221; css=&#8221;.vc_custom_1666034478243{padding-top: 5% !important;background-color: #0a263b !important;}&#8221;][vc_column][vc_single_image image=&#8221;2228&#8243; img_size=&#8221;full&#8221; alignment=&#8221;center&#8221; onclick=&#8221;zoom&#8221;][/vc_column][/vc_row]</p>

<!-- This site is optimized with the Yoast SEO plugin v20.12 - https://yoast.com/wordpress/plugins/seo/ -->
<title>ALFREDO PÉREZ GUBBINS - CEO ACTIVISTA LATAM</title>
<meta name="description" content="El CEO de Alicorp Perú es un ejemplo de CEO Activista al brindar espacios de diálogo y visibilidad en temas como la evolución digital y responsabilidad social" />
<meta name="robots" content="index, follow, max-snippet:-1, max-image-preview:large, max-video-preview:-1" />
<link rel="canonical" href="https://ceoactivismoforbesllyc.enforb.es/pt-br/ceo/alfredo-perez-gubbins/" />
<meta property="og:locale" content="pt_BR" />
<meta property="og:type" content="article" />
<meta property="og:title" content="ALFREDO PÉREZ GUBBINS - CEO ACTIVISTA LATAM" />
<meta property="og:description" content="El CEO de Alicorp Perú es un ejemplo de CEO Activista al brindar espacios de diálogo y visibilidad en temas como la evolución digital y responsabilidad social" />
<meta property="og:url" content="https://ceoactivismoforbesllyc.enforb.es/pt-br/ceo/alfredo-perez-gubbins/" />
<meta property="og:site_name" content="CEO ACTIVISTA LATAM" />
<meta property="article:modified_time" content="2023-01-19T15:56:37+00:00" />
<meta property="og:image" content="https://ceoactivismoforbesllyc.enforb.es/wp-content/uploads/2022/10/forbes-13.jpg" />
	<meta property="og:image:width" content="1200" />
	<meta property="og:image:height" content="641" />
	<meta property="og:image:type" content="image/jpeg" />
<meta name="twitter:card" content="summary_large_image" />
<meta name="twitter:label1" content="Est. tempo de leitura" />
	<meta name="twitter:data1" content="2 minutos" />
<script type="application/ld+json" class="yoast-schema-graph">{"@context":"https://schema.org","@graph":[{"@type":"WebPage","@id":"https://ceoactivismoforbesllyc.enforb.es/pt-br/ceo/alfredo-perez-gubbins/","url":"https://ceoactivismoforbesllyc.enforb.es/pt-br/ceo/alfredo-perez-gubbins/","name":"ALFREDO PÉREZ GUBBINS - CEO ACTIVISTA LATAM","isPartOf":{"@id":"https://ceoactivismoforbesllyc.enforb.es/#website"},"datePublished":"2022-10-03T20:39:51+00:00","dateModified":"2023-01-19T15:56:37+00:00","description":"El CEO de Alicorp Perú es un ejemplo de CEO Activista al brindar espacios de diálogo y visibilidad en temas como la evolución digital y responsabilidad social","breadcrumb":{"@id":"https://ceoactivismoforbesllyc.enforb.es/pt-br/ceo/alfredo-perez-gubbins/#breadcrumb"},"inLanguage":"pt-BR","potentialAction":[{"@type":"ReadAction","target":["https://ceoactivismoforbesllyc.enforb.es/pt-br/ceo/alfredo-perez-gubbins/"]}]},{"@type":"BreadcrumbList","@id":"https://ceoactivismoforbesllyc.enforb.es/pt-br/ceo/alfredo-perez-gubbins/#breadcrumb","itemListElement":[{"@type":"ListItem","position":1,"name":"Home","item":"https://ceoactivismoforbesllyc.enforb.es/pt-br/"},{"@type":"ListItem","position":2,"name":"ALFREDO PÉREZ GUBBINS"}]},{"@type":"WebSite","@id":"https://ceoactivismoforbesllyc.enforb.es/#website","url":"https://ceoactivismoforbesllyc.enforb.es/","name":"CEO ACTIVISTA LATAM","description":"","potentialAction":[{"@type":"SearchAction","target":{"@type":"EntryPoint","urlTemplate":"https://ceoactivismoforbesllyc.enforb.es/?s={search_term_string}"},"query-input":"required name=search_term_string"}],"inLanguage":"pt-BR"}]}</script>
<!-- / Yoast SEO plugin. -->

ALFREDO PÉREZ GUBBINS - CEO ACTIVISTA LATAM

El CEO de Alicorp Perú es un ejemplo de CEO Activista al brindar espacios de diálogo y visibilidad en temas como la evolución digital y responsabilidad social
