{"id":2731,"date":"2022-10-03T18:35:59","date_gmt":"2022-10-03T18:35:59","guid":{"rendered":"https:\/\/ceoactivismoforbesllyc.enforb.es\/ceo\/andronico-luksic\/"},"modified":"2023-01-18T19:39:21","modified_gmt":"2023-01-19T01:39:21","slug":"andronico-luksic","status":"publish","type":"ceo","link":"https:\/\/ceoactivismoforbesllyc.enforb.es\/pt-br\/ceo\/andronico-luksic\/","title":{"rendered":"ANDR\u00d3NICO LUKSIC"},"content":{"rendered":"<p>[vc_row equal_height=&#8221;yes&#8221; el_class=&#8221;imagen-movil&#8221;][vc_column width=&#8221;1\/3&#8243; css=&#8221;.vc_custom_1664822186115{background-image: url(https:\/\/ceoactivismoforbesllyc.enforb.es\/wp-content\/uploads\/2022\/10\/c910212d-d36b-4837-9cae-7716fca248e0.jpeg?id=2119) !important;background-position: center !important;background-repeat: no-repeat !important;background-size: contain !important;}&#8221;][\/vc_column][vc_column width=&#8221;2\/3&#8243;][vc_column_text]Andr\u00f3nico \u00e9 um empreendedor formado na Babson College. Em 2011, por sua trajet\u00f3ria empresarial, vis\u00e3o idealista e aproxima\u00e7\u00e3o com empresas belgas e chilenas, ele foi condecorado pelo ent\u00e3o pr\u00edncipe da B\u00e9lgica,<em>Felipe<sup>1<\/sup><\/em>. Ele \u00e9 presidente da Qui\u00f1enco (Grupo Luksic), diretor e vice-presidente do Banco de Chile, presidente do Conselho Diretor da LQ Inversiones Financieras e membro do Conselho Consultivo do Canal do Panam\u00e1 de 17 de novembro de 1999 at\u00e9 <em>hoje<sup>2<\/sup><\/em>.<\/p>\n<p>Como j\u00e1 mencionados, um CEO ativista precisa estar atento ao seu ambiente, e Luksic faz isso.<br \/>\nSeu bom posicionamento deve-se \u00e0 const\u00e2ncia da publica\u00e7\u00e3o de conte\u00fados relevantes para sua comunidade, gerando conversas e di\u00e1logos com seus seguidores.<\/p>\n<p>Ele \u00e9 um modelo influente de sucesso empresarial e, portanto, sua voz \u00e9 refer\u00eancia de vis\u00f5es de mercado. Al\u00e9m disso, ele \u00e9 ativista fervoroso em assuntos como pol\u00edtica, esportes e assuntos de cidadania no pa\u00eds. Dessa forma, sua intera\u00e7\u00e3o constante e desenvolve um discurso conciso que refor\u00e7a a reflex\u00e3o sobre a situa\u00e7\u00e3o atual.<\/p>\n<p>Em sua conta no Twitter, sua plataforma favorita, ele formou uma identidade p\u00fablica conciliadora com quem as pessoas se identificam, mas que parece contrastar com a percep\u00e7\u00e3o mais cr\u00edtica que lhe \u00e9 atribu\u00edda por sua fortuna e posi\u00e7\u00e3o.<br \/>\nA combina\u00e7\u00e3o do melhor dos dois mundos provou ser influente. A uni\u00e3o da experi\u00eancia empresarial com o di\u00e1logo social sempre gera publica\u00e7\u00f5es e opini\u00f5es sobre o contexto social e pol\u00edtico do Chile.<\/p>\n<p>Luksic j\u00e1 afirmou abertamente que est\u00e1 presente nas redes sociais porque tem interesse em &#8220;conhecer e entender preocupa\u00e7\u00f5es de forma <em>direta&#8221;<sup>3<\/sup><\/em>, sem entrar em controv\u00e9rsia, e para propor temas para as massas, como ideias pessoais ou que gerem um impacto positivo na imagem do pa\u00eds.<\/p>\n<p>Normalmente, ele \u00e9 citado em conversas solicitando sua participa\u00e7\u00e3o ou contribui\u00e7\u00e3o monet\u00e1ria em causas beneficentes ou busca de emprego, pois sabe se que, \u00e0s vezes, ele se sensibiliza e contribui com algumas situa\u00e7\u00f5es.<\/p>\n<p>&nbsp;<\/p>\n<p>&nbsp;<\/p>\n<p style=\"font-size: 10px; color: #f3615a;\"><sup>1<\/sup> <a href=\"http:\/\/www.lasegunda.com\/Noticias\/Economia\/2011\/12\/702667\/luksic-y-errazuriz-condecorados\">http:\/\/www.lasegunda.com\/Noticias\/Economia\/2011\/12\/702667\/luksic-y-errazuriz-condecorados<\/a><br \/>\n-por-principe-de-belgica<\/p>\n<p style=\"font-size: 10px; color: #f3615a;\"><sup>2<\/sup><a href=\"https:\/\/pancanal.com\/es\/junta-asesora\/\"> https:\/\/pancanal.com\/es\/junta-asesora\/<\/a><\/p>\n<p style=\"font-size: 10px; color: #f3615a;\"><sup>3<\/sup><a href=\"https:\/\/www.elmostrador.cl\/noticias\/pais\/2017\/04\/02\/el-mas-rico-le-sale-a-responder-al-mas-influyente-no-estoy-dispuesto-a-inhibirme-por-lo-que-digan-usted-u-otros\/\"> https:\/\/www.elmostrador.cl\/noticias\/pais\/2017\/04\/02\/el-mas-rico-le-sale-a-responder-al-mas-influyente-no-estoy-dispuesto-a-inhibirme-por-lo-que-digan-usted-u-otros\/<\/a><\/p>\n<p>[\/vc_column_text][\/vc_column][\/vc_row][vc_row full_width=&#8221;stretch_row&#8221; css=&#8221;.vc_custom_1666034478243{padding-top: 5% !important;background-color: #0a263b !important;}&#8221;][vc_column][vc_single_image image=&#8221;2226&#8243; img_size=&#8221;full&#8221; alignment=&#8221;center&#8221; onclick=&#8221;zoom&#8221;][\/vc_column][\/vc_row]<\/p>\n","protected":false},"featured_media":2672,"menu_order":0,"template":"","format":"standard","meta":{"content-type":"","_mi_skip_tracking":false,"_monsterinsights_sitenote_active":false,"_monsterinsights_sitenote_note":"","_monsterinsights_sitenote_category":0,"footnotes":""},"class_list":["post-2731","ceo","type-ceo","status-publish","format-standard","has-post-thumbnail","hentry","description-off"],"acf":[],"yoast_head":"<!-- This site is optimized with the Yoast SEO plugin v20.12 - https:\/\/yoast.com\/wordpress\/plugins\/seo\/ -->\n<title>ANDR\u00d3NICO LUKSIC - CEO ACTIVISTA LATAM<\/title>\n<meta name=\"description\" content=\"El Presidente de Qui\u00f1enco se ha posicionado como un CEO Activista en LATAM gracias a la constancia en la generaci\u00f3n de conversaci\u00f3n y di\u00e1logo con sus seguidores\" \/>\n<meta name=\"robots\" content=\"index, follow, max-snippet:-1, max-image-preview:large, max-video-preview:-1\" \/>\n<link rel=\"canonical\" href=\"https:\/\/ceoactivismoforbesllyc.enforb.es\/pt-br\/ceo\/andronico-luksic\/\" \/>\n<meta property=\"og:locale\" content=\"pt_BR\" \/>\n<meta property=\"og:type\" content=\"article\" \/>\n<meta property=\"og:title\" content=\"ANDR\u00d3NICO LUKSIC - CEO ACTIVISTA LATAM\" \/>\n<meta property=\"og:description\" content=\"El Presidente de Qui\u00f1enco se ha posicionado como un CEO Activista en LATAM gracias a la constancia en la generaci\u00f3n de conversaci\u00f3n y di\u00e1logo con sus seguidores\" \/>\n<meta property=\"og:url\" content=\"https:\/\/ceoactivismoforbesllyc.enforb.es\/pt-br\/ceo\/andronico-luksic\/\" \/>\n<meta property=\"og:site_name\" content=\"CEO ACTIVISTA LATAM\" \/>\n<meta property=\"article:modified_time\" content=\"2023-01-19T01:39:21+00:00\" \/>\n<meta property=\"og:image\" content=\"https:\/\/ceoactivismoforbesllyc.enforb.es\/wp-content\/uploads\/2022\/10\/forbes-11.jpg\" \/>\n\t<meta property=\"og:image:width\" content=\"800\" \/>\n\t<meta property=\"og:image:height\" content=\"800\" \/>\n\t<meta property=\"og:image:type\" content=\"image\/jpeg\" \/>\n<meta name=\"twitter:card\" content=\"summary_large_image\" \/>\n<meta name=\"twitter:label1\" content=\"Est. tempo de leitura\" \/>\n\t<meta name=\"twitter:data1\" content=\"2 minutos\" \/>\n<script type=\"application\/ld+json\" class=\"yoast-schema-graph\">{\"@context\":\"https:\/\/schema.org\",\"@graph\":[{\"@type\":\"WebPage\",\"@id\":\"https:\/\/ceoactivismoforbesllyc.enforb.es\/pt-br\/ceo\/andronico-luksic\/\",\"url\":\"https:\/\/ceoactivismoforbesllyc.enforb.es\/pt-br\/ceo\/andronico-luksic\/\",\"name\":\"ANDR\u00d3NICO LUKSIC - CEO ACTIVISTA LATAM\",\"isPartOf\":{\"@id\":\"https:\/\/ceoactivismoforbesllyc.enforb.es\/#website\"},\"datePublished\":\"2022-10-03T18:35:59+00:00\",\"dateModified\":\"2023-01-19T01:39:21+00:00\",\"description\":\"El Presidente de Qui\u00f1enco se ha posicionado como un CEO Activista en LATAM gracias a la constancia en la generaci\u00f3n de conversaci\u00f3n y di\u00e1logo con sus seguidores\",\"breadcrumb\":{\"@id\":\"https:\/\/ceoactivismoforbesllyc.enforb.es\/pt-br\/ceo\/andronico-luksic\/#breadcrumb\"},\"inLanguage\":\"pt-BR\",\"potentialAction\":[{\"@type\":\"ReadAction\",\"target\":[\"https:\/\/ceoactivismoforbesllyc.enforb.es\/pt-br\/ceo\/andronico-luksic\/\"]}]},{\"@type\":\"BreadcrumbList\",\"@id\":\"https:\/\/ceoactivismoforbesllyc.enforb.es\/pt-br\/ceo\/andronico-luksic\/#breadcrumb\",\"itemListElement\":[{\"@type\":\"ListItem\",\"position\":1,\"name\":\"Home\",\"item\":\"https:\/\/ceoactivismoforbesllyc.enforb.es\/pt-br\/\"},{\"@type\":\"ListItem\",\"position\":2,\"name\":\"ANDR\u00d3NICO LUKSIC\"}]},{\"@type\":\"WebSite\",\"@id\":\"https:\/\/ceoactivismoforbesllyc.enforb.es\/#website\",\"url\":\"https:\/\/ceoactivismoforbesllyc.enforb.es\/\",\"name\":\"CEO ACTIVISTA LATAM\",\"description\":\"\",\"potentialAction\":[{\"@type\":\"SearchAction\",\"target\":{\"@type\":\"EntryPoint\",\"urlTemplate\":\"https:\/\/ceoactivismoforbesllyc.enforb.es\/?s={search_term_string}\"},\"query-input\":\"required name=search_term_string\"}],\"inLanguage\":\"pt-BR\"}]}<\/script>\n<!-- \/ Yoast SEO plugin. -->","yoast_head_json":{"title":"ANDR\u00d3NICO LUKSIC - CEO ACTIVISTA LATAM","description":"El Presidente de Qui\u00f1enco se ha posicionado como un CEO Activista en LATAM gracias a la constancia en la generaci\u00f3n de conversaci\u00f3n y di\u00e1logo con sus seguidores","robots":{"index":"index","follow":"follow","max-snippet":"max-snippet:-1","max-image-preview":"max-image-preview:large","max-video-preview":"max-video-preview:-1"},"canonical":"https:\/\/ceoactivismoforbesllyc.enforb.es\/pt-br\/ceo\/andronico-luksic\/","og_locale":"pt_BR","og_type":"article","og_title":"ANDR\u00d3NICO LUKSIC - CEO ACTIVISTA LATAM","og_description":"El Presidente de Qui\u00f1enco se ha posicionado como un CEO Activista en LATAM gracias a la constancia en la generaci\u00f3n de conversaci\u00f3n y di\u00e1logo con sus seguidores","og_url":"https:\/\/ceoactivismoforbesllyc.enforb.es\/pt-br\/ceo\/andronico-luksic\/","og_site_name":"CEO ACTIVISTA LATAM","article_modified_time":"2023-01-19T01:39:21+00:00","og_image":[{"width":800,"height":800,"url":"https:\/\/ceoactivismoforbesllyc.enforb.es\/wp-content\/uploads\/2022\/10\/forbes-11.jpg","type":"image\/jpeg"}],"twitter_card":"summary_large_image","twitter_misc":{"Est. tempo de leitura":"2 minutos"},"schema":{"@context":"https:\/\/schema.org","@graph":[{"@type":"WebPage","@id":"https:\/\/ceoactivismoforbesllyc.enforb.es\/pt-br\/ceo\/andronico-luksic\/","url":"https:\/\/ceoactivismoforbesllyc.enforb.es\/pt-br\/ceo\/andronico-luksic\/","name":"ANDR\u00d3NICO LUKSIC - CEO ACTIVISTA LATAM","isPartOf":{"@id":"https:\/\/ceoactivismoforbesllyc.enforb.es\/#website"},"datePublished":"2022-10-03T18:35:59+00:00","dateModified":"2023-01-19T01:39:21+00:00","description":"El Presidente de Qui\u00f1enco se ha posicionado como un CEO Activista en LATAM gracias a la constancia en la generaci\u00f3n de conversaci\u00f3n y di\u00e1logo con sus seguidores","breadcrumb":{"@id":"https:\/\/ceoactivismoforbesllyc.enforb.es\/pt-br\/ceo\/andronico-luksic\/#breadcrumb"},"inLanguage":"pt-BR","potentialAction":[{"@type":"ReadAction","target":["https:\/\/ceoactivismoforbesllyc.enforb.es\/pt-br\/ceo\/andronico-luksic\/"]}]},{"@type":"BreadcrumbList","@id":"https:\/\/ceoactivismoforbesllyc.enforb.es\/pt-br\/ceo\/andronico-luksic\/#breadcrumb","itemListElement":[{"@type":"ListItem","position":1,"name":"Home","item":"https:\/\/ceoactivismoforbesllyc.enforb.es\/pt-br\/"},{"@type":"ListItem","position":2,"name":"ANDR\u00d3NICO LUKSIC"}]},{"@type":"WebSite","@id":"https:\/\/ceoactivismoforbesllyc.enforb.es\/#website","url":"https:\/\/ceoactivismoforbesllyc.enforb.es\/","name":"CEO ACTIVISTA LATAM","description":"","potentialAction":[{"@type":"SearchAction","target":{"@type":"EntryPoint","urlTemplate":"https:\/\/ceoactivismoforbesllyc.enforb.es\/?s={search_term_string}"},"query-input":"required name=search_term_string"}],"inLanguage":"pt-BR"}]}},"_links":{"self":[{"href":"https:\/\/ceoactivismoforbesllyc.enforb.es\/pt-br\/wp-json\/wp\/v2\/ceo\/2731","targetHints":{"allow":["GET"]}}],"collection":[{"href":"https:\/\/ceoactivismoforbesllyc.enforb.es\/pt-br\/wp-json\/wp\/v2\/ceo"}],"about":[{"href":"https:\/\/ceoactivismoforbesllyc.enforb.es\/pt-br\/wp-json\/wp\/v2\/types\/ceo"}],"version-history":[{"count":2,"href":"https:\/\/ceoactivismoforbesllyc.enforb.es\/pt-br\/wp-json\/wp\/v2\/ceo\/2731\/revisions"}],"predecessor-version":[{"id":2733,"href":"https:\/\/ceoactivismoforbesllyc.enforb.es\/pt-br\/wp-json\/wp\/v2\/ceo\/2731\/revisions\/2733"}],"wp:featuredmedia":[{"embeddable":true,"href":"https:\/\/ceoactivismoforbesllyc.enforb.es\/pt-br\/wp-json\/wp\/v2\/media\/2672"}],"wp:attachment":[{"href":"https:\/\/ceoactivismoforbesllyc.enforb.es\/pt-br\/wp-json\/wp\/v2\/media?parent=2731"}],"curies":[{"name":"wp","href":"https:\/\/api.w.org\/{rel}","templated":true}]}}

ANDRÓNICO LUKSIC

<p>[vc_row equal_height=&#8221;yes&#8221; el_class=&#8221;imagen-movil&#8221;][vc_column width=&#8221;1/3&#8243; css=&#8221;.vc_custom_1664822186115{background-image: url(https://ceoactivismoforbesllyc.enforb.es/wp-content/uploads/2022/10/c910212d-d36b-4837-9cae-7716fca248e0.jpeg?id=2119) !important;background-position: center !important;background-repeat: no-repeat !important;background-size: contain !important;}&#8221;][/vc_column][vc_column width=&#8221;2/3&#8243;][vc_column_text]Andrónico é um empreendedor formado na Babson College. Em 2011, por sua trajetória empresarial, visão idealista e aproximação com empresas belgas e chilenas, ele foi condecorado pelo então príncipe da Bélgica,<em>Felipe<sup>1</sup></em>. Ele é presidente da Quiñenco (Grupo Luksic), diretor e vice-presidente do Banco de Chile, presidente do Conselho Diretor da LQ Inversiones Financieras e membro do Conselho Consultivo do Canal do Panamá de 17 de novembro de 1999 até <em>hoje<sup>2</sup></em>.</p>
<p>Como já mencionados, um CEO ativista precisa estar atento ao seu ambiente, e Luksic faz isso.<br />
Seu bom posicionamento deve-se à constância da publicação de conteúdos relevantes para sua comunidade, gerando conversas e diálogos com seus seguidores.</p>
<p>Ele é um modelo influente de sucesso empresarial e, portanto, sua voz é referência de visões de mercado. Além disso, ele é ativista fervoroso em assuntos como política, esportes e assuntos de cidadania no país. Dessa forma, sua interação constante e desenvolve um discurso conciso que reforça a reflexão sobre a situação atual.</p>
<p>Em sua conta no Twitter, sua plataforma favorita, ele formou uma identidade pública conciliadora com quem as pessoas se identificam, mas que parece contrastar com a percepção mais crítica que lhe é atribuída por sua fortuna e posição.<br />
A combinação do melhor dos dois mundos provou ser influente. A união da experiência empresarial com o diálogo social sempre gera publicações e opiniões sobre o contexto social e político do Chile.</p>
<p>Luksic já afirmou abertamente que está presente nas redes sociais porque tem interesse em &#8220;conhecer e entender preocupações de forma <em>direta&#8221;<sup>3</sup></em>, sem entrar em controvérsia, e para propor temas para as massas, como ideias pessoais ou que gerem um impacto positivo na imagem do país.</p>
<p>Normalmente, ele é citado em conversas solicitando sua participação ou contribuição monetária em causas beneficentes ou busca de emprego, pois sabe se que, às vezes, ele se sensibiliza e contribui com algumas situações.</p>
<p>&nbsp;</p>
<p>&nbsp;</p>
<p style="font-size: 10px; color: #f3615a;"><sup>1</sup> <a href="http://www.lasegunda.com/Noticias/Economia/2011/12/702667/luksic-y-errazuriz-condecorados">http://www.lasegunda.com/Noticias/Economia/2011/12/702667/luksic-y-errazuriz-condecorados</a><br />
-por-principe-de-belgica</p>
<p style="font-size: 10px; color: #f3615a;"><sup>2</sup><a href="https://pancanal.com/es/junta-asesora/"> https://pancanal.com/es/junta-asesora/</a></p>
<p style="font-size: 10px; color: #f3615a;"><sup>3</sup><a href="https://www.elmostrador.cl/noticias/pais/2017/04/02/el-mas-rico-le-sale-a-responder-al-mas-influyente-no-estoy-dispuesto-a-inhibirme-por-lo-que-digan-usted-u-otros/"> https://www.elmostrador.cl/noticias/pais/2017/04/02/el-mas-rico-le-sale-a-responder-al-mas-influyente-no-estoy-dispuesto-a-inhibirme-por-lo-que-digan-usted-u-otros/</a></p>
<p>[/vc_column_text][/vc_column][/vc_row][vc_row full_width=&#8221;stretch_row&#8221; css=&#8221;.vc_custom_1666034478243{padding-top: 5% !important;background-color: #0a263b !important;}&#8221;][vc_column][vc_single_image image=&#8221;2226&#8243; img_size=&#8221;full&#8221; alignment=&#8221;center&#8221; onclick=&#8221;zoom&#8221;][/vc_column][/vc_row]</p>

<!-- This site is optimized with the Yoast SEO plugin v20.12 - https://yoast.com/wordpress/plugins/seo/ -->
<title>ANDRÓNICO LUKSIC - CEO ACTIVISTA LATAM</title>
<meta name="description" content="El Presidente de Quiñenco se ha posicionado como un CEO Activista en LATAM gracias a la constancia en la generación de conversación y diálogo con sus seguidores" />
<meta name="robots" content="index, follow, max-snippet:-1, max-image-preview:large, max-video-preview:-1" />
<link rel="canonical" href="https://ceoactivismoforbesllyc.enforb.es/pt-br/ceo/andronico-luksic/" />
<meta property="og:locale" content="pt_BR" />
<meta property="og:type" content="article" />
<meta property="og:title" content="ANDRÓNICO LUKSIC - CEO ACTIVISTA LATAM" />
<meta property="og:description" content="El Presidente de Quiñenco se ha posicionado como un CEO Activista en LATAM gracias a la constancia en la generación de conversación y diálogo con sus seguidores" />
<meta property="og:url" content="https://ceoactivismoforbesllyc.enforb.es/pt-br/ceo/andronico-luksic/" />
<meta property="og:site_name" content="CEO ACTIVISTA LATAM" />
<meta property="article:modified_time" content="2023-01-19T01:39:21+00:00" />
<meta property="og:image" content="https://ceoactivismoforbesllyc.enforb.es/wp-content/uploads/2022/10/forbes-11.jpg" />
	<meta property="og:image:width" content="800" />
	<meta property="og:image:height" content="800" />
	<meta property="og:image:type" content="image/jpeg" />
<meta name="twitter:card" content="summary_large_image" />
<meta name="twitter:label1" content="Est. tempo de leitura" />
	<meta name="twitter:data1" content="2 minutos" />
<script type="application/ld+json" class="yoast-schema-graph">{"@context":"https://schema.org","@graph":[{"@type":"WebPage","@id":"https://ceoactivismoforbesllyc.enforb.es/pt-br/ceo/andronico-luksic/","url":"https://ceoactivismoforbesllyc.enforb.es/pt-br/ceo/andronico-luksic/","name":"ANDRÓNICO LUKSIC - CEO ACTIVISTA LATAM","isPartOf":{"@id":"https://ceoactivismoforbesllyc.enforb.es/#website"},"datePublished":"2022-10-03T18:35:59+00:00","dateModified":"2023-01-19T01:39:21+00:00","description":"El Presidente de Quiñenco se ha posicionado como un CEO Activista en LATAM gracias a la constancia en la generación de conversación y diálogo con sus seguidores","breadcrumb":{"@id":"https://ceoactivismoforbesllyc.enforb.es/pt-br/ceo/andronico-luksic/#breadcrumb"},"inLanguage":"pt-BR","potentialAction":[{"@type":"ReadAction","target":["https://ceoactivismoforbesllyc.enforb.es/pt-br/ceo/andronico-luksic/"]}]},{"@type":"BreadcrumbList","@id":"https://ceoactivismoforbesllyc.enforb.es/pt-br/ceo/andronico-luksic/#breadcrumb","itemListElement":[{"@type":"ListItem","position":1,"name":"Home","item":"https://ceoactivismoforbesllyc.enforb.es/pt-br/"},{"@type":"ListItem","position":2,"name":"ANDRÓNICO LUKSIC"}]},{"@type":"WebSite","@id":"https://ceoactivismoforbesllyc.enforb.es/#website","url":"https://ceoactivismoforbesllyc.enforb.es/","name":"CEO ACTIVISTA LATAM","description":"","potentialAction":[{"@type":"SearchAction","target":{"@type":"EntryPoint","urlTemplate":"https://ceoactivismoforbesllyc.enforb.es/?s={search_term_string}"},"query-input":"required name=search_term_string"}],"inLanguage":"pt-BR"}]}</script>
<!-- / Yoast SEO plugin. -->

ANDRÓNICO LUKSIC - CEO ACTIVISTA LATAM

El Presidente de Quiñenco se ha posicionado como un CEO Activista en LATAM gracias a la constancia en la generación de conversación y diálogo con sus seguidores
