{"id":2729,"date":"2022-10-03T17:56:57","date_gmt":"2022-10-03T17:56:57","guid":{"rendered":"https:\/\/ceoactivismoforbesllyc.enforb.es\/ceo\/fernando-eguiluz\/"},"modified":"2023-01-18T19:04:13","modified_gmt":"2023-01-19T01:04:13","slug":"fernando-eguiluz","status":"publish","type":"ceo","link":"https:\/\/ceoactivismoforbesllyc.enforb.es\/pt-br\/ceo\/fernando-eguiluz\/","title":{"rendered":"FERNANDO EGUILUZ"},"content":{"rendered":"<p>[vc_row equal_height=&#8221;yes&#8221;][vc_column][vc_column_text]Fernando Eguiluz Lozano, engenheiro de nacionalidade mexicana, \u00e9 Country Manager do BBVA Peru h\u00e1 3 anos. Ele conta mais de 24 anos de experi\u00eancia no setor financeiro. Antes, ocupou o cargo de Diretor de Talento e Cultura no BBVA M\u00e9xico e Diretor Geral do BBVA Bolsa Sociedad Agente de Bolsa SA. Com sua experi\u00eancia em uma das principais empresas do setor banc\u00e1rio, Eguiluz expressa a import\u00e2ncia de &#8220;oferecer consultoria especializada a pessoas, empresas e institui\u00e7\u00f5es para fazer a transi\u00e7\u00e3o para um desenvolvimento mais <em>sustent\u00e1vel&#8221;<sup>1<\/sup><\/em>. Por isso, ele sempre leva em conta um valor fundamental &#8220;O cliente em primeiro <em>lugar&#8221;<sup>2<\/sup><\/em>. Assim, ele tem um perfil ativo orientado a fortalecer as ag\u00eancias do BBVA, abordando-as <em>presencialmente<sup>3<\/sup><\/em>, al\u00e9m de promover o desenvolvimento de iniciativas que resultem em mais inclus\u00e3o financeira e transforma\u00e7\u00e3o empresarial.<\/p>\n<p>As redes sociais s\u00e3o uma ferramenta potente para sua comunica\u00e7\u00e3o, lideran\u00e7a e influ\u00eancia na sociedade. Entre os principais territ\u00f3rios que aborda, est\u00e3o a inclus\u00e3o financeira, sustentabilidade, conte\u00fado pessoal e publica\u00e7\u00f5es sobre a mudan\u00e7a cultural nas empresas. Esses temas geram bastante conversa, principalmente no Linkedin, com uma m\u00e9dia de 15 conte\u00fados por m\u00eas.<\/p>\n<p>Quando fala sobre inclus\u00e3o financeira, ele foca o conte\u00fado em como a sociedade \u00e9 beneficiada quando h\u00e1 oportunidades de cr\u00e9dito e acesso a financiamentos que viabilizem melhores oportunidades. Seu foco est\u00e1 sempre nas \u00e1reas de sustentabilidade e assist\u00eancia social da marca.<\/p>\n<p>Eguiluz \u00e9 reconhecido como um \u00f3timo exemplo de embaixador de marca. Ele divulga a\u00e7\u00f5es com colaboradores que refor\u00e7am a evolu\u00e7\u00e3o na cultura de trabalho e, principalmente, destaca a import\u00e2ncia da consolida\u00e7\u00e3o do talento.<\/p>\n<p>&nbsp;<\/p>\n<p>&nbsp;<\/p>\n<p style=\"font-size: 10px; color: #f3615a;\"><sup>1<\/sup> <a href=\"https:\/\/www.bbva.com\/es\/pe\/sostenibilidad\/fernando-eguiluz-la-banca-tiene-una-amplia-capacidad-para-desarrollar-soluciones-sostenibles\/\">https:\/\/www.bbva.com\/es\/pe\/sostenibilidad\/fernando-eguiluz-la-banca-tiene-una-amplia-capacidad-para-desarrollar-soluciones-sostenibles\/<\/a><\/p>\n<p style=\"font-size: 10px; color: #f3615a;\"><sup>2<\/sup> <a href=\"https:\/\/forbes.pe\/editors-pick\/2022-06-21\/ceo-del-bbva-en-peru-estamos-alcanzando-los-niveles-prepandemia-en-terminos-de-soles\/\">https:\/\/forbes.pe\/editors-pick\/2022-06-21\/ceo-del-bbva-en-peru-estamos-alcanzando-los-niveles-prepandemia-en-terminos-de-soles\/<\/a><\/p>\n<p style=\"font-size: 10px; color: #f3615a;\"><sup>3<\/sup> <a href=\"https:\/\/www.linkedin.com\/posts\/fernando-eguiluz-lozano_emprendedores-pymes-soluciones-activity-6971271995921473537--lCF?utm_source=share&amp;utm_medium=member_desktop\">https:\/\/www.linkedin.com\/posts\/fernando-eguiluz-lozano_emprendedores-pymes-soluciones-activity-6971271995921473537&#8211;lCF?utm_source=share&amp;utm_medium=member_desktop<\/a><\/p>\n<p>[\/vc_column_text][\/vc_column][\/vc_row][vc_row full_width=&#8221;stretch_row&#8221; css=&#8221;.vc_custom_1666034478243{padding-top: 5% !important;background-color: #0a263b !important;}&#8221;][vc_column][vc_single_image image=&#8221;2225&#8243; img_size=&#8221;full&#8221; alignment=&#8221;center&#8221; onclick=&#8221;zoom&#8221;][\/vc_column][\/vc_row]<\/p>\n","protected":false},"featured_media":2671,"menu_order":0,"template":"","format":"standard","meta":{"content-type":"","_mi_skip_tracking":false,"_monsterinsights_sitenote_active":false,"_monsterinsights_sitenote_note":"","_monsterinsights_sitenote_category":0,"footnotes":""},"class_list":["post-2729","ceo","type-ceo","status-publish","format-standard","has-post-thumbnail","hentry","description-off"],"acf":[],"yoast_head":"<!-- This site is optimized with the Yoast SEO plugin v20.12 - https:\/\/yoast.com\/wordpress\/plugins\/seo\/ -->\n<title>FERNANDO EGUILUZ - CEO ACTIVISTA LATAM<\/title>\n<meta name=\"description\" content=\"El CEO de BBVA en Per\u00fa se ha posicionado como ejemplo de CEO Activista gracias al uso inteligente de sus redes, generando alta conversaci\u00f3n con sus seguidores.\" \/>\n<meta name=\"robots\" content=\"index, follow, max-snippet:-1, max-image-preview:large, max-video-preview:-1\" \/>\n<link rel=\"canonical\" href=\"https:\/\/ceoactivismoforbesllyc.enforb.es\/pt-br\/ceo\/fernando-eguiluz\/\" \/>\n<meta property=\"og:locale\" content=\"pt_BR\" \/>\n<meta property=\"og:type\" content=\"article\" \/>\n<meta property=\"og:title\" content=\"FERNANDO EGUILUZ - CEO ACTIVISTA LATAM\" \/>\n<meta property=\"og:description\" content=\"El CEO de BBVA en Per\u00fa se ha posicionado como ejemplo de CEO Activista gracias al uso inteligente de sus redes, generando alta conversaci\u00f3n con sus seguidores.\" \/>\n<meta property=\"og:url\" content=\"https:\/\/ceoactivismoforbesllyc.enforb.es\/pt-br\/ceo\/fernando-eguiluz\/\" \/>\n<meta property=\"og:site_name\" content=\"CEO ACTIVISTA LATAM\" \/>\n<meta property=\"article:modified_time\" content=\"2023-01-19T01:04:13+00:00\" \/>\n<meta property=\"og:image\" content=\"https:\/\/ceoactivismoforbesllyc.enforb.es\/wp-content\/uploads\/2022\/10\/FERNANDO-EGUILUZ0-AMCHAM-1_opt-1.jpeg\" \/>\n\t<meta property=\"og:image:width\" content=\"1900\" \/>\n\t<meta property=\"og:image:height\" content=\"1266\" \/>\n\t<meta property=\"og:image:type\" content=\"image\/jpeg\" \/>\n<meta name=\"twitter:card\" content=\"summary_large_image\" \/>\n<meta name=\"twitter:label1\" content=\"Est. tempo de leitura\" \/>\n\t<meta name=\"twitter:data1\" content=\"2 minutos\" \/>\n<script type=\"application\/ld+json\" class=\"yoast-schema-graph\">{\"@context\":\"https:\/\/schema.org\",\"@graph\":[{\"@type\":\"WebPage\",\"@id\":\"https:\/\/ceoactivismoforbesllyc.enforb.es\/pt-br\/ceo\/fernando-eguiluz\/\",\"url\":\"https:\/\/ceoactivismoforbesllyc.enforb.es\/pt-br\/ceo\/fernando-eguiluz\/\",\"name\":\"FERNANDO EGUILUZ - CEO ACTIVISTA LATAM\",\"isPartOf\":{\"@id\":\"https:\/\/ceoactivismoforbesllyc.enforb.es\/#website\"},\"datePublished\":\"2022-10-03T17:56:57+00:00\",\"dateModified\":\"2023-01-19T01:04:13+00:00\",\"description\":\"El CEO de BBVA en Per\u00fa se ha posicionado como ejemplo de CEO Activista gracias al uso inteligente de sus redes, generando alta conversaci\u00f3n con sus seguidores.\",\"breadcrumb\":{\"@id\":\"https:\/\/ceoactivismoforbesllyc.enforb.es\/pt-br\/ceo\/fernando-eguiluz\/#breadcrumb\"},\"inLanguage\":\"pt-BR\",\"potentialAction\":[{\"@type\":\"ReadAction\",\"target\":[\"https:\/\/ceoactivismoforbesllyc.enforb.es\/pt-br\/ceo\/fernando-eguiluz\/\"]}]},{\"@type\":\"BreadcrumbList\",\"@id\":\"https:\/\/ceoactivismoforbesllyc.enforb.es\/pt-br\/ceo\/fernando-eguiluz\/#breadcrumb\",\"itemListElement\":[{\"@type\":\"ListItem\",\"position\":1,\"name\":\"Home\",\"item\":\"https:\/\/ceoactivismoforbesllyc.enforb.es\/pt-br\/\"},{\"@type\":\"ListItem\",\"position\":2,\"name\":\"FERNANDO EGUILUZ\"}]},{\"@type\":\"WebSite\",\"@id\":\"https:\/\/ceoactivismoforbesllyc.enforb.es\/#website\",\"url\":\"https:\/\/ceoactivismoforbesllyc.enforb.es\/\",\"name\":\"CEO ACTIVISTA LATAM\",\"description\":\"\",\"potentialAction\":[{\"@type\":\"SearchAction\",\"target\":{\"@type\":\"EntryPoint\",\"urlTemplate\":\"https:\/\/ceoactivismoforbesllyc.enforb.es\/?s={search_term_string}\"},\"query-input\":\"required name=search_term_string\"}],\"inLanguage\":\"pt-BR\"}]}<\/script>\n<!-- \/ Yoast SEO plugin. -->","yoast_head_json":{"title":"FERNANDO EGUILUZ - CEO ACTIVISTA LATAM","description":"El CEO de BBVA en Per\u00fa se ha posicionado como ejemplo de CEO Activista gracias al uso inteligente de sus redes, generando alta conversaci\u00f3n con sus seguidores.","robots":{"index":"index","follow":"follow","max-snippet":"max-snippet:-1","max-image-preview":"max-image-preview:large","max-video-preview":"max-video-preview:-1"},"canonical":"https:\/\/ceoactivismoforbesllyc.enforb.es\/pt-br\/ceo\/fernando-eguiluz\/","og_locale":"pt_BR","og_type":"article","og_title":"FERNANDO EGUILUZ - CEO ACTIVISTA LATAM","og_description":"El CEO de BBVA en Per\u00fa se ha posicionado como ejemplo de CEO Activista gracias al uso inteligente de sus redes, generando alta conversaci\u00f3n con sus seguidores.","og_url":"https:\/\/ceoactivismoforbesllyc.enforb.es\/pt-br\/ceo\/fernando-eguiluz\/","og_site_name":"CEO ACTIVISTA LATAM","article_modified_time":"2023-01-19T01:04:13+00:00","og_image":[{"width":1900,"height":1266,"url":"https:\/\/ceoactivismoforbesllyc.enforb.es\/wp-content\/uploads\/2022\/10\/FERNANDO-EGUILUZ0-AMCHAM-1_opt-1.jpeg","type":"image\/jpeg"}],"twitter_card":"summary_large_image","twitter_misc":{"Est. tempo de leitura":"2 minutos"},"schema":{"@context":"https:\/\/schema.org","@graph":[{"@type":"WebPage","@id":"https:\/\/ceoactivismoforbesllyc.enforb.es\/pt-br\/ceo\/fernando-eguiluz\/","url":"https:\/\/ceoactivismoforbesllyc.enforb.es\/pt-br\/ceo\/fernando-eguiluz\/","name":"FERNANDO EGUILUZ - CEO ACTIVISTA LATAM","isPartOf":{"@id":"https:\/\/ceoactivismoforbesllyc.enforb.es\/#website"},"datePublished":"2022-10-03T17:56:57+00:00","dateModified":"2023-01-19T01:04:13+00:00","description":"El CEO de BBVA en Per\u00fa se ha posicionado como ejemplo de CEO Activista gracias al uso inteligente de sus redes, generando alta conversaci\u00f3n con sus seguidores.","breadcrumb":{"@id":"https:\/\/ceoactivismoforbesllyc.enforb.es\/pt-br\/ceo\/fernando-eguiluz\/#breadcrumb"},"inLanguage":"pt-BR","potentialAction":[{"@type":"ReadAction","target":["https:\/\/ceoactivismoforbesllyc.enforb.es\/pt-br\/ceo\/fernando-eguiluz\/"]}]},{"@type":"BreadcrumbList","@id":"https:\/\/ceoactivismoforbesllyc.enforb.es\/pt-br\/ceo\/fernando-eguiluz\/#breadcrumb","itemListElement":[{"@type":"ListItem","position":1,"name":"Home","item":"https:\/\/ceoactivismoforbesllyc.enforb.es\/pt-br\/"},{"@type":"ListItem","position":2,"name":"FERNANDO EGUILUZ"}]},{"@type":"WebSite","@id":"https:\/\/ceoactivismoforbesllyc.enforb.es\/#website","url":"https:\/\/ceoactivismoforbesllyc.enforb.es\/","name":"CEO ACTIVISTA LATAM","description":"","potentialAction":[{"@type":"SearchAction","target":{"@type":"EntryPoint","urlTemplate":"https:\/\/ceoactivismoforbesllyc.enforb.es\/?s={search_term_string}"},"query-input":"required name=search_term_string"}],"inLanguage":"pt-BR"}]}},"_links":{"self":[{"href":"https:\/\/ceoactivismoforbesllyc.enforb.es\/pt-br\/wp-json\/wp\/v2\/ceo\/2729","targetHints":{"allow":["GET"]}}],"collection":[{"href":"https:\/\/ceoactivismoforbesllyc.enforb.es\/pt-br\/wp-json\/wp\/v2\/ceo"}],"about":[{"href":"https:\/\/ceoactivismoforbesllyc.enforb.es\/pt-br\/wp-json\/wp\/v2\/types\/ceo"}],"version-history":[{"count":1,"href":"https:\/\/ceoactivismoforbesllyc.enforb.es\/pt-br\/wp-json\/wp\/v2\/ceo\/2729\/revisions"}],"predecessor-version":[{"id":2730,"href":"https:\/\/ceoactivismoforbesllyc.enforb.es\/pt-br\/wp-json\/wp\/v2\/ceo\/2729\/revisions\/2730"}],"wp:featuredmedia":[{"embeddable":true,"href":"https:\/\/ceoactivismoforbesllyc.enforb.es\/pt-br\/wp-json\/wp\/v2\/media\/2671"}],"wp:attachment":[{"href":"https:\/\/ceoactivismoforbesllyc.enforb.es\/pt-br\/wp-json\/wp\/v2\/media?parent=2729"}],"curies":[{"name":"wp","href":"https:\/\/api.w.org\/{rel}","templated":true}]}}

<p>[vc_row equal_height=&#8221;yes&#8221;][vc_column][vc_column_text]Fernando Eguiluz Lozano, engenheiro de nacionalidade mexicana, é Country Manager do BBVA Peru há 3 anos. Ele conta mais de 24 anos de experiência no setor financeiro. Antes, ocupou o cargo de Diretor de Talento e Cultura no BBVA México e Diretor Geral do BBVA Bolsa Sociedad Agente de Bolsa SA. Com sua experiência em uma das principais empresas do setor bancário, Eguiluz expressa a importância de &#8220;oferecer consultoria especializada a pessoas, empresas e instituições para fazer a transição para um desenvolvimento mais <em>sustentável&#8221;<sup>1</sup></em>. Por isso, ele sempre leva em conta um valor fundamental &#8220;O cliente em primeiro <em>lugar&#8221;<sup>2</sup></em>. Assim, ele tem um perfil ativo orientado a fortalecer as agências do BBVA, abordando-as <em>presencialmente<sup>3</sup></em>, além de promover o desenvolvimento de iniciativas que resultem em mais inclusão financeira e transformação empresarial.</p>
<p>As redes sociais são uma ferramenta potente para sua comunicação, liderança e influência na sociedade. Entre os principais territórios que aborda, estão a inclusão financeira, sustentabilidade, conteúdo pessoal e publicações sobre a mudança cultural nas empresas. Esses temas geram bastante conversa, principalmente no Linkedin, com uma média de 15 conteúdos por mês.</p>
<p>Quando fala sobre inclusão financeira, ele foca o conteúdo em como a sociedade é beneficiada quando há oportunidades de crédito e acesso a financiamentos que viabilizem melhores oportunidades. Seu foco está sempre nas áreas de sustentabilidade e assistência social da marca.</p>
<p>Eguiluz é reconhecido como um ótimo exemplo de embaixador de marca. Ele divulga ações com colaboradores que reforçam a evolução na cultura de trabalho e, principalmente, destaca a importância da consolidação do talento.</p>
<p>&nbsp;</p>
<p>&nbsp;</p>
<p style="font-size: 10px; color: #f3615a;"><sup>1</sup> <a href="https://www.bbva.com/es/pe/sostenibilidad/fernando-eguiluz-la-banca-tiene-una-amplia-capacidad-para-desarrollar-soluciones-sostenibles/">https://www.bbva.com/es/pe/sostenibilidad/fernando-eguiluz-la-banca-tiene-una-amplia-capacidad-para-desarrollar-soluciones-sostenibles/</a></p>
<p style="font-size: 10px; color: #f3615a;"><sup>2</sup> <a href="https://forbes.pe/editors-pick/2022-06-21/ceo-del-bbva-en-peru-estamos-alcanzando-los-niveles-prepandemia-en-terminos-de-soles/">https://forbes.pe/editors-pick/2022-06-21/ceo-del-bbva-en-peru-estamos-alcanzando-los-niveles-prepandemia-en-terminos-de-soles/</a></p>
<p style="font-size: 10px; color: #f3615a;"><sup>3</sup> <a href="https://www.linkedin.com/posts/fernando-eguiluz-lozano_emprendedores-pymes-soluciones-activity-6971271995921473537--lCF?utm_source=share&amp;utm_medium=member_desktop">https://www.linkedin.com/posts/fernando-eguiluz-lozano_emprendedores-pymes-soluciones-activity-6971271995921473537&#8211;lCF?utm_source=share&amp;utm_medium=member_desktop</a></p>
<p>[/vc_column_text][/vc_column][/vc_row][vc_row full_width=&#8221;stretch_row&#8221; css=&#8221;.vc_custom_1666034478243{padding-top: 5% !important;background-color: #0a263b !important;}&#8221;][vc_column][vc_single_image image=&#8221;2225&#8243; img_size=&#8221;full&#8221; alignment=&#8221;center&#8221; onclick=&#8221;zoom&#8221;][/vc_column][/vc_row]</p>

<!-- This site is optimized with the Yoast SEO plugin v20.12 - https://yoast.com/wordpress/plugins/seo/ -->
<title>FERNANDO EGUILUZ - CEO ACTIVISTA LATAM</title>
<meta name="description" content="El CEO de BBVA en Perú se ha posicionado como ejemplo de CEO Activista gracias al uso inteligente de sus redes, generando alta conversación con sus seguidores." />
<meta name="robots" content="index, follow, max-snippet:-1, max-image-preview:large, max-video-preview:-1" />
<link rel="canonical" href="https://ceoactivismoforbesllyc.enforb.es/pt-br/ceo/fernando-eguiluz/" />
<meta property="og:locale" content="pt_BR" />
<meta property="og:type" content="article" />
<meta property="og:title" content="FERNANDO EGUILUZ - CEO ACTIVISTA LATAM" />
<meta property="og:description" content="El CEO de BBVA en Perú se ha posicionado como ejemplo de CEO Activista gracias al uso inteligente de sus redes, generando alta conversación con sus seguidores." />
<meta property="og:url" content="https://ceoactivismoforbesllyc.enforb.es/pt-br/ceo/fernando-eguiluz/" />
<meta property="og:site_name" content="CEO ACTIVISTA LATAM" />
<meta property="article:modified_time" content="2023-01-19T01:04:13+00:00" />
<meta property="og:image" content="https://ceoactivismoforbesllyc.enforb.es/wp-content/uploads/2022/10/FERNANDO-EGUILUZ0-AMCHAM-1_opt-1.jpeg" />
	<meta property="og:image:width" content="1900" />
	<meta property="og:image:height" content="1266" />
	<meta property="og:image:type" content="image/jpeg" />
<meta name="twitter:card" content="summary_large_image" />
<meta name="twitter:label1" content="Est. tempo de leitura" />
	<meta name="twitter:data1" content="2 minutos" />
<script type="application/ld+json" class="yoast-schema-graph">{"@context":"https://schema.org","@graph":[{"@type":"WebPage","@id":"https://ceoactivismoforbesllyc.enforb.es/pt-br/ceo/fernando-eguiluz/","url":"https://ceoactivismoforbesllyc.enforb.es/pt-br/ceo/fernando-eguiluz/","name":"FERNANDO EGUILUZ - CEO ACTIVISTA LATAM","isPartOf":{"@id":"https://ceoactivismoforbesllyc.enforb.es/#website"},"datePublished":"2022-10-03T17:56:57+00:00","dateModified":"2023-01-19T01:04:13+00:00","description":"El CEO de BBVA en Perú se ha posicionado como ejemplo de CEO Activista gracias al uso inteligente de sus redes, generando alta conversación con sus seguidores.","breadcrumb":{"@id":"https://ceoactivismoforbesllyc.enforb.es/pt-br/ceo/fernando-eguiluz/#breadcrumb"},"inLanguage":"pt-BR","potentialAction":[{"@type":"ReadAction","target":["https://ceoactivismoforbesllyc.enforb.es/pt-br/ceo/fernando-eguiluz/"]}]},{"@type":"BreadcrumbList","@id":"https://ceoactivismoforbesllyc.enforb.es/pt-br/ceo/fernando-eguiluz/#breadcrumb","itemListElement":[{"@type":"ListItem","position":1,"name":"Home","item":"https://ceoactivismoforbesllyc.enforb.es/pt-br/"},{"@type":"ListItem","position":2,"name":"FERNANDO EGUILUZ"}]},{"@type":"WebSite","@id":"https://ceoactivismoforbesllyc.enforb.es/#website","url":"https://ceoactivismoforbesllyc.enforb.es/","name":"CEO ACTIVISTA LATAM","description":"","potentialAction":[{"@type":"SearchAction","target":{"@type":"EntryPoint","urlTemplate":"https://ceoactivismoforbesllyc.enforb.es/?s={search_term_string}"},"query-input":"required name=search_term_string"}],"inLanguage":"pt-BR"}]}</script>
<!-- / Yoast SEO plugin. -->

El CEO de BBVA en Perú se ha posicionado como ejemplo de CEO Activista gracias al uso inteligente de sus redes, generando alta conversación con sus seguidores.
