{"id":2727,"date":"2022-10-03T16:14:09","date_gmt":"2022-10-03T16:14:09","guid":{"rendered":"https:\/\/ceoactivismoforbesllyc.enforb.es\/ceo\/monica-aspe-bernal\/"},"modified":"2023-01-18T17:53:19","modified_gmt":"2023-01-18T23:53:19","slug":"monica-aspe-bernal","status":"publish","type":"ceo","link":"https:\/\/ceoactivismoforbesllyc.enforb.es\/pt-br\/ceo\/monica-aspe-bernal\/","title":{"rendered":"M\u00d3NICA ASPE BERNAL"},"content":{"rendered":"<p>[vc_row equal_height=&#8221;yes&#8221;][vc_column][vc_column_text]A executiva, que tem mestrado em Ci\u00eancia Pol\u00edtica pela Columbia <em>University<sup>1<\/sup><\/em>, tem mais de duas d\u00e9cadas de experi\u00eancia no setor de telecomunica\u00e7\u00f5es e \u00e9 a segunda <em>mulher<sup>2<\/sup><\/em> \u00e0 frente da gigante de telecomunica\u00e7\u00f5es.<\/p>\n<p>Para Aspe Bernal, a &#8220;batalha pela igualdade n\u00e3o est\u00e1 ganha, pois a lideran\u00e7a das mulheres nas empresas ainda \u00e9 exce\u00e7\u00e3o \u00e0 <em>regra&#8221;.<sup>3<\/sup><\/em>. As batalhas que motivam Aspe s\u00e3o amplas: diversidade humana, diversidade de g\u00eanero, diversidade de pessoas com defici\u00eancia, lideran\u00e7a feminina, entre outros.<\/p>\n<p>Desde sua nomea\u00e7\u00e3o como CEO, Aspe Bernal tornou-se refer\u00eancia no setor e aproveita a oportunidade para promover iniciativas corporativas com uma perspectiva mais humano, pelo tipo de mensagens que usa.<br \/>\nEla tamb\u00e9m amplia sua participa\u00e7\u00e3o nos diversos f\u00f3runs relacionados ao setor de telecomunica\u00e7\u00f5es e transforma\u00e7\u00e3o digital.<br \/>\nEla tamb\u00e9m destaca a import\u00e2ncia de promover a participa\u00e7\u00e3o de mais mulheres neste setor.<\/p>\n<p>Com uma s\u00f3lida comunidade de mais de 23 mil seguidores no Twitter, entre os quais se destacam formadores de opini\u00e3o, pol\u00edticos, empres\u00e1rios e consumidores da AT&amp;T, um dos seus principais pontos fortes \u00e9 a sua intera\u00e7\u00e3o com eles, agradecendo aos meios de comunica\u00e7\u00e3o por ser porta-voz da visibilidade \u00e0 desigualdade de g\u00eanero. Ela tamb\u00e9m retribui \u00e0s institui\u00e7\u00f5es o espa\u00e7o para conversar e firmar acordos de investimento em infraestrutura no M\u00e9xico para que o pa\u00eds e o setor continuem evoluindo e, acima de tudo, para reconhecer o talento da empresa e dos colegas da ind\u00fastria que ajudam a construir iniciativas p\u00fablico- privadas em favor do pa\u00eds e das mulheres.<\/p>\n<p>&nbsp;<\/p>\n<p>&nbsp;<\/p>\n<p style=\"font-size: 10px; color: #f3615a;\"><sup>1<\/sup> <a href=\"https:\/\/eventos.itam.mx\/es\/noticia\/monica-aspe-nombrada-ceo-de-att-mexico\"> https:\/\/eventos.itam.mx\/es\/noticia\/monica-aspe-nombrada-ceo-de-att-mexico<\/a><\/p>\n<p style=\"font-size: 10px; color: #f3615a;\"><sup>2<\/sup> <a href=\"https:\/\/elceo.com\/liderazgo\/batalla-de-igualdad-de-genero-hay-que-pelearla-diario-monica-aspe-ceo-de-att-mexico\/\"> https:\/\/elceo.com\/liderazgo\/batalla-de-igualdad-de-genero-hay-que-pelearla-diario-monica-aspe-ceo-de-att-mexico\/<\/a><\/p>\n<p style=\"font-size: 10px; color: #f3615a;\"><sup>3<\/sup> <a href=\"https:\/\/elceo.com\/liderazgo\/batalla-de-igualdad-de-genero-hay-que-pelearla-diario-monica-aspe-ceo-de-att-mexico\/\">https:\/\/elceo.com\/liderazgo\/batalla-de-igualdad-de-genero-hay-que-pelearla-diario-monica-aspe-ceo-de-att-mexico\/<\/a><\/p>\n<p>[\/vc_column_text][\/vc_column][\/vc_row][vc_row full_width=&#8221;stretch_row&#8221; css=&#8221;.vc_custom_1666034478243{padding-top: 5% !important;background-color: #0a263b !important;}&#8221;][vc_column][vc_single_image image=&#8221;2224&#8243; img_size=&#8221;full&#8221; alignment=&#8221;center&#8221; onclick=&#8221;zoom&#8221;][\/vc_column][\/vc_row]<\/p>\n","protected":false},"featured_media":2670,"menu_order":0,"template":"","format":"standard","meta":{"content-type":"","_mi_skip_tracking":false,"_monsterinsights_sitenote_active":false,"_monsterinsights_sitenote_note":"","_monsterinsights_sitenote_category":0,"footnotes":""},"class_list":["post-2727","ceo","type-ceo","status-publish","format-standard","has-post-thumbnail","hentry","description-off"],"acf":[],"yoast_head":"<!-- This site is optimized with the Yoast SEO plugin v20.12 - https:\/\/yoast.com\/wordpress\/plugins\/seo\/ -->\n<title>M\u00d3NICA ASPE BERNAL - CEO ACTIVISTA LATAM<\/title>\n<meta name=\"description\" content=\"La CEO de AT&amp;T se ha posicionado como referente del sector, aprovechando sus canales digitales para impulsar iniciativas corporativas con una visi\u00f3n m\u00e1s humana\" \/>\n<meta name=\"robots\" content=\"index, follow, max-snippet:-1, max-image-preview:large, max-video-preview:-1\" \/>\n<link rel=\"canonical\" href=\"https:\/\/ceoactivismoforbesllyc.enforb.es\/pt-br\/ceo\/monica-aspe-bernal\/\" \/>\n<meta property=\"og:locale\" content=\"pt_BR\" \/>\n<meta property=\"og:type\" content=\"article\" \/>\n<meta property=\"og:title\" content=\"M\u00d3NICA ASPE BERNAL - CEO ACTIVISTA LATAM\" \/>\n<meta property=\"og:description\" content=\"La CEO de AT&amp;T se ha posicionado como referente del sector, aprovechando sus canales digitales para impulsar iniciativas corporativas con una visi\u00f3n m\u00e1s humana\" \/>\n<meta property=\"og:url\" content=\"https:\/\/ceoactivismoforbesllyc.enforb.es\/pt-br\/ceo\/monica-aspe-bernal\/\" \/>\n<meta property=\"og:site_name\" content=\"CEO ACTIVISTA LATAM\" \/>\n<meta property=\"article:modified_time\" content=\"2023-01-18T23:53:19+00:00\" \/>\n<meta property=\"og:image\" content=\"https:\/\/ceoactivismoforbesllyc.enforb.es\/wp-content\/uploads\/2022\/10\/monica_aspe.jpeg\" \/>\n\t<meta property=\"og:image:width\" content=\"1200\" \/>\n\t<meta property=\"og:image:height\" content=\"720\" \/>\n\t<meta property=\"og:image:type\" content=\"image\/jpeg\" \/>\n<meta name=\"twitter:card\" content=\"summary_large_image\" \/>\n<meta name=\"twitter:label1\" content=\"Est. tempo de leitura\" \/>\n\t<meta name=\"twitter:data1\" content=\"2 minutos\" \/>\n<script type=\"application\/ld+json\" class=\"yoast-schema-graph\">{\"@context\":\"https:\/\/schema.org\",\"@graph\":[{\"@type\":\"WebPage\",\"@id\":\"https:\/\/ceoactivismoforbesllyc.enforb.es\/pt-br\/ceo\/monica-aspe-bernal\/\",\"url\":\"https:\/\/ceoactivismoforbesllyc.enforb.es\/pt-br\/ceo\/monica-aspe-bernal\/\",\"name\":\"M\u00d3NICA ASPE BERNAL - CEO ACTIVISTA LATAM\",\"isPartOf\":{\"@id\":\"https:\/\/ceoactivismoforbesllyc.enforb.es\/#website\"},\"datePublished\":\"2022-10-03T16:14:09+00:00\",\"dateModified\":\"2023-01-18T23:53:19+00:00\",\"description\":\"La CEO de AT&T se ha posicionado como referente del sector, aprovechando sus canales digitales para impulsar iniciativas corporativas con una visi\u00f3n m\u00e1s humana\",\"breadcrumb\":{\"@id\":\"https:\/\/ceoactivismoforbesllyc.enforb.es\/pt-br\/ceo\/monica-aspe-bernal\/#breadcrumb\"},\"inLanguage\":\"pt-BR\",\"potentialAction\":[{\"@type\":\"ReadAction\",\"target\":[\"https:\/\/ceoactivismoforbesllyc.enforb.es\/pt-br\/ceo\/monica-aspe-bernal\/\"]}]},{\"@type\":\"BreadcrumbList\",\"@id\":\"https:\/\/ceoactivismoforbesllyc.enforb.es\/pt-br\/ceo\/monica-aspe-bernal\/#breadcrumb\",\"itemListElement\":[{\"@type\":\"ListItem\",\"position\":1,\"name\":\"Home\",\"item\":\"https:\/\/ceoactivismoforbesllyc.enforb.es\/pt-br\/\"},{\"@type\":\"ListItem\",\"position\":2,\"name\":\"M\u00d3NICA ASPE BERNAL\"}]},{\"@type\":\"WebSite\",\"@id\":\"https:\/\/ceoactivismoforbesllyc.enforb.es\/#website\",\"url\":\"https:\/\/ceoactivismoforbesllyc.enforb.es\/\",\"name\":\"CEO ACTIVISTA LATAM\",\"description\":\"\",\"potentialAction\":[{\"@type\":\"SearchAction\",\"target\":{\"@type\":\"EntryPoint\",\"urlTemplate\":\"https:\/\/ceoactivismoforbesllyc.enforb.es\/?s={search_term_string}\"},\"query-input\":\"required name=search_term_string\"}],\"inLanguage\":\"pt-BR\"}]}<\/script>\n<!-- \/ Yoast SEO plugin. -->","yoast_head_json":{"title":"M\u00d3NICA ASPE BERNAL - CEO ACTIVISTA LATAM","description":"La CEO de AT&T se ha posicionado como referente del sector, aprovechando sus canales digitales para impulsar iniciativas corporativas con una visi\u00f3n m\u00e1s humana","robots":{"index":"index","follow":"follow","max-snippet":"max-snippet:-1","max-image-preview":"max-image-preview:large","max-video-preview":"max-video-preview:-1"},"canonical":"https:\/\/ceoactivismoforbesllyc.enforb.es\/pt-br\/ceo\/monica-aspe-bernal\/","og_locale":"pt_BR","og_type":"article","og_title":"M\u00d3NICA ASPE BERNAL - CEO ACTIVISTA LATAM","og_description":"La CEO de AT&T se ha posicionado como referente del sector, aprovechando sus canales digitales para impulsar iniciativas corporativas con una visi\u00f3n m\u00e1s humana","og_url":"https:\/\/ceoactivismoforbesllyc.enforb.es\/pt-br\/ceo\/monica-aspe-bernal\/","og_site_name":"CEO ACTIVISTA LATAM","article_modified_time":"2023-01-18T23:53:19+00:00","og_image":[{"width":1200,"height":720,"url":"https:\/\/ceoactivismoforbesllyc.enforb.es\/wp-content\/uploads\/2022\/10\/monica_aspe.jpeg","type":"image\/jpeg"}],"twitter_card":"summary_large_image","twitter_misc":{"Est. tempo de leitura":"2 minutos"},"schema":{"@context":"https:\/\/schema.org","@graph":[{"@type":"WebPage","@id":"https:\/\/ceoactivismoforbesllyc.enforb.es\/pt-br\/ceo\/monica-aspe-bernal\/","url":"https:\/\/ceoactivismoforbesllyc.enforb.es\/pt-br\/ceo\/monica-aspe-bernal\/","name":"M\u00d3NICA ASPE BERNAL - CEO ACTIVISTA LATAM","isPartOf":{"@id":"https:\/\/ceoactivismoforbesllyc.enforb.es\/#website"},"datePublished":"2022-10-03T16:14:09+00:00","dateModified":"2023-01-18T23:53:19+00:00","description":"La CEO de AT&T se ha posicionado como referente del sector, aprovechando sus canales digitales para impulsar iniciativas corporativas con una visi\u00f3n m\u00e1s humana","breadcrumb":{"@id":"https:\/\/ceoactivismoforbesllyc.enforb.es\/pt-br\/ceo\/monica-aspe-bernal\/#breadcrumb"},"inLanguage":"pt-BR","potentialAction":[{"@type":"ReadAction","target":["https:\/\/ceoactivismoforbesllyc.enforb.es\/pt-br\/ceo\/monica-aspe-bernal\/"]}]},{"@type":"BreadcrumbList","@id":"https:\/\/ceoactivismoforbesllyc.enforb.es\/pt-br\/ceo\/monica-aspe-bernal\/#breadcrumb","itemListElement":[{"@type":"ListItem","position":1,"name":"Home","item":"https:\/\/ceoactivismoforbesllyc.enforb.es\/pt-br\/"},{"@type":"ListItem","position":2,"name":"M\u00d3NICA ASPE BERNAL"}]},{"@type":"WebSite","@id":"https:\/\/ceoactivismoforbesllyc.enforb.es\/#website","url":"https:\/\/ceoactivismoforbesllyc.enforb.es\/","name":"CEO ACTIVISTA LATAM","description":"","potentialAction":[{"@type":"SearchAction","target":{"@type":"EntryPoint","urlTemplate":"https:\/\/ceoactivismoforbesllyc.enforb.es\/?s={search_term_string}"},"query-input":"required name=search_term_string"}],"inLanguage":"pt-BR"}]}},"_links":{"self":[{"href":"https:\/\/ceoactivismoforbesllyc.enforb.es\/pt-br\/wp-json\/wp\/v2\/ceo\/2727","targetHints":{"allow":["GET"]}}],"collection":[{"href":"https:\/\/ceoactivismoforbesllyc.enforb.es\/pt-br\/wp-json\/wp\/v2\/ceo"}],"about":[{"href":"https:\/\/ceoactivismoforbesllyc.enforb.es\/pt-br\/wp-json\/wp\/v2\/types\/ceo"}],"version-history":[{"count":1,"href":"https:\/\/ceoactivismoforbesllyc.enforb.es\/pt-br\/wp-json\/wp\/v2\/ceo\/2727\/revisions"}],"predecessor-version":[{"id":2728,"href":"https:\/\/ceoactivismoforbesllyc.enforb.es\/pt-br\/wp-json\/wp\/v2\/ceo\/2727\/revisions\/2728"}],"wp:featuredmedia":[{"embeddable":true,"href":"https:\/\/ceoactivismoforbesllyc.enforb.es\/pt-br\/wp-json\/wp\/v2\/media\/2670"}],"wp:attachment":[{"href":"https:\/\/ceoactivismoforbesllyc.enforb.es\/pt-br\/wp-json\/wp\/v2\/media?parent=2727"}],"curies":[{"name":"wp","href":"https:\/\/api.w.org\/{rel}","templated":true}]}}

MÓNICA ASPE BERNAL

<p>[vc_row equal_height=&#8221;yes&#8221;][vc_column][vc_column_text]A executiva, que tem mestrado em Ciência Política pela Columbia <em>University<sup>1</sup></em>, tem mais de duas décadas de experiência no setor de telecomunicações e é a segunda <em>mulher<sup>2</sup></em> à frente da gigante de telecomunicações.</p>
<p>Para Aspe Bernal, a &#8220;batalha pela igualdade não está ganha, pois a liderança das mulheres nas empresas ainda é exceção à <em>regra&#8221;.<sup>3</sup></em>. As batalhas que motivam Aspe são amplas: diversidade humana, diversidade de gênero, diversidade de pessoas com deficiência, liderança feminina, entre outros.</p>
<p>Desde sua nomeação como CEO, Aspe Bernal tornou-se referência no setor e aproveita a oportunidade para promover iniciativas corporativas com uma perspectiva mais humano, pelo tipo de mensagens que usa.<br />
Ela também amplia sua participação nos diversos fóruns relacionados ao setor de telecomunicações e transformação digital.<br />
Ela também destaca a importância de promover a participação de mais mulheres neste setor.</p>
<p>Com uma sólida comunidade de mais de 23 mil seguidores no Twitter, entre os quais se destacam formadores de opinião, políticos, empresários e consumidores da AT&amp;T, um dos seus principais pontos fortes é a sua interação com eles, agradecendo aos meios de comunicação por ser porta-voz da visibilidade à desigualdade de gênero. Ela também retribui às instituições o espaço para conversar e firmar acordos de investimento em infraestrutura no México para que o país e o setor continuem evoluindo e, acima de tudo, para reconhecer o talento da empresa e dos colegas da indústria que ajudam a construir iniciativas público- privadas em favor do país e das mulheres.</p>
<p>&nbsp;</p>
<p>&nbsp;</p>
<p style="font-size: 10px; color: #f3615a;"><sup>1</sup> <a href="https://eventos.itam.mx/es/noticia/monica-aspe-nombrada-ceo-de-att-mexico"> https://eventos.itam.mx/es/noticia/monica-aspe-nombrada-ceo-de-att-mexico</a></p>
<p style="font-size: 10px; color: #f3615a;"><sup>2</sup> <a href="https://elceo.com/liderazgo/batalla-de-igualdad-de-genero-hay-que-pelearla-diario-monica-aspe-ceo-de-att-mexico/"> https://elceo.com/liderazgo/batalla-de-igualdad-de-genero-hay-que-pelearla-diario-monica-aspe-ceo-de-att-mexico/</a></p>
<p style="font-size: 10px; color: #f3615a;"><sup>3</sup> <a href="https://elceo.com/liderazgo/batalla-de-igualdad-de-genero-hay-que-pelearla-diario-monica-aspe-ceo-de-att-mexico/">https://elceo.com/liderazgo/batalla-de-igualdad-de-genero-hay-que-pelearla-diario-monica-aspe-ceo-de-att-mexico/</a></p>
<p>[/vc_column_text][/vc_column][/vc_row][vc_row full_width=&#8221;stretch_row&#8221; css=&#8221;.vc_custom_1666034478243{padding-top: 5% !important;background-color: #0a263b !important;}&#8221;][vc_column][vc_single_image image=&#8221;2224&#8243; img_size=&#8221;full&#8221; alignment=&#8221;center&#8221; onclick=&#8221;zoom&#8221;][/vc_column][/vc_row]</p>

<!-- This site is optimized with the Yoast SEO plugin v20.12 - https://yoast.com/wordpress/plugins/seo/ -->
<title>MÓNICA ASPE BERNAL - CEO ACTIVISTA LATAM</title>
<meta name="description" content="La CEO de AT&amp;T se ha posicionado como referente del sector, aprovechando sus canales digitales para impulsar iniciativas corporativas con una visión más humana" />
<meta name="robots" content="index, follow, max-snippet:-1, max-image-preview:large, max-video-preview:-1" />
<link rel="canonical" href="https://ceoactivismoforbesllyc.enforb.es/pt-br/ceo/monica-aspe-bernal/" />
<meta property="og:locale" content="pt_BR" />
<meta property="og:type" content="article" />
<meta property="og:title" content="MÓNICA ASPE BERNAL - CEO ACTIVISTA LATAM" />
<meta property="og:description" content="La CEO de AT&amp;T se ha posicionado como referente del sector, aprovechando sus canales digitales para impulsar iniciativas corporativas con una visión más humana" />
<meta property="og:url" content="https://ceoactivismoforbesllyc.enforb.es/pt-br/ceo/monica-aspe-bernal/" />
<meta property="og:site_name" content="CEO ACTIVISTA LATAM" />
<meta property="article:modified_time" content="2023-01-18T23:53:19+00:00" />
<meta property="og:image" content="https://ceoactivismoforbesllyc.enforb.es/wp-content/uploads/2022/10/monica_aspe.jpeg" />
	<meta property="og:image:width" content="1200" />
	<meta property="og:image:height" content="720" />
	<meta property="og:image:type" content="image/jpeg" />
<meta name="twitter:card" content="summary_large_image" />
<meta name="twitter:label1" content="Est. tempo de leitura" />
	<meta name="twitter:data1" content="2 minutos" />
<script type="application/ld+json" class="yoast-schema-graph">{"@context":"https://schema.org","@graph":[{"@type":"WebPage","@id":"https://ceoactivismoforbesllyc.enforb.es/pt-br/ceo/monica-aspe-bernal/","url":"https://ceoactivismoforbesllyc.enforb.es/pt-br/ceo/monica-aspe-bernal/","name":"MÓNICA ASPE BERNAL - CEO ACTIVISTA LATAM","isPartOf":{"@id":"https://ceoactivismoforbesllyc.enforb.es/#website"},"datePublished":"2022-10-03T16:14:09+00:00","dateModified":"2023-01-18T23:53:19+00:00","description":"La CEO de AT&T se ha posicionado como referente del sector, aprovechando sus canales digitales para impulsar iniciativas corporativas con una visión más humana","breadcrumb":{"@id":"https://ceoactivismoforbesllyc.enforb.es/pt-br/ceo/monica-aspe-bernal/#breadcrumb"},"inLanguage":"pt-BR","potentialAction":[{"@type":"ReadAction","target":["https://ceoactivismoforbesllyc.enforb.es/pt-br/ceo/monica-aspe-bernal/"]}]},{"@type":"BreadcrumbList","@id":"https://ceoactivismoforbesllyc.enforb.es/pt-br/ceo/monica-aspe-bernal/#breadcrumb","itemListElement":[{"@type":"ListItem","position":1,"name":"Home","item":"https://ceoactivismoforbesllyc.enforb.es/pt-br/"},{"@type":"ListItem","position":2,"name":"MÓNICA ASPE BERNAL"}]},{"@type":"WebSite","@id":"https://ceoactivismoforbesllyc.enforb.es/#website","url":"https://ceoactivismoforbesllyc.enforb.es/","name":"CEO ACTIVISTA LATAM","description":"","potentialAction":[{"@type":"SearchAction","target":{"@type":"EntryPoint","urlTemplate":"https://ceoactivismoforbesllyc.enforb.es/?s={search_term_string}"},"query-input":"required name=search_term_string"}],"inLanguage":"pt-BR"}]}</script>
<!-- / Yoast SEO plugin. -->

MÓNICA ASPE BERNAL - CEO ACTIVISTA LATAM

La CEO de AT&T se ha posicionado como referente del sector, aprovechando sus canales digitales para impulsar iniciativas corporativas con una visión más humana
