{"id":2723,"date":"2022-09-29T23:15:53","date_gmt":"2022-09-29T23:15:53","guid":{"rendered":"https:\/\/ceoactivismoforbesllyc.enforb.es\/ceo\/maria-gutierrez-botero\/"},"modified":"2023-01-18T16:57:46","modified_gmt":"2023-01-18T22:57:46","slug":"maria-gutierrez-botero","status":"publish","type":"ceo","link":"https:\/\/ceoactivismoforbesllyc.enforb.es\/pt-br\/ceo\/maria-gutierrez-botero\/","title":{"rendered":"MAR\u00cdA GUTI\u00c9RREZ BOTERO"},"content":{"rendered":"<p>[vc_row equal_height=&#8221;yes&#8221;][vc_column width=&#8221;1\/3&#8243; el_class=&#8221;imagen-movil&#8221; css=&#8221;.vc_custom_1664493390243{background-image: url(https:\/\/ceoactivismoforbesllyc.enforb.es\/wp-content\/uploads\/2022\/09\/forbes.10.jpeg?id=2062) !important;background-position: center !important;background-repeat: no-repeat !important;background-size: cover !important;}&#8221;][\/vc_column][vc_column width=&#8221;2\/3&#8243;][vc_column_text]A atual CEO da Corficolombiana, holding de investimentos, com foco nos \u00faltimos anos nas \u00e1reas de infraestrutura de transporte, distribui\u00e7\u00e3o e transporte de g\u00e1s natural, hotelaria e agroneg\u00f3cio, tem uma conex\u00e3o bastante pr\u00f3xima com o campo acad\u00eamico. Ela j\u00e1 atuou como professora e reitora da Faculdade de Administra\u00e7\u00e3o da Universidade de Los Andes, foi membro do Conselho Consultivo Internacional da Universidade de Durham; passou pelo setor p\u00fablico como Ministra do Com\u00e9rcio, Embaixadora da Col\u00f4mbia na Alemanha e Secret\u00e1ria Geral da Presid\u00eancia no governo de Juan Manuel Santos.<\/p>\n<p>Esta engenheira industrial \u00e9 considerada uma das 50 mulheres poderosas, de acordo com a Forbes Col\u00f4mbia 2022 e, atualmente, sendo CEO na holding Corficolombiana, ela \u00e9 uma parte essencial na gest\u00e3o, administra\u00e7\u00e3o de projetos de desenvolvimento econ\u00f4mico, social e ambiental do pa\u00eds <em>cafeeiro<sup>1<\/sup><\/em>.<\/p>\n<p>Gutierrez aproveita suas redes para apresentar sua vis\u00e3o de colabora\u00e7\u00e3o p\u00fablico-privada em favor do desenvolvimento da Col\u00f4mbia.<br \/>\nEla n\u00e3o tem medo de abordar quest\u00f5es pol\u00edticas e compartilha entrevistas e conte\u00fados com propostas a favor do desenvolvimento econ\u00f4mico e a atividade produtiva respons\u00e1vel.<\/p>\n<p>Devido \u00e0 diversidade de setores em que investe a holding que lidera, Maria Lorena Gutierrez distribui por igual sua presen\u00e7a digital, e faz quest\u00e3o de abordar t\u00f3picos relacionadas ao g\u00e1s natural, por exemplo, sempre que compartilha conte\u00fado sobre o agroneg\u00f3cio.<\/p>\n<p>Durante o recente per\u00edodo eleitoral na Col\u00f4mbia, a CEO soube usar o meio digital para abrir um di\u00e1logo para lhe permitir orientar as prioridades para o novo governo. Ela tamb\u00e9m se empenha para se relacionar com a m\u00eddia e as autoridades, usando corretamente r\u00f3tulos e gest\u00e3o estrat\u00e9gica da comunidade que lhe permite interagir e amplificar conte\u00fados de terceiros que sejam relevantes para o seu posicionamento e o do seu neg\u00f3cio.<\/p>\n<p>&nbsp;<\/p>\n<p>&nbsp;<\/p>\n<p style=\"font-size: 10px; color: #f3615a;\"><sup>1<\/sup> <a href=\"https:\/\/forbes.co\/2022\/05\/06\/mujeres-poderosas-2022\/el-poder-de-un-cargo-no-lo-da-el-cargo-sino-el-equipo-con-el-que-se-trabaja-maria-lorena-gutierrez\/\">https:\/\/forbes.co\/2022\/05\/06\/mujeres-poderosas-2022\/el-poder-de-un-cargo-no-lo-da-el-cargo-sino-el-equipo-con-el-que-se-trabaja-maria-lorena-gutierrez\/<\/a><\/p>\n<p>[\/vc_column_text][\/vc_column][\/vc_row][vc_row full_width=&#8221;stretch_row&#8221; css=&#8221;.vc_custom_1666034478243{padding-top: 5% !important;background-color: #0a263b !important;}&#8221;][vc_column][vc_single_image image=&#8221;2223&#8243; img_size=&#8221;full&#8221; alignment=&#8221;center&#8221; onclick=&#8221;zoom&#8221;][\/vc_column][\/vc_row]<\/p>\n","protected":false},"featured_media":2668,"menu_order":0,"template":"","format":"standard","meta":{"content-type":"","_mi_skip_tracking":false,"_monsterinsights_sitenote_active":false,"_monsterinsights_sitenote_note":"","_monsterinsights_sitenote_category":0,"footnotes":""},"class_list":["post-2723","ceo","type-ceo","status-publish","format-standard","has-post-thumbnail","hentry","description-off"],"acf":[],"yoast_head":"<!-- This site is optimized with the Yoast SEO plugin v20.12 - https:\/\/yoast.com\/wordpress\/plugins\/seo\/ -->\n<title>MAR\u00cdA GUTI\u00c9RREZ BOTERO - CEO ACTIVISTA LATAM<\/title>\n<meta name=\"description\" content=\"La CEO de Corficolombiana es un ejemplo de CEO Activista en LATAM pues no teme abordar temas pol\u00edticos y propuestas para el desarrollo econ\u00f3mico de su pa\u00eds.\" \/>\n<meta name=\"robots\" content=\"index, follow, max-snippet:-1, max-image-preview:large, max-video-preview:-1\" \/>\n<link rel=\"canonical\" href=\"https:\/\/ceoactivismoforbesllyc.enforb.es\/pt-br\/ceo\/maria-gutierrez-botero\/\" \/>\n<meta property=\"og:locale\" content=\"pt_BR\" \/>\n<meta property=\"og:type\" content=\"article\" \/>\n<meta property=\"og:title\" content=\"MAR\u00cdA GUTI\u00c9RREZ BOTERO - CEO ACTIVISTA LATAM\" \/>\n<meta property=\"og:description\" content=\"La CEO de Corficolombiana es un ejemplo de CEO Activista en LATAM pues no teme abordar temas pol\u00edticos y propuestas para el desarrollo econ\u00f3mico de su pa\u00eds.\" \/>\n<meta property=\"og:url\" content=\"https:\/\/ceoactivismoforbesllyc.enforb.es\/pt-br\/ceo\/maria-gutierrez-botero\/\" \/>\n<meta property=\"og:site_name\" content=\"CEO ACTIVISTA LATAM\" \/>\n<meta property=\"article:modified_time\" content=\"2023-01-18T22:57:46+00:00\" \/>\n<meta property=\"og:image\" content=\"https:\/\/ceoactivismoforbesllyc.enforb.es\/wp-content\/uploads\/2022\/09\/Maria-Lorena-Gutierrez-3.jpg\" \/>\n\t<meta property=\"og:image:width\" content=\"1080\" \/>\n\t<meta property=\"og:image:height\" content=\"900\" \/>\n\t<meta property=\"og:image:type\" content=\"image\/jpeg\" \/>\n<meta name=\"twitter:card\" content=\"summary_large_image\" \/>\n<meta name=\"twitter:label1\" content=\"Est. tempo de leitura\" \/>\n\t<meta name=\"twitter:data1\" content=\"2 minutos\" \/>\n<script type=\"application\/ld+json\" class=\"yoast-schema-graph\">{\"@context\":\"https:\/\/schema.org\",\"@graph\":[{\"@type\":\"WebPage\",\"@id\":\"https:\/\/ceoactivismoforbesllyc.enforb.es\/pt-br\/ceo\/maria-gutierrez-botero\/\",\"url\":\"https:\/\/ceoactivismoforbesllyc.enforb.es\/pt-br\/ceo\/maria-gutierrez-botero\/\",\"name\":\"MAR\u00cdA GUTI\u00c9RREZ BOTERO - CEO ACTIVISTA LATAM\",\"isPartOf\":{\"@id\":\"https:\/\/ceoactivismoforbesllyc.enforb.es\/#website\"},\"datePublished\":\"2022-09-29T23:15:53+00:00\",\"dateModified\":\"2023-01-18T22:57:46+00:00\",\"description\":\"La CEO de Corficolombiana es un ejemplo de CEO Activista en LATAM pues no teme abordar temas pol\u00edticos y propuestas para el desarrollo econ\u00f3mico de su pa\u00eds.\",\"breadcrumb\":{\"@id\":\"https:\/\/ceoactivismoforbesllyc.enforb.es\/pt-br\/ceo\/maria-gutierrez-botero\/#breadcrumb\"},\"inLanguage\":\"pt-BR\",\"potentialAction\":[{\"@type\":\"ReadAction\",\"target\":[\"https:\/\/ceoactivismoforbesllyc.enforb.es\/pt-br\/ceo\/maria-gutierrez-botero\/\"]}]},{\"@type\":\"BreadcrumbList\",\"@id\":\"https:\/\/ceoactivismoforbesllyc.enforb.es\/pt-br\/ceo\/maria-gutierrez-botero\/#breadcrumb\",\"itemListElement\":[{\"@type\":\"ListItem\",\"position\":1,\"name\":\"Home\",\"item\":\"https:\/\/ceoactivismoforbesllyc.enforb.es\/pt-br\/\"},{\"@type\":\"ListItem\",\"position\":2,\"name\":\"MAR\u00cdA GUTI\u00c9RREZ BOTERO\"}]},{\"@type\":\"WebSite\",\"@id\":\"https:\/\/ceoactivismoforbesllyc.enforb.es\/#website\",\"url\":\"https:\/\/ceoactivismoforbesllyc.enforb.es\/\",\"name\":\"CEO ACTIVISTA LATAM\",\"description\":\"\",\"potentialAction\":[{\"@type\":\"SearchAction\",\"target\":{\"@type\":\"EntryPoint\",\"urlTemplate\":\"https:\/\/ceoactivismoforbesllyc.enforb.es\/?s={search_term_string}\"},\"query-input\":\"required name=search_term_string\"}],\"inLanguage\":\"pt-BR\"}]}<\/script>\n<!-- \/ Yoast SEO plugin. -->","yoast_head_json":{"title":"MAR\u00cdA GUTI\u00c9RREZ BOTERO - CEO ACTIVISTA LATAM","description":"La CEO de Corficolombiana es un ejemplo de CEO Activista en LATAM pues no teme abordar temas pol\u00edticos y propuestas para el desarrollo econ\u00f3mico de su pa\u00eds.","robots":{"index":"index","follow":"follow","max-snippet":"max-snippet:-1","max-image-preview":"max-image-preview:large","max-video-preview":"max-video-preview:-1"},"canonical":"https:\/\/ceoactivismoforbesllyc.enforb.es\/pt-br\/ceo\/maria-gutierrez-botero\/","og_locale":"pt_BR","og_type":"article","og_title":"MAR\u00cdA GUTI\u00c9RREZ BOTERO - CEO ACTIVISTA LATAM","og_description":"La CEO de Corficolombiana es un ejemplo de CEO Activista en LATAM pues no teme abordar temas pol\u00edticos y propuestas para el desarrollo econ\u00f3mico de su pa\u00eds.","og_url":"https:\/\/ceoactivismoforbesllyc.enforb.es\/pt-br\/ceo\/maria-gutierrez-botero\/","og_site_name":"CEO ACTIVISTA LATAM","article_modified_time":"2023-01-18T22:57:46+00:00","og_image":[{"width":1080,"height":900,"url":"https:\/\/ceoactivismoforbesllyc.enforb.es\/wp-content\/uploads\/2022\/09\/Maria-Lorena-Gutierrez-3.jpg","type":"image\/jpeg"}],"twitter_card":"summary_large_image","twitter_misc":{"Est. tempo de leitura":"2 minutos"},"schema":{"@context":"https:\/\/schema.org","@graph":[{"@type":"WebPage","@id":"https:\/\/ceoactivismoforbesllyc.enforb.es\/pt-br\/ceo\/maria-gutierrez-botero\/","url":"https:\/\/ceoactivismoforbesllyc.enforb.es\/pt-br\/ceo\/maria-gutierrez-botero\/","name":"MAR\u00cdA GUTI\u00c9RREZ BOTERO - CEO ACTIVISTA LATAM","isPartOf":{"@id":"https:\/\/ceoactivismoforbesllyc.enforb.es\/#website"},"datePublished":"2022-09-29T23:15:53+00:00","dateModified":"2023-01-18T22:57:46+00:00","description":"La CEO de Corficolombiana es un ejemplo de CEO Activista en LATAM pues no teme abordar temas pol\u00edticos y propuestas para el desarrollo econ\u00f3mico de su pa\u00eds.","breadcrumb":{"@id":"https:\/\/ceoactivismoforbesllyc.enforb.es\/pt-br\/ceo\/maria-gutierrez-botero\/#breadcrumb"},"inLanguage":"pt-BR","potentialAction":[{"@type":"ReadAction","target":["https:\/\/ceoactivismoforbesllyc.enforb.es\/pt-br\/ceo\/maria-gutierrez-botero\/"]}]},{"@type":"BreadcrumbList","@id":"https:\/\/ceoactivismoforbesllyc.enforb.es\/pt-br\/ceo\/maria-gutierrez-botero\/#breadcrumb","itemListElement":[{"@type":"ListItem","position":1,"name":"Home","item":"https:\/\/ceoactivismoforbesllyc.enforb.es\/pt-br\/"},{"@type":"ListItem","position":2,"name":"MAR\u00cdA GUTI\u00c9RREZ BOTERO"}]},{"@type":"WebSite","@id":"https:\/\/ceoactivismoforbesllyc.enforb.es\/#website","url":"https:\/\/ceoactivismoforbesllyc.enforb.es\/","name":"CEO ACTIVISTA LATAM","description":"","potentialAction":[{"@type":"SearchAction","target":{"@type":"EntryPoint","urlTemplate":"https:\/\/ceoactivismoforbesllyc.enforb.es\/?s={search_term_string}"},"query-input":"required name=search_term_string"}],"inLanguage":"pt-BR"}]}},"_links":{"self":[{"href":"https:\/\/ceoactivismoforbesllyc.enforb.es\/pt-br\/wp-json\/wp\/v2\/ceo\/2723","targetHints":{"allow":["GET"]}}],"collection":[{"href":"https:\/\/ceoactivismoforbesllyc.enforb.es\/pt-br\/wp-json\/wp\/v2\/ceo"}],"about":[{"href":"https:\/\/ceoactivismoforbesllyc.enforb.es\/pt-br\/wp-json\/wp\/v2\/types\/ceo"}],"version-history":[{"count":3,"href":"https:\/\/ceoactivismoforbesllyc.enforb.es\/pt-br\/wp-json\/wp\/v2\/ceo\/2723\/revisions"}],"predecessor-version":[{"id":2726,"href":"https:\/\/ceoactivismoforbesllyc.enforb.es\/pt-br\/wp-json\/wp\/v2\/ceo\/2723\/revisions\/2726"}],"wp:featuredmedia":[{"embeddable":true,"href":"https:\/\/ceoactivismoforbesllyc.enforb.es\/pt-br\/wp-json\/wp\/v2\/media\/2668"}],"wp:attachment":[{"href":"https:\/\/ceoactivismoforbesllyc.enforb.es\/pt-br\/wp-json\/wp\/v2\/media?parent=2723"}],"curies":[{"name":"wp","href":"https:\/\/api.w.org\/{rel}","templated":true}]}}

MARÍA GUTIÉRREZ BOTERO

<p>[vc_row equal_height=&#8221;yes&#8221;][vc_column width=&#8221;1/3&#8243; el_class=&#8221;imagen-movil&#8221; css=&#8221;.vc_custom_1664493390243{background-image: url(https://ceoactivismoforbesllyc.enforb.es/wp-content/uploads/2022/09/forbes.10.jpeg?id=2062) !important;background-position: center !important;background-repeat: no-repeat !important;background-size: cover !important;}&#8221;][/vc_column][vc_column width=&#8221;2/3&#8243;][vc_column_text]A atual CEO da Corficolombiana, holding de investimentos, com foco nos últimos anos nas áreas de infraestrutura de transporte, distribuição e transporte de gás natural, hotelaria e agronegócio, tem uma conexão bastante próxima com o campo acadêmico. Ela já atuou como professora e reitora da Faculdade de Administração da Universidade de Los Andes, foi membro do Conselho Consultivo Internacional da Universidade de Durham; passou pelo setor público como Ministra do Comércio, Embaixadora da Colômbia na Alemanha e Secretária Geral da Presidência no governo de Juan Manuel Santos.</p>
<p>Esta engenheira industrial é considerada uma das 50 mulheres poderosas, de acordo com a Forbes Colômbia 2022 e, atualmente, sendo CEO na holding Corficolombiana, ela é uma parte essencial na gestão, administração de projetos de desenvolvimento econômico, social e ambiental do país <em>cafeeiro<sup>1</sup></em>.</p>
<p>Gutierrez aproveita suas redes para apresentar sua visão de colaboração público-privada em favor do desenvolvimento da Colômbia.<br />
Ela não tem medo de abordar questões políticas e compartilha entrevistas e conteúdos com propostas a favor do desenvolvimento econômico e a atividade produtiva responsável.</p>
<p>Devido à diversidade de setores em que investe a holding que lidera, Maria Lorena Gutierrez distribui por igual sua presença digital, e faz questão de abordar tópicos relacionadas ao gás natural, por exemplo, sempre que compartilha conteúdo sobre o agronegócio.</p>
<p>Durante o recente período eleitoral na Colômbia, a CEO soube usar o meio digital para abrir um diálogo para lhe permitir orientar as prioridades para o novo governo. Ela também se empenha para se relacionar com a mídia e as autoridades, usando corretamente rótulos e gestão estratégica da comunidade que lhe permite interagir e amplificar conteúdos de terceiros que sejam relevantes para o seu posicionamento e o do seu negócio.</p>
<p>&nbsp;</p>
<p>&nbsp;</p>
<p style="font-size: 10px; color: #f3615a;"><sup>1</sup> <a href="https://forbes.co/2022/05/06/mujeres-poderosas-2022/el-poder-de-un-cargo-no-lo-da-el-cargo-sino-el-equipo-con-el-que-se-trabaja-maria-lorena-gutierrez/">https://forbes.co/2022/05/06/mujeres-poderosas-2022/el-poder-de-un-cargo-no-lo-da-el-cargo-sino-el-equipo-con-el-que-se-trabaja-maria-lorena-gutierrez/</a></p>
<p>[/vc_column_text][/vc_column][/vc_row][vc_row full_width=&#8221;stretch_row&#8221; css=&#8221;.vc_custom_1666034478243{padding-top: 5% !important;background-color: #0a263b !important;}&#8221;][vc_column][vc_single_image image=&#8221;2223&#8243; img_size=&#8221;full&#8221; alignment=&#8221;center&#8221; onclick=&#8221;zoom&#8221;][/vc_column][/vc_row]</p>

<!-- This site is optimized with the Yoast SEO plugin v20.12 - https://yoast.com/wordpress/plugins/seo/ -->
<title>MARÍA GUTIÉRREZ BOTERO - CEO ACTIVISTA LATAM</title>
<meta name="description" content="La CEO de Corficolombiana es un ejemplo de CEO Activista en LATAM pues no teme abordar temas políticos y propuestas para el desarrollo económico de su país." />
<meta name="robots" content="index, follow, max-snippet:-1, max-image-preview:large, max-video-preview:-1" />
<link rel="canonical" href="https://ceoactivismoforbesllyc.enforb.es/pt-br/ceo/maria-gutierrez-botero/" />
<meta property="og:locale" content="pt_BR" />
<meta property="og:type" content="article" />
<meta property="og:title" content="MARÍA GUTIÉRREZ BOTERO - CEO ACTIVISTA LATAM" />
<meta property="og:description" content="La CEO de Corficolombiana es un ejemplo de CEO Activista en LATAM pues no teme abordar temas políticos y propuestas para el desarrollo económico de su país." />
<meta property="og:url" content="https://ceoactivismoforbesllyc.enforb.es/pt-br/ceo/maria-gutierrez-botero/" />
<meta property="og:site_name" content="CEO ACTIVISTA LATAM" />
<meta property="article:modified_time" content="2023-01-18T22:57:46+00:00" />
<meta property="og:image" content="https://ceoactivismoforbesllyc.enforb.es/wp-content/uploads/2022/09/Maria-Lorena-Gutierrez-3.jpg" />
	<meta property="og:image:width" content="1080" />
	<meta property="og:image:height" content="900" />
	<meta property="og:image:type" content="image/jpeg" />
<meta name="twitter:card" content="summary_large_image" />
<meta name="twitter:label1" content="Est. tempo de leitura" />
	<meta name="twitter:data1" content="2 minutos" />
<script type="application/ld+json" class="yoast-schema-graph">{"@context":"https://schema.org","@graph":[{"@type":"WebPage","@id":"https://ceoactivismoforbesllyc.enforb.es/pt-br/ceo/maria-gutierrez-botero/","url":"https://ceoactivismoforbesllyc.enforb.es/pt-br/ceo/maria-gutierrez-botero/","name":"MARÍA GUTIÉRREZ BOTERO - CEO ACTIVISTA LATAM","isPartOf":{"@id":"https://ceoactivismoforbesllyc.enforb.es/#website"},"datePublished":"2022-09-29T23:15:53+00:00","dateModified":"2023-01-18T22:57:46+00:00","description":"La CEO de Corficolombiana es un ejemplo de CEO Activista en LATAM pues no teme abordar temas políticos y propuestas para el desarrollo económico de su país.","breadcrumb":{"@id":"https://ceoactivismoforbesllyc.enforb.es/pt-br/ceo/maria-gutierrez-botero/#breadcrumb"},"inLanguage":"pt-BR","potentialAction":[{"@type":"ReadAction","target":["https://ceoactivismoforbesllyc.enforb.es/pt-br/ceo/maria-gutierrez-botero/"]}]},{"@type":"BreadcrumbList","@id":"https://ceoactivismoforbesllyc.enforb.es/pt-br/ceo/maria-gutierrez-botero/#breadcrumb","itemListElement":[{"@type":"ListItem","position":1,"name":"Home","item":"https://ceoactivismoforbesllyc.enforb.es/pt-br/"},{"@type":"ListItem","position":2,"name":"MARÍA GUTIÉRREZ BOTERO"}]},{"@type":"WebSite","@id":"https://ceoactivismoforbesllyc.enforb.es/#website","url":"https://ceoactivismoforbesllyc.enforb.es/","name":"CEO ACTIVISTA LATAM","description":"","potentialAction":[{"@type":"SearchAction","target":{"@type":"EntryPoint","urlTemplate":"https://ceoactivismoforbesllyc.enforb.es/?s={search_term_string}"},"query-input":"required name=search_term_string"}],"inLanguage":"pt-BR"}]}</script>
<!-- / Yoast SEO plugin. -->

MARÍA GUTIÉRREZ BOTERO - CEO ACTIVISTA LATAM

La CEO de Corficolombiana es un ejemplo de CEO Activista en LATAM pues no teme abordar temas políticos y propuestas para el desarrollo económico de su país.
