{"id":2720,"date":"2022-09-29T21:49:28","date_gmt":"2022-09-29T21:49:28","guid":{"rendered":"https:\/\/ceoactivismoforbesllyc.enforb.es\/ceo\/alejandra-mustakis\/"},"modified":"2023-01-18T16:04:55","modified_gmt":"2023-01-18T22:04:55","slug":"alejandra-mustakis","status":"publish","type":"ceo","link":"https:\/\/ceoactivismoforbesllyc.enforb.es\/pt-br\/ceo\/alejandra-mustakis\/","title":{"rendered":"ALEJANDRA MUSTAKIS"},"content":{"rendered":"<p>[vc_row equal_height=&#8221;yes&#8221;][vc_column width=&#8221;1\/3&#8243; el_class=&#8221;imagen-movil&#8221; css=&#8221;.vc_custom_1664492596985{background-image: url(https:\/\/ceoactivismoforbesllyc.enforb.es\/wp-content\/uploads\/2022\/09\/DMiHKnCWsAAiJ4u.jpeg?id=2056) !important;background-position: center !important;background-repeat: no-repeat !important;background-size: contain !important;}&#8221;][\/vc_column][vc_column width=&#8221;2\/3&#8243;][vc_column_text]A designer industrial e empres\u00e1ria chilena \u00e9 a fundadora de v\u00e1rias empresas como a <em>Medular<sup>1<\/sup><\/em>, uma empresa de m\u00f3veis e decora\u00e7\u00e3o, e a <em>Kauel<sup>2<\/sup><\/em>, empresa de tecnologia e inova\u00e7\u00e3o que lidera a transforma\u00e7\u00e3o da ind\u00fastria 4.0 com Intelig\u00eancia Artificial.<\/p>\n<p>Com v\u00e1rias empresas em sua experi\u00eancia, Mustakis \u00e9 ativista do empreendedorismo e defensora das pequenas e m\u00e9dias empresas e aposta nelas porque &#8220;s\u00e3o o motor da economia&#8221;.<\/p>\n<p>Nessa linha, a empres\u00e1ria e empreendedora que demonstra ser f\u00e3 de empreendedorismo social e de fazer as coisas de forma diferente tem um perfil ativo nas redes sociais. Suas postagens s\u00e3o bastante voltadas ao desenvolvimento e \u00e0 participa\u00e7\u00e3o das mulheres, principalmente dentro das empresas porque, na sua opini\u00e3o, empresas que n\u00e3o t\u00eam mulheres nos seus cargos de chefia &#8220;est\u00e3o perdendo um ponto de vista necess\u00e1rio, uma vis\u00e3o colaborativa com c\u00f3digos que s\u00e3o muito importantes&#8221;.<\/p>\n<p>Embora ela seja ativa em suas duas redes sociais, a quantidade de conte\u00fado (8 postagens\/m\u00eas no LK) n\u00e3o \u00e9 a parte mais importante, e sim sua intera\u00e7\u00e3o com outros conte\u00fados de valor para ela; como empreendimentos com significado como Algramo ou o reconhecimento das mulheres na tecnologia da Camiseteados.<\/p>\n<p>Assim, ela promove e replica iniciativas para as quais costuma ser convidada devido ao seu papel de lideran\u00e7a feminina empreendedora (PowerUp, Mujeres Scotiabank, Cena Acti 2022), por atividades de suas pr\u00f3prias empresas (Fundaci\u00f3n Mustakis) ou como refer\u00eancia de opini\u00e3o em diversos meios de comunica\u00e7\u00e3o nacionais (El Mostrador, Revista Aldamir), j\u00e1 que, normalmente, \u00e9 ela quem \u00e9 convidada obrigat\u00f3ria quando se trata de falar sobre um dos temas de sua experi\u00eancia. Ela \u00e9 conhecida por ser uma pessoa acess\u00edvel e participativa, com uma comunica\u00e7\u00e3o pr\u00f3xima que humaniza seu perfil, em muitas ocasi\u00f5es postando suas pr\u00f3prias fotos.<\/p>\n<p>&nbsp;<\/p>\n<p>&nbsp;<\/p>\n<p style=\"font-size: 10px; color: #f3615a;\"><sup>1<\/sup> <a href=\"https:\/\/medular.cl\/\">https:\/\/medular.cl\/<\/a><\/p>\n<p style=\"font-size: 10px; color: #f3615a;\"><sup>2<\/sup> <a href=\"https:\/\/kauel.com\/nosotros\/\">https:\/\/kauel.com\/nosotros\/<\/a><\/p>\n<p>[\/vc_column_text][\/vc_column][\/vc_row][vc_row full_width=&#8221;stretch_row&#8221; css=&#8221;.vc_custom_1666034478243{padding-top: 5% !important;background-color: #0a263b !important;}&#8221;][vc_column][vc_single_image image=&#8221;2222&#8243; img_size=&#8221;full&#8221; alignment=&#8221;center&#8221; onclick=&#8221;zoom&#8221;][\/vc_column][\/vc_row]<\/p>\n","protected":false},"featured_media":2702,"menu_order":0,"template":"","format":"standard","meta":{"content-type":"","_mi_skip_tracking":false,"_monsterinsights_sitenote_active":false,"_monsterinsights_sitenote_note":"","_monsterinsights_sitenote_category":0,"footnotes":""},"class_list":["post-2720","ceo","type-ceo","status-publish","format-standard","has-post-thumbnail","hentry","description-off"],"acf":[],"yoast_head":"<!-- This site is optimized with the Yoast SEO plugin v20.12 - https:\/\/yoast.com\/wordpress\/plugins\/seo\/ -->\n<title>ALEJANDRA MUSTAKIS - CEO ACTIVISTA LATAM<\/title>\n<meta name=\"description\" content=\"La fundadora de Medular en Chile es una activista del emprendimiento y defensora de las peque\u00f1as empresas porque \u2018son el motor de la econom\u00eda\u2019\" \/>\n<meta name=\"robots\" content=\"index, follow, max-snippet:-1, max-image-preview:large, max-video-preview:-1\" \/>\n<link rel=\"canonical\" href=\"https:\/\/ceoactivismoforbesllyc.enforb.es\/pt-br\/ceo\/alejandra-mustakis\/\" \/>\n<meta property=\"og:locale\" content=\"pt_BR\" \/>\n<meta property=\"og:type\" content=\"article\" \/>\n<meta property=\"og:title\" content=\"ALEJANDRA MUSTAKIS - CEO ACTIVISTA LATAM\" \/>\n<meta property=\"og:description\" content=\"La fundadora de Medular en Chile es una activista del emprendimiento y defensora de las peque\u00f1as empresas porque \u2018son el motor de la econom\u00eda\u2019\" \/>\n<meta property=\"og:url\" content=\"https:\/\/ceoactivismoforbesllyc.enforb.es\/pt-br\/ceo\/alejandra-mustakis\/\" \/>\n<meta property=\"og:site_name\" content=\"CEO ACTIVISTA LATAM\" \/>\n<meta property=\"article:modified_time\" content=\"2023-01-18T22:04:55+00:00\" \/>\n<meta property=\"og:image\" content=\"https:\/\/ceoactivismoforbesllyc.enforb.es\/wp-content\/uploads\/2022\/09\/ALEJANDRA-MUSTAKIS.jpg\" \/>\n\t<meta property=\"og:image:width\" content=\"1080\" \/>\n\t<meta property=\"og:image:height\" content=\"900\" \/>\n\t<meta property=\"og:image:type\" content=\"image\/jpeg\" \/>\n<meta name=\"twitter:card\" content=\"summary_large_image\" \/>\n<meta name=\"twitter:label1\" content=\"Est. tempo de leitura\" \/>\n\t<meta name=\"twitter:data1\" content=\"2 minutos\" \/>\n<script type=\"application\/ld+json\" class=\"yoast-schema-graph\">{\"@context\":\"https:\/\/schema.org\",\"@graph\":[{\"@type\":\"WebPage\",\"@id\":\"https:\/\/ceoactivismoforbesllyc.enforb.es\/pt-br\/ceo\/alejandra-mustakis\/\",\"url\":\"https:\/\/ceoactivismoforbesllyc.enforb.es\/pt-br\/ceo\/alejandra-mustakis\/\",\"name\":\"ALEJANDRA MUSTAKIS - CEO ACTIVISTA LATAM\",\"isPartOf\":{\"@id\":\"https:\/\/ceoactivismoforbesllyc.enforb.es\/#website\"},\"datePublished\":\"2022-09-29T21:49:28+00:00\",\"dateModified\":\"2023-01-18T22:04:55+00:00\",\"description\":\"La fundadora de Medular en Chile es una activista del emprendimiento y defensora de las peque\u00f1as empresas porque \u2018son el motor de la econom\u00eda\u2019\",\"breadcrumb\":{\"@id\":\"https:\/\/ceoactivismoforbesllyc.enforb.es\/pt-br\/ceo\/alejandra-mustakis\/#breadcrumb\"},\"inLanguage\":\"pt-BR\",\"potentialAction\":[{\"@type\":\"ReadAction\",\"target\":[\"https:\/\/ceoactivismoforbesllyc.enforb.es\/pt-br\/ceo\/alejandra-mustakis\/\"]}]},{\"@type\":\"BreadcrumbList\",\"@id\":\"https:\/\/ceoactivismoforbesllyc.enforb.es\/pt-br\/ceo\/alejandra-mustakis\/#breadcrumb\",\"itemListElement\":[{\"@type\":\"ListItem\",\"position\":1,\"name\":\"Home\",\"item\":\"https:\/\/ceoactivismoforbesllyc.enforb.es\/pt-br\/\"},{\"@type\":\"ListItem\",\"position\":2,\"name\":\"ALEJANDRA MUSTAKIS\"}]},{\"@type\":\"WebSite\",\"@id\":\"https:\/\/ceoactivismoforbesllyc.enforb.es\/#website\",\"url\":\"https:\/\/ceoactivismoforbesllyc.enforb.es\/\",\"name\":\"CEO ACTIVISTA LATAM\",\"description\":\"\",\"potentialAction\":[{\"@type\":\"SearchAction\",\"target\":{\"@type\":\"EntryPoint\",\"urlTemplate\":\"https:\/\/ceoactivismoforbesllyc.enforb.es\/?s={search_term_string}\"},\"query-input\":\"required name=search_term_string\"}],\"inLanguage\":\"pt-BR\"}]}<\/script>\n<!-- \/ Yoast SEO plugin. -->","yoast_head_json":{"title":"ALEJANDRA MUSTAKIS - CEO ACTIVISTA LATAM","description":"La fundadora de Medular en Chile es una activista del emprendimiento y defensora de las peque\u00f1as empresas porque \u2018son el motor de la econom\u00eda\u2019","robots":{"index":"index","follow":"follow","max-snippet":"max-snippet:-1","max-image-preview":"max-image-preview:large","max-video-preview":"max-video-preview:-1"},"canonical":"https:\/\/ceoactivismoforbesllyc.enforb.es\/pt-br\/ceo\/alejandra-mustakis\/","og_locale":"pt_BR","og_type":"article","og_title":"ALEJANDRA MUSTAKIS - CEO ACTIVISTA LATAM","og_description":"La fundadora de Medular en Chile es una activista del emprendimiento y defensora de las peque\u00f1as empresas porque \u2018son el motor de la econom\u00eda\u2019","og_url":"https:\/\/ceoactivismoforbesllyc.enforb.es\/pt-br\/ceo\/alejandra-mustakis\/","og_site_name":"CEO ACTIVISTA LATAM","article_modified_time":"2023-01-18T22:04:55+00:00","og_image":[{"width":1080,"height":900,"url":"https:\/\/ceoactivismoforbesllyc.enforb.es\/wp-content\/uploads\/2022\/09\/ALEJANDRA-MUSTAKIS.jpg","type":"image\/jpeg"}],"twitter_card":"summary_large_image","twitter_misc":{"Est. tempo de leitura":"2 minutos"},"schema":{"@context":"https:\/\/schema.org","@graph":[{"@type":"WebPage","@id":"https:\/\/ceoactivismoforbesllyc.enforb.es\/pt-br\/ceo\/alejandra-mustakis\/","url":"https:\/\/ceoactivismoforbesllyc.enforb.es\/pt-br\/ceo\/alejandra-mustakis\/","name":"ALEJANDRA MUSTAKIS - CEO ACTIVISTA LATAM","isPartOf":{"@id":"https:\/\/ceoactivismoforbesllyc.enforb.es\/#website"},"datePublished":"2022-09-29T21:49:28+00:00","dateModified":"2023-01-18T22:04:55+00:00","description":"La fundadora de Medular en Chile es una activista del emprendimiento y defensora de las peque\u00f1as empresas porque \u2018son el motor de la econom\u00eda\u2019","breadcrumb":{"@id":"https:\/\/ceoactivismoforbesllyc.enforb.es\/pt-br\/ceo\/alejandra-mustakis\/#breadcrumb"},"inLanguage":"pt-BR","potentialAction":[{"@type":"ReadAction","target":["https:\/\/ceoactivismoforbesllyc.enforb.es\/pt-br\/ceo\/alejandra-mustakis\/"]}]},{"@type":"BreadcrumbList","@id":"https:\/\/ceoactivismoforbesllyc.enforb.es\/pt-br\/ceo\/alejandra-mustakis\/#breadcrumb","itemListElement":[{"@type":"ListItem","position":1,"name":"Home","item":"https:\/\/ceoactivismoforbesllyc.enforb.es\/pt-br\/"},{"@type":"ListItem","position":2,"name":"ALEJANDRA MUSTAKIS"}]},{"@type":"WebSite","@id":"https:\/\/ceoactivismoforbesllyc.enforb.es\/#website","url":"https:\/\/ceoactivismoforbesllyc.enforb.es\/","name":"CEO ACTIVISTA LATAM","description":"","potentialAction":[{"@type":"SearchAction","target":{"@type":"EntryPoint","urlTemplate":"https:\/\/ceoactivismoforbesllyc.enforb.es\/?s={search_term_string}"},"query-input":"required name=search_term_string"}],"inLanguage":"pt-BR"}]}},"_links":{"self":[{"href":"https:\/\/ceoactivismoforbesllyc.enforb.es\/pt-br\/wp-json\/wp\/v2\/ceo\/2720","targetHints":{"allow":["GET"]}}],"collection":[{"href":"https:\/\/ceoactivismoforbesllyc.enforb.es\/pt-br\/wp-json\/wp\/v2\/ceo"}],"about":[{"href":"https:\/\/ceoactivismoforbesllyc.enforb.es\/pt-br\/wp-json\/wp\/v2\/types\/ceo"}],"version-history":[{"count":2,"href":"https:\/\/ceoactivismoforbesllyc.enforb.es\/pt-br\/wp-json\/wp\/v2\/ceo\/2720\/revisions"}],"predecessor-version":[{"id":2722,"href":"https:\/\/ceoactivismoforbesllyc.enforb.es\/pt-br\/wp-json\/wp\/v2\/ceo\/2720\/revisions\/2722"}],"wp:featuredmedia":[{"embeddable":true,"href":"https:\/\/ceoactivismoforbesllyc.enforb.es\/pt-br\/wp-json\/wp\/v2\/media\/2702"}],"wp:attachment":[{"href":"https:\/\/ceoactivismoforbesllyc.enforb.es\/pt-br\/wp-json\/wp\/v2\/media?parent=2720"}],"curies":[{"name":"wp","href":"https:\/\/api.w.org\/{rel}","templated":true}]}}

<p>[vc_row equal_height=&#8221;yes&#8221;][vc_column width=&#8221;1/3&#8243; el_class=&#8221;imagen-movil&#8221; css=&#8221;.vc_custom_1664492596985{background-image: url(https://ceoactivismoforbesllyc.enforb.es/wp-content/uploads/2022/09/DMiHKnCWsAAiJ4u.jpeg?id=2056) !important;background-position: center !important;background-repeat: no-repeat !important;background-size: contain !important;}&#8221;][/vc_column][vc_column width=&#8221;2/3&#8243;][vc_column_text]A designer industrial e empresária chilena é a fundadora de várias empresas como a <em>Medular<sup>1</sup></em>, uma empresa de móveis e decoração, e a <em>Kauel<sup>2</sup></em>, empresa de tecnologia e inovação que lidera a transformação da indústria 4.0 com Inteligência Artificial.</p>
<p>Com várias empresas em sua experiência, Mustakis é ativista do empreendedorismo e defensora das pequenas e médias empresas e aposta nelas porque &#8220;são o motor da economia&#8221;.</p>
<p>Nessa linha, a empresária e empreendedora que demonstra ser fã de empreendedorismo social e de fazer as coisas de forma diferente tem um perfil ativo nas redes sociais. Suas postagens são bastante voltadas ao desenvolvimento e à participação das mulheres, principalmente dentro das empresas porque, na sua opinião, empresas que não têm mulheres nos seus cargos de chefia &#8220;estão perdendo um ponto de vista necessário, uma visão colaborativa com códigos que são muito importantes&#8221;.</p>
<p>Embora ela seja ativa em suas duas redes sociais, a quantidade de conteúdo (8 postagens/mês no LK) não é a parte mais importante, e sim sua interação com outros conteúdos de valor para ela; como empreendimentos com significado como Algramo ou o reconhecimento das mulheres na tecnologia da Camiseteados.</p>
<p>Assim, ela promove e replica iniciativas para as quais costuma ser convidada devido ao seu papel de liderança feminina empreendedora (PowerUp, Mujeres Scotiabank, Cena Acti 2022), por atividades de suas próprias empresas (Fundación Mustakis) ou como referência de opinião em diversos meios de comunicação nacionais (El Mostrador, Revista Aldamir), já que, normalmente, é ela quem é convidada obrigatória quando se trata de falar sobre um dos temas de sua experiência. Ela é conhecida por ser uma pessoa acessível e participativa, com uma comunicação próxima que humaniza seu perfil, em muitas ocasiões postando suas próprias fotos.</p>
<p>&nbsp;</p>
<p>&nbsp;</p>
<p style="font-size: 10px; color: #f3615a;"><sup>1</sup> <a href="https://medular.cl/">https://medular.cl/</a></p>
<p style="font-size: 10px; color: #f3615a;"><sup>2</sup> <a href="https://kauel.com/nosotros/">https://kauel.com/nosotros/</a></p>
<p>[/vc_column_text][/vc_column][/vc_row][vc_row full_width=&#8221;stretch_row&#8221; css=&#8221;.vc_custom_1666034478243{padding-top: 5% !important;background-color: #0a263b !important;}&#8221;][vc_column][vc_single_image image=&#8221;2222&#8243; img_size=&#8221;full&#8221; alignment=&#8221;center&#8221; onclick=&#8221;zoom&#8221;][/vc_column][/vc_row]</p>

<!-- This site is optimized with the Yoast SEO plugin v20.12 - https://yoast.com/wordpress/plugins/seo/ -->
<title>ALEJANDRA MUSTAKIS - CEO ACTIVISTA LATAM</title>
<meta name="description" content="La fundadora de Medular en Chile es una activista del emprendimiento y defensora de las pequeñas empresas porque ‘son el motor de la economía’" />
<meta name="robots" content="index, follow, max-snippet:-1, max-image-preview:large, max-video-preview:-1" />
<link rel="canonical" href="https://ceoactivismoforbesllyc.enforb.es/pt-br/ceo/alejandra-mustakis/" />
<meta property="og:locale" content="pt_BR" />
<meta property="og:type" content="article" />
<meta property="og:title" content="ALEJANDRA MUSTAKIS - CEO ACTIVISTA LATAM" />
<meta property="og:description" content="La fundadora de Medular en Chile es una activista del emprendimiento y defensora de las pequeñas empresas porque ‘son el motor de la economía’" />
<meta property="og:url" content="https://ceoactivismoforbesllyc.enforb.es/pt-br/ceo/alejandra-mustakis/" />
<meta property="og:site_name" content="CEO ACTIVISTA LATAM" />
<meta property="article:modified_time" content="2023-01-18T22:04:55+00:00" />
<meta property="og:image" content="https://ceoactivismoforbesllyc.enforb.es/wp-content/uploads/2022/09/ALEJANDRA-MUSTAKIS.jpg" />
	<meta property="og:image:width" content="1080" />
	<meta property="og:image:height" content="900" />
	<meta property="og:image:type" content="image/jpeg" />
<meta name="twitter:card" content="summary_large_image" />
<meta name="twitter:label1" content="Est. tempo de leitura" />
	<meta name="twitter:data1" content="2 minutos" />
<script type="application/ld+json" class="yoast-schema-graph">{"@context":"https://schema.org","@graph":[{"@type":"WebPage","@id":"https://ceoactivismoforbesllyc.enforb.es/pt-br/ceo/alejandra-mustakis/","url":"https://ceoactivismoforbesllyc.enforb.es/pt-br/ceo/alejandra-mustakis/","name":"ALEJANDRA MUSTAKIS - CEO ACTIVISTA LATAM","isPartOf":{"@id":"https://ceoactivismoforbesllyc.enforb.es/#website"},"datePublished":"2022-09-29T21:49:28+00:00","dateModified":"2023-01-18T22:04:55+00:00","description":"La fundadora de Medular en Chile es una activista del emprendimiento y defensora de las pequeñas empresas porque ‘son el motor de la economía’","breadcrumb":{"@id":"https://ceoactivismoforbesllyc.enforb.es/pt-br/ceo/alejandra-mustakis/#breadcrumb"},"inLanguage":"pt-BR","potentialAction":[{"@type":"ReadAction","target":["https://ceoactivismoforbesllyc.enforb.es/pt-br/ceo/alejandra-mustakis/"]}]},{"@type":"BreadcrumbList","@id":"https://ceoactivismoforbesllyc.enforb.es/pt-br/ceo/alejandra-mustakis/#breadcrumb","itemListElement":[{"@type":"ListItem","position":1,"name":"Home","item":"https://ceoactivismoforbesllyc.enforb.es/pt-br/"},{"@type":"ListItem","position":2,"name":"ALEJANDRA MUSTAKIS"}]},{"@type":"WebSite","@id":"https://ceoactivismoforbesllyc.enforb.es/#website","url":"https://ceoactivismoforbesllyc.enforb.es/","name":"CEO ACTIVISTA LATAM","description":"","potentialAction":[{"@type":"SearchAction","target":{"@type":"EntryPoint","urlTemplate":"https://ceoactivismoforbesllyc.enforb.es/?s={search_term_string}"},"query-input":"required name=search_term_string"}],"inLanguage":"pt-BR"}]}</script>
<!-- / Yoast SEO plugin. -->

La fundadora de Medular en Chile es una activista del emprendimiento y defensora de las pequeñas empresas porque ‘son el motor de la economía’
