{"id":2716,"date":"2022-09-29T21:17:05","date_gmt":"2022-09-29T21:17:05","guid":{"rendered":"https:\/\/ceoactivismoforbesllyc.enforb.es\/ceo\/gina-diez-barroso\/"},"modified":"2023-01-18T15:07:52","modified_gmt":"2023-01-18T21:07:52","slug":"gina-diez-barroso","status":"publish","type":"ceo","link":"https:\/\/ceoactivismoforbesllyc.enforb.es\/pt-br\/ceo\/gina-diez-barroso\/","title":{"rendered":"GINA DIEZ BARROSO"},"content":{"rendered":"<p>[vc_row equal_height=&#8221;yes&#8221;][vc_column width=&#8221;1\/3&#8243; el_class=&#8221;imagen-movil&#8221; css=&#8221;.vc_custom_1664491778854{background-image: url(https:\/\/ceoactivismoforbesllyc.enforb.es\/wp-content\/uploads\/2022\/09\/forbes-9.jpg?id=2047) !important;background-position: center !important;background-repeat: no-repeat !important;background-size: contain !important;}&#8221;][\/vc_column][vc_column width=&#8221;2\/3&#8243; css=&#8221;.vc_custom_1669668367724{padding-top: 6% !important;}&#8221;][vc_column_text]Diez Barroso, fundadora do Grupo Diarq, uma firma de design, arquitetura e imobili\u00e1rio com presen\u00e7a dentro e fora do M\u00e9xico. Ela \u00e9 considerada uma das Mulheres Mais Poderosas nos Neg\u00f3cios no M\u00e9xico. A executiva se destaca, n\u00e3o s\u00f3 por ter um dos melhores desempenhos entre os CEOs analisados, mas pelo bom n\u00edvel de engajamento com a comunidade que tem interesse em suas publica\u00e7\u00f5es (5,99%).<\/p>\n<p>Seus conte\u00fados d\u00e3o foco \u00e0 igualdade trabalhista e \u00e0 inclus\u00e3o de mulheres como l\u00edderes empresariais. Como ativista a favor dos direitos das mulheres, ela fundou o Dalia Empower, um projeto global de educa\u00e7\u00e3o continuada que ajuda as mulheres a alcan\u00e7ar suas metas pessoais e profissionais. Isso inclui a cria\u00e7\u00e3o do CENTRO, a primeira universidade com foco em estudos criativos na \u00e1rea de neg\u00f3cios.<\/p>\n<p>A CEO do Grupo Diarq conseguiu criar uma proximidade com suas comunidades por meio do di\u00e1logo sobre quest\u00f5es sociais, como viol\u00eancia de g\u00eanero, igualdade e inclus\u00e3o, educa\u00e7\u00e3o e como construir um sistema educacional mais eficiente pode gerar mais igualdade social. Seus seguidores deixam coment\u00e1rios como em um debate aberto e construtivo sobre as quest\u00f5es sobre as quais ela se posicionou.<\/p>\n<p>Conta com uma s\u00f3lida comunidade de quase 50 mil seguidores, a maioria do setor corporativo e financeiro do pa\u00eds, com quem conversa respondendo aos seus coment\u00e1rios ou comentando outras conversas fora do seu ecossistema pessoal, gerando proximidade e compartilhando seus valores e prop\u00f3sito social.[\/vc_column_text]<style type=\"text\/css\" data-type=\"the7_shortcodes-inline-css\">#default-btn-4e9724e244a9503b79cbed9693947c34.ico-right-side > i {\n  margin-right: 0px;\n  margin-left: 8px;\n}\n#default-btn-4e9724e244a9503b79cbed9693947c34 > i {\n  margin-right: 8px;\n}\n<\/style><div class=\"btn-align-center\"><a href=\"https:\/\/www.forbes.com.mx\/voy-a-hacer-lo-mas-que-pueda-para-que-mas-mujeres-logren-sus-metas-gina-diez-barroso\/\" class=\"default-btn-shortcode dt-btn dt-btn-l fadeInDown animate-element animation-builder link-hover-off full-width-btn  vc_custom_1669668421569\" target=\"_blank\" id=\"default-btn-4e9724e244a9503b79cbed9693947c34\" rel=\"noopener\"><span>Ver entrevista<\/span><\/a><\/div>[\/vc_column][\/vc_row][vc_row full_width=&#8221;stretch_row&#8221; css=&#8221;.vc_custom_1666034478243{padding-top: 5% !important;background-color: #0a263b !important;}&#8221;][vc_column][vc_single_image image=&#8221;2221&#8243; img_size=&#8221;full&#8221; alignment=&#8221;center&#8221; onclick=&#8221;zoom&#8221;][\/vc_column][\/vc_row]<\/p>\n","protected":false},"featured_media":2662,"menu_order":0,"template":"","format":"standard","meta":{"content-type":"","_mi_skip_tracking":false,"_monsterinsights_sitenote_active":false,"_monsterinsights_sitenote_note":"","_monsterinsights_sitenote_category":0,"footnotes":""},"class_list":["post-2716","ceo","type-ceo","status-publish","format-standard","has-post-thumbnail","hentry","description-off"],"acf":[],"yoast_head":"<!-- This site is optimized with the Yoast SEO plugin v20.12 - https:\/\/yoast.com\/wordpress\/plugins\/seo\/ -->\n<title>GINA DIEZ BARROSO - CEO ACTIVISTA LATAM<\/title>\n<meta name=\"description\" content=\"La CEO de Diarq Group en M\u00e9xico se ha posicionado como un ejemplo de CEO Activista en LATAM gracias a su gran performance y nivel de engagement con su comunidad\" \/>\n<meta name=\"robots\" content=\"index, follow, max-snippet:-1, max-image-preview:large, max-video-preview:-1\" \/>\n<link rel=\"canonical\" href=\"https:\/\/ceoactivismoforbesllyc.enforb.es\/pt-br\/ceo\/gina-diez-barroso\/\" \/>\n<meta property=\"og:locale\" content=\"pt_BR\" \/>\n<meta property=\"og:type\" content=\"article\" \/>\n<meta property=\"og:title\" content=\"GINA DIEZ BARROSO - CEO ACTIVISTA LATAM\" \/>\n<meta property=\"og:description\" content=\"La CEO de Diarq Group en M\u00e9xico se ha posicionado como un ejemplo de CEO Activista en LATAM gracias a su gran performance y nivel de engagement con su comunidad\" \/>\n<meta property=\"og:url\" content=\"https:\/\/ceoactivismoforbesllyc.enforb.es\/pt-br\/ceo\/gina-diez-barroso\/\" \/>\n<meta property=\"og:site_name\" content=\"CEO ACTIVISTA LATAM\" \/>\n<meta property=\"article:modified_time\" content=\"2023-01-18T21:07:52+00:00\" \/>\n<meta property=\"og:image\" content=\"https:\/\/ceoactivismoforbesllyc.enforb.es\/wp-content\/uploads\/2022\/09\/FINAL-9-1024x576-1.jpeg\" \/>\n\t<meta property=\"og:image:width\" content=\"1024\" \/>\n\t<meta property=\"og:image:height\" content=\"576\" \/>\n\t<meta property=\"og:image:type\" content=\"image\/jpeg\" \/>\n<meta name=\"twitter:card\" content=\"summary_large_image\" \/>\n<meta name=\"twitter:label1\" content=\"Est. tempo de leitura\" \/>\n\t<meta name=\"twitter:data1\" content=\"2 minutos\" \/>\n<script type=\"application\/ld+json\" class=\"yoast-schema-graph\">{\"@context\":\"https:\/\/schema.org\",\"@graph\":[{\"@type\":\"WebPage\",\"@id\":\"https:\/\/ceoactivismoforbesllyc.enforb.es\/pt-br\/ceo\/gina-diez-barroso\/\",\"url\":\"https:\/\/ceoactivismoforbesllyc.enforb.es\/pt-br\/ceo\/gina-diez-barroso\/\",\"name\":\"GINA DIEZ BARROSO - CEO ACTIVISTA LATAM\",\"isPartOf\":{\"@id\":\"https:\/\/ceoactivismoforbesllyc.enforb.es\/#website\"},\"datePublished\":\"2022-09-29T21:17:05+00:00\",\"dateModified\":\"2023-01-18T21:07:52+00:00\",\"description\":\"La CEO de Diarq Group en M\u00e9xico se ha posicionado como un ejemplo de CEO Activista en LATAM gracias a su gran performance y nivel de engagement con su comunidad\",\"breadcrumb\":{\"@id\":\"https:\/\/ceoactivismoforbesllyc.enforb.es\/pt-br\/ceo\/gina-diez-barroso\/#breadcrumb\"},\"inLanguage\":\"pt-BR\",\"potentialAction\":[{\"@type\":\"ReadAction\",\"target\":[\"https:\/\/ceoactivismoforbesllyc.enforb.es\/pt-br\/ceo\/gina-diez-barroso\/\"]}]},{\"@type\":\"BreadcrumbList\",\"@id\":\"https:\/\/ceoactivismoforbesllyc.enforb.es\/pt-br\/ceo\/gina-diez-barroso\/#breadcrumb\",\"itemListElement\":[{\"@type\":\"ListItem\",\"position\":1,\"name\":\"Home\",\"item\":\"https:\/\/ceoactivismoforbesllyc.enforb.es\/pt-br\/\"},{\"@type\":\"ListItem\",\"position\":2,\"name\":\"GINA DIEZ BARROSO\"}]},{\"@type\":\"WebSite\",\"@id\":\"https:\/\/ceoactivismoforbesllyc.enforb.es\/#website\",\"url\":\"https:\/\/ceoactivismoforbesllyc.enforb.es\/\",\"name\":\"CEO ACTIVISTA LATAM\",\"description\":\"\",\"potentialAction\":[{\"@type\":\"SearchAction\",\"target\":{\"@type\":\"EntryPoint\",\"urlTemplate\":\"https:\/\/ceoactivismoforbesllyc.enforb.es\/?s={search_term_string}\"},\"query-input\":\"required name=search_term_string\"}],\"inLanguage\":\"pt-BR\"}]}<\/script>\n<!-- \/ Yoast SEO plugin. -->","yoast_head_json":{"title":"GINA DIEZ BARROSO - CEO ACTIVISTA LATAM","description":"La CEO de Diarq Group en M\u00e9xico se ha posicionado como un ejemplo de CEO Activista en LATAM gracias a su gran performance y nivel de engagement con su comunidad","robots":{"index":"index","follow":"follow","max-snippet":"max-snippet:-1","max-image-preview":"max-image-preview:large","max-video-preview":"max-video-preview:-1"},"canonical":"https:\/\/ceoactivismoforbesllyc.enforb.es\/pt-br\/ceo\/gina-diez-barroso\/","og_locale":"pt_BR","og_type":"article","og_title":"GINA DIEZ BARROSO - CEO ACTIVISTA LATAM","og_description":"La CEO de Diarq Group en M\u00e9xico se ha posicionado como un ejemplo de CEO Activista en LATAM gracias a su gran performance y nivel de engagement con su comunidad","og_url":"https:\/\/ceoactivismoforbesllyc.enforb.es\/pt-br\/ceo\/gina-diez-barroso\/","og_site_name":"CEO ACTIVISTA LATAM","article_modified_time":"2023-01-18T21:07:52+00:00","og_image":[{"width":1024,"height":576,"url":"https:\/\/ceoactivismoforbesllyc.enforb.es\/wp-content\/uploads\/2022\/09\/FINAL-9-1024x576-1.jpeg","type":"image\/jpeg"}],"twitter_card":"summary_large_image","twitter_misc":{"Est. tempo de leitura":"2 minutos"},"schema":{"@context":"https:\/\/schema.org","@graph":[{"@type":"WebPage","@id":"https:\/\/ceoactivismoforbesllyc.enforb.es\/pt-br\/ceo\/gina-diez-barroso\/","url":"https:\/\/ceoactivismoforbesllyc.enforb.es\/pt-br\/ceo\/gina-diez-barroso\/","name":"GINA DIEZ BARROSO - CEO ACTIVISTA LATAM","isPartOf":{"@id":"https:\/\/ceoactivismoforbesllyc.enforb.es\/#website"},"datePublished":"2022-09-29T21:17:05+00:00","dateModified":"2023-01-18T21:07:52+00:00","description":"La CEO de Diarq Group en M\u00e9xico se ha posicionado como un ejemplo de CEO Activista en LATAM gracias a su gran performance y nivel de engagement con su comunidad","breadcrumb":{"@id":"https:\/\/ceoactivismoforbesllyc.enforb.es\/pt-br\/ceo\/gina-diez-barroso\/#breadcrumb"},"inLanguage":"pt-BR","potentialAction":[{"@type":"ReadAction","target":["https:\/\/ceoactivismoforbesllyc.enforb.es\/pt-br\/ceo\/gina-diez-barroso\/"]}]},{"@type":"BreadcrumbList","@id":"https:\/\/ceoactivismoforbesllyc.enforb.es\/pt-br\/ceo\/gina-diez-barroso\/#breadcrumb","itemListElement":[{"@type":"ListItem","position":1,"name":"Home","item":"https:\/\/ceoactivismoforbesllyc.enforb.es\/pt-br\/"},{"@type":"ListItem","position":2,"name":"GINA DIEZ BARROSO"}]},{"@type":"WebSite","@id":"https:\/\/ceoactivismoforbesllyc.enforb.es\/#website","url":"https:\/\/ceoactivismoforbesllyc.enforb.es\/","name":"CEO ACTIVISTA LATAM","description":"","potentialAction":[{"@type":"SearchAction","target":{"@type":"EntryPoint","urlTemplate":"https:\/\/ceoactivismoforbesllyc.enforb.es\/?s={search_term_string}"},"query-input":"required name=search_term_string"}],"inLanguage":"pt-BR"}]}},"_links":{"self":[{"href":"https:\/\/ceoactivismoforbesllyc.enforb.es\/pt-br\/wp-json\/wp\/v2\/ceo\/2716","targetHints":{"allow":["GET"]}}],"collection":[{"href":"https:\/\/ceoactivismoforbesllyc.enforb.es\/pt-br\/wp-json\/wp\/v2\/ceo"}],"about":[{"href":"https:\/\/ceoactivismoforbesllyc.enforb.es\/pt-br\/wp-json\/wp\/v2\/types\/ceo"}],"version-history":[{"count":3,"href":"https:\/\/ceoactivismoforbesllyc.enforb.es\/pt-br\/wp-json\/wp\/v2\/ceo\/2716\/revisions"}],"predecessor-version":[{"id":2719,"href":"https:\/\/ceoactivismoforbesllyc.enforb.es\/pt-br\/wp-json\/wp\/v2\/ceo\/2716\/revisions\/2719"}],"wp:featuredmedia":[{"embeddable":true,"href":"https:\/\/ceoactivismoforbesllyc.enforb.es\/pt-br\/wp-json\/wp\/v2\/media\/2662"}],"wp:attachment":[{"href":"https:\/\/ceoactivismoforbesllyc.enforb.es\/pt-br\/wp-json\/wp\/v2\/media?parent=2716"}],"curies":[{"name":"wp","href":"https:\/\/api.w.org\/{rel}","templated":true}]}}

<p>[vc_row equal_height=&#8221;yes&#8221;][vc_column width=&#8221;1/3&#8243; el_class=&#8221;imagen-movil&#8221; css=&#8221;.vc_custom_1664491778854{background-image: url(https://ceoactivismoforbesllyc.enforb.es/wp-content/uploads/2022/09/forbes-9.jpg?id=2047) !important;background-position: center !important;background-repeat: no-repeat !important;background-size: contain !important;}&#8221;][/vc_column][vc_column width=&#8221;2/3&#8243; css=&#8221;.vc_custom_1669668367724{padding-top: 6% !important;}&#8221;][vc_column_text]Diez Barroso, fundadora do Grupo Diarq, uma firma de design, arquitetura e imobiliário com presença dentro e fora do México. Ela é considerada uma das Mulheres Mais Poderosas nos Negócios no México. A executiva se destaca, não só por ter um dos melhores desempenhos entre os CEOs analisados, mas pelo bom nível de engajamento com a comunidade que tem interesse em suas publicações (5,99%).</p>
<p>Seus conteúdos dão foco à igualdade trabalhista e à inclusão de mulheres como líderes empresariais. Como ativista a favor dos direitos das mulheres, ela fundou o Dalia Empower, um projeto global de educação continuada que ajuda as mulheres a alcançar suas metas pessoais e profissionais. Isso inclui a criação do CENTRO, a primeira universidade com foco em estudos criativos na área de negócios.</p>
<p>A CEO do Grupo Diarq conseguiu criar uma proximidade com suas comunidades por meio do diálogo sobre questões sociais, como violência de gênero, igualdade e inclusão, educação e como construir um sistema educacional mais eficiente pode gerar mais igualdade social. Seus seguidores deixam comentários como em um debate aberto e construtivo sobre as questões sobre as quais ela se posicionou.</p>
<p>Conta com uma sólida comunidade de quase 50 mil seguidores, a maioria do setor corporativo e financeiro do país, com quem conversa respondendo aos seus comentários ou comentando outras conversas fora do seu ecossistema pessoal, gerando proximidade e compartilhando seus valores e propósito social.[/vc_column_text]<style type="text/css" data-type="the7_shortcodes-inline-css">#default-btn-4e9724e244a9503b79cbed9693947c34.ico-right-side > i {
  margin-right: 0px;
  margin-left: 8px;
}
#default-btn-4e9724e244a9503b79cbed9693947c34 > i {
  margin-right: 8px;
}
</style><div class="btn-align-center"><a href="https://www.forbes.com.mx/voy-a-hacer-lo-mas-que-pueda-para-que-mas-mujeres-logren-sus-metas-gina-diez-barroso/" class="default-btn-shortcode dt-btn dt-btn-l fadeInDown animate-element animation-builder link-hover-off full-width-btn  vc_custom_1669668421569" target="_blank" id="default-btn-4e9724e244a9503b79cbed9693947c34" rel="noopener"><span>Ver entrevista</span></a></div>[/vc_column][/vc_row][vc_row full_width=&#8221;stretch_row&#8221; css=&#8221;.vc_custom_1666034478243{padding-top: 5% !important;background-color: #0a263b !important;}&#8221;][vc_column][vc_single_image image=&#8221;2221&#8243; img_size=&#8221;full&#8221; alignment=&#8221;center&#8221; onclick=&#8221;zoom&#8221;][/vc_column][/vc_row]</p>

<!-- This site is optimized with the Yoast SEO plugin v20.12 - https://yoast.com/wordpress/plugins/seo/ -->
<title>GINA DIEZ BARROSO - CEO ACTIVISTA LATAM</title>
<meta name="description" content="La CEO de Diarq Group en México se ha posicionado como un ejemplo de CEO Activista en LATAM gracias a su gran performance y nivel de engagement con su comunidad" />
<meta name="robots" content="index, follow, max-snippet:-1, max-image-preview:large, max-video-preview:-1" />
<link rel="canonical" href="https://ceoactivismoforbesllyc.enforb.es/pt-br/ceo/gina-diez-barroso/" />
<meta property="og:locale" content="pt_BR" />
<meta property="og:type" content="article" />
<meta property="og:title" content="GINA DIEZ BARROSO - CEO ACTIVISTA LATAM" />
<meta property="og:description" content="La CEO de Diarq Group en México se ha posicionado como un ejemplo de CEO Activista en LATAM gracias a su gran performance y nivel de engagement con su comunidad" />
<meta property="og:url" content="https://ceoactivismoforbesllyc.enforb.es/pt-br/ceo/gina-diez-barroso/" />
<meta property="og:site_name" content="CEO ACTIVISTA LATAM" />
<meta property="article:modified_time" content="2023-01-18T21:07:52+00:00" />
<meta property="og:image" content="https://ceoactivismoforbesllyc.enforb.es/wp-content/uploads/2022/09/FINAL-9-1024x576-1.jpeg" />
	<meta property="og:image:width" content="1024" />
	<meta property="og:image:height" content="576" />
	<meta property="og:image:type" content="image/jpeg" />
<meta name="twitter:card" content="summary_large_image" />
<meta name="twitter:label1" content="Est. tempo de leitura" />
	<meta name="twitter:data1" content="2 minutos" />
<script type="application/ld+json" class="yoast-schema-graph">{"@context":"https://schema.org","@graph":[{"@type":"WebPage","@id":"https://ceoactivismoforbesllyc.enforb.es/pt-br/ceo/gina-diez-barroso/","url":"https://ceoactivismoforbesllyc.enforb.es/pt-br/ceo/gina-diez-barroso/","name":"GINA DIEZ BARROSO - CEO ACTIVISTA LATAM","isPartOf":{"@id":"https://ceoactivismoforbesllyc.enforb.es/#website"},"datePublished":"2022-09-29T21:17:05+00:00","dateModified":"2023-01-18T21:07:52+00:00","description":"La CEO de Diarq Group en México se ha posicionado como un ejemplo de CEO Activista en LATAM gracias a su gran performance y nivel de engagement con su comunidad","breadcrumb":{"@id":"https://ceoactivismoforbesllyc.enforb.es/pt-br/ceo/gina-diez-barroso/#breadcrumb"},"inLanguage":"pt-BR","potentialAction":[{"@type":"ReadAction","target":["https://ceoactivismoforbesllyc.enforb.es/pt-br/ceo/gina-diez-barroso/"]}]},{"@type":"BreadcrumbList","@id":"https://ceoactivismoforbesllyc.enforb.es/pt-br/ceo/gina-diez-barroso/#breadcrumb","itemListElement":[{"@type":"ListItem","position":1,"name":"Home","item":"https://ceoactivismoforbesllyc.enforb.es/pt-br/"},{"@type":"ListItem","position":2,"name":"GINA DIEZ BARROSO"}]},{"@type":"WebSite","@id":"https://ceoactivismoforbesllyc.enforb.es/#website","url":"https://ceoactivismoforbesllyc.enforb.es/","name":"CEO ACTIVISTA LATAM","description":"","potentialAction":[{"@type":"SearchAction","target":{"@type":"EntryPoint","urlTemplate":"https://ceoactivismoforbesllyc.enforb.es/?s={search_term_string}"},"query-input":"required name=search_term_string"}],"inLanguage":"pt-BR"}]}</script>
<!-- / Yoast SEO plugin. -->

La CEO de Diarq Group en México se ha posicionado como un ejemplo de CEO Activista en LATAM gracias a su gran performance y nivel de engagement con su comunidad
