{"id":2711,"date":"2022-09-28T19:25:26","date_gmt":"2022-09-28T19:25:26","guid":{"rendered":"https:\/\/ceoactivismoforbesllyc.enforb.es\/ceo\/marcelo-cataldo\/"},"modified":"2023-01-18T14:33:01","modified_gmt":"2023-01-18T20:33:01","slug":"marcelo-cataldo","status":"publish","type":"ceo","link":"https:\/\/ceoactivismoforbesllyc.enforb.es\/pt-br\/ceo\/marcelo-cataldo\/","title":{"rendered":"MARCELO CATALDO"},"content":{"rendered":"<p>[vc_row equal_height=&#8221;yes&#8221; content_placement=&#8221;middle&#8221;][vc_column width=&#8221;1\/3&#8243; el_class=&#8221;imagen-movil&#8221; css=&#8221;.vc_custom_1666034018842{background-image: url(https:\/\/ceoactivismoforbesllyc.enforb.es\/wp-content\/uploads\/2022\/09\/forbes-8.jpg?id=2042) !important;background-position: center !important;background-repeat: no-repeat !important;background-size: cover !important;}&#8221;][\/vc_column][vc_column width=&#8221;2\/3&#8243;][vc_column_text]Tem mais de 20 anos de experi\u00eancia na \u00e1rea de telecomunica\u00e7\u00f5es, liderando opera\u00e7\u00f5es regionais e globais na Am\u00e9rica Latina, Europa e Estados Unidos. Ele come\u00e7ou como vice-presidente de Neg\u00f3cios M\u00f3veis na Tigo, na Col\u00f4mbia, depois tornou-se o vice-presidente comercial e, desde 2016, \u00e9 o presidente da empresa.<\/p>\n<p>Cataldo \u00e9 um CEO com uma identidade digital bastante proeminente. Na verdade, seu perfil aparece no topo do estudo <em>Mapa do Poder: as identidades digitais mais bem-sucedidas<sup>1<\/sup><\/em> entre os CEOs de ind\u00fastrias relacionadas \u00e0 presta\u00e7\u00e3o de servi\u00e7os na Col\u00f4mbia, em 2018. Sua influ\u00eancia digital ainda existe e o torna um ativo essencial da empresa.<\/p>\n<p>O representante da Tigo Col\u00f4mbia otimiza o uso das redes sociais para falar de sua preocupa\u00e7\u00e3o em reduzir a desigualdade digital e de conectividade existente naquele pa\u00eds. O mundo digital \u00e9 o seu territ\u00f3rio de comunica\u00e7\u00e3o, e ele o explora para posicionar o neg\u00f3cio que lidera e ampliar sua influ\u00eancia, j\u00e1 que ele \u00e9 um amplificador natural das atividades dos funcion\u00e1rios da empresa, gerando engajamento por meio do talento empresarial e o conte\u00fado humanizado.<\/p>\n<p>Cataldo tem um envolvimento ativo que traz mensagens emp\u00e1ticas, inspiradoras e relevantes congruentes com a sustentabilidade e a ess\u00eancia dos neg\u00f3cios. Os conte\u00fados que ele compartilha no LinkedIn e no Twitter sobre conectividade e digitaliza\u00e7\u00e3o, al\u00e9m do impacto social por meio da diversidade e inclus\u00e3o, est\u00e3o claramente alinhados \u00e0 estrat\u00e9gia da marca Tigo. Ele usa seu papel de principal embaixador da marca para promover as a\u00e7\u00f5es com os colaboradores enquanto lidera pelo exemplo.<\/p>\n<p>O CEO da Tigo potencializa seu alcance por meio do relacionamento e networking digital, compartilhando conte\u00fados sobre alian\u00e7as estrat\u00e9gicas e eventos realizados juntamente com outros l\u00edderes importantes das \u00e1reas de tecnologia e inova\u00e7\u00e3o, como a Microsoft. Ao usar suas pr\u00f3prias fotos com um look &#8220;casual de neg\u00f3cios&#8221;, ele amplia seu posicionamento como refer\u00eancia do empreendedorismo colombiano moderno e refor\u00e7a seu papel como &#8220;a voz e a face&#8221; da empresa que lidera. Ele usa uma linguagem coloquial (com jarg\u00e3o) que humaniza seu conte\u00fado e mant\u00e9m congru\u00eancia com a imagem e o estilo do l\u00edder.<\/p>\n<p>No n\u00edvel pessoal, ele compartilha temas relacionados a seus hobbies (como esportes), mas sempre se conectando com territ\u00f3rios de neg\u00f3cios, como tecnologia e comunica\u00e7\u00e3o. Ele n\u00e3o tem medo de opinar e se posicionar sobre as tend\u00eancias e not\u00edcias que compartilha, indo al\u00e9m de not\u00edcias e manchetes relacionadas ao seu setor.<\/p>\n<p>&nbsp;<\/p>\n<p>&nbsp;<\/p>\n<p style=\"font-size: 10px; color: #f3615a;\"><sup>1 <\/sup><a href=\"https:\/\/www.valoraanalitik.com\/2018\/11\/22\/hernan-rincon-jesus-guerrero-y-marcelo-cataldo-los-ceo-con-mejor-identidad-digital\/\"> https:\/\/www.valoraanalitik.com\/2018\/11\/22\/hernan-rincon-jesus-guerrero-y-marcelo-cataldo-los-ceo-con-mejor-identidad-digital\/<\/a><\/p>\n<p>[\/vc_column_text]<style type=\"text\/css\" data-type=\"the7_shortcodes-inline-css\">#default-btn-dffe9828c810f9476f886fdc7f00b7f5.ico-right-side > i {\n  margin-right: 0px;\n  margin-left: 8px;\n}\n#default-btn-dffe9828c810f9476f886fdc7f00b7f5 > i {\n  margin-right: 8px;\n}\n<\/style><div class=\"btn-align-center\"><a href=\"https:\/\/forbes.co\/2022\/12\/13\/negocios\/tenemos-responsabilidad-de-mitigar-los-impactos-sociales-y-ambientales-presidente-de-tigo-colombia\" class=\"default-btn-shortcode dt-btn dt-btn-l fadeInDown animate-element animation-builder link-hover-off full-width-btn  vc_custom_1671219603846\" target=\"_blank\" id=\"default-btn-dffe9828c810f9476f886fdc7f00b7f5\" rel=\"noopener\"><span>Ver entrevista<\/span><\/a><\/div>[\/vc_column][\/vc_row][vc_row full_width=&#8221;stretch_row&#8221; css=&#8221;.vc_custom_1666034478243{padding-top: 5% !important;background-color: #0a263b !important;}&#8221;][vc_column][vc_single_image image=&#8221;2220&#8243; img_size=&#8221;full&#8221; alignment=&#8221;center&#8221; onclick=&#8221;zoom&#8221;][\/vc_column][\/vc_row]<\/p>\n","protected":false},"featured_media":2655,"menu_order":0,"template":"","format":"standard","meta":{"content-type":"","_mi_skip_tracking":false,"_monsterinsights_sitenote_active":false,"_monsterinsights_sitenote_note":"","_monsterinsights_sitenote_category":0,"footnotes":""},"class_list":["post-2711","ceo","type-ceo","status-publish","format-standard","has-post-thumbnail","hentry","description-off"],"acf":[],"yoast_head":"<!-- This site is optimized with the Yoast SEO plugin v20.12 - https:\/\/yoast.com\/wordpress\/plugins\/seo\/ -->\n<title>MARCELO CATALDO - CEO ACTIVISTA LATAM<\/title>\n<meta name=\"description\" content=\"El CEO de Tigo Colombia se ha posicionado como un ejemplo de CEO Activista en LATAM gracias a su influencia digital y rol como activo clave de la compa\u00f1\u00eda.\" \/>\n<meta name=\"robots\" content=\"index, follow, max-snippet:-1, max-image-preview:large, max-video-preview:-1\" \/>\n<link rel=\"canonical\" href=\"https:\/\/ceoactivismoforbesllyc.enforb.es\/pt-br\/ceo\/marcelo-cataldo\/\" \/>\n<meta property=\"og:locale\" content=\"pt_BR\" \/>\n<meta property=\"og:type\" content=\"article\" \/>\n<meta property=\"og:title\" content=\"MARCELO CATALDO - CEO ACTIVISTA LATAM\" \/>\n<meta property=\"og:description\" content=\"El CEO de Tigo Colombia se ha posicionado como un ejemplo de CEO Activista en LATAM gracias a su influencia digital y rol como activo clave de la compa\u00f1\u00eda.\" \/>\n<meta property=\"og:url\" content=\"https:\/\/ceoactivismoforbesllyc.enforb.es\/pt-br\/ceo\/marcelo-cataldo\/\" \/>\n<meta property=\"og:site_name\" content=\"CEO ACTIVISTA LATAM\" \/>\n<meta property=\"article:modified_time\" content=\"2023-01-18T20:33:01+00:00\" \/>\n<meta property=\"og:image\" content=\"https:\/\/ceoactivismoforbesllyc.enforb.es\/wp-content\/uploads\/2022\/09\/Marcelo-Cataldo.jpeg\" \/>\n\t<meta property=\"og:image:width\" content=\"1200\" \/>\n\t<meta property=\"og:image:height\" content=\"675\" \/>\n\t<meta property=\"og:image:type\" content=\"image\/jpeg\" \/>\n<meta name=\"twitter:card\" content=\"summary_large_image\" \/>\n<meta name=\"twitter:label1\" content=\"Est. tempo de leitura\" \/>\n\t<meta name=\"twitter:data1\" content=\"2 minutos\" \/>\n<script type=\"application\/ld+json\" class=\"yoast-schema-graph\">{\"@context\":\"https:\/\/schema.org\",\"@graph\":[{\"@type\":\"WebPage\",\"@id\":\"https:\/\/ceoactivismoforbesllyc.enforb.es\/pt-br\/ceo\/marcelo-cataldo\/\",\"url\":\"https:\/\/ceoactivismoforbesllyc.enforb.es\/pt-br\/ceo\/marcelo-cataldo\/\",\"name\":\"MARCELO CATALDO - CEO ACTIVISTA LATAM\",\"isPartOf\":{\"@id\":\"https:\/\/ceoactivismoforbesllyc.enforb.es\/#website\"},\"datePublished\":\"2022-09-28T19:25:26+00:00\",\"dateModified\":\"2023-01-18T20:33:01+00:00\",\"description\":\"El CEO de Tigo Colombia se ha posicionado como un ejemplo de CEO Activista en LATAM gracias a su influencia digital y rol como activo clave de la compa\u00f1\u00eda.\",\"breadcrumb\":{\"@id\":\"https:\/\/ceoactivismoforbesllyc.enforb.es\/pt-br\/ceo\/marcelo-cataldo\/#breadcrumb\"},\"inLanguage\":\"pt-BR\",\"potentialAction\":[{\"@type\":\"ReadAction\",\"target\":[\"https:\/\/ceoactivismoforbesllyc.enforb.es\/pt-br\/ceo\/marcelo-cataldo\/\"]}]},{\"@type\":\"BreadcrumbList\",\"@id\":\"https:\/\/ceoactivismoforbesllyc.enforb.es\/pt-br\/ceo\/marcelo-cataldo\/#breadcrumb\",\"itemListElement\":[{\"@type\":\"ListItem\",\"position\":1,\"name\":\"Home\",\"item\":\"https:\/\/ceoactivismoforbesllyc.enforb.es\/pt-br\/\"},{\"@type\":\"ListItem\",\"position\":2,\"name\":\"MARCELO CATALDO\"}]},{\"@type\":\"WebSite\",\"@id\":\"https:\/\/ceoactivismoforbesllyc.enforb.es\/#website\",\"url\":\"https:\/\/ceoactivismoforbesllyc.enforb.es\/\",\"name\":\"CEO ACTIVISTA LATAM\",\"description\":\"\",\"potentialAction\":[{\"@type\":\"SearchAction\",\"target\":{\"@type\":\"EntryPoint\",\"urlTemplate\":\"https:\/\/ceoactivismoforbesllyc.enforb.es\/?s={search_term_string}\"},\"query-input\":\"required name=search_term_string\"}],\"inLanguage\":\"pt-BR\"}]}<\/script>\n<!-- \/ Yoast SEO plugin. -->","yoast_head_json":{"title":"MARCELO CATALDO - CEO ACTIVISTA LATAM","description":"El CEO de Tigo Colombia se ha posicionado como un ejemplo de CEO Activista en LATAM gracias a su influencia digital y rol como activo clave de la compa\u00f1\u00eda.","robots":{"index":"index","follow":"follow","max-snippet":"max-snippet:-1","max-image-preview":"max-image-preview:large","max-video-preview":"max-video-preview:-1"},"canonical":"https:\/\/ceoactivismoforbesllyc.enforb.es\/pt-br\/ceo\/marcelo-cataldo\/","og_locale":"pt_BR","og_type":"article","og_title":"MARCELO CATALDO - CEO ACTIVISTA LATAM","og_description":"El CEO de Tigo Colombia se ha posicionado como un ejemplo de CEO Activista en LATAM gracias a su influencia digital y rol como activo clave de la compa\u00f1\u00eda.","og_url":"https:\/\/ceoactivismoforbesllyc.enforb.es\/pt-br\/ceo\/marcelo-cataldo\/","og_site_name":"CEO ACTIVISTA LATAM","article_modified_time":"2023-01-18T20:33:01+00:00","og_image":[{"width":1200,"height":675,"url":"https:\/\/ceoactivismoforbesllyc.enforb.es\/wp-content\/uploads\/2022\/09\/Marcelo-Cataldo.jpeg","type":"image\/jpeg"}],"twitter_card":"summary_large_image","twitter_misc":{"Est. tempo de leitura":"2 minutos"},"schema":{"@context":"https:\/\/schema.org","@graph":[{"@type":"WebPage","@id":"https:\/\/ceoactivismoforbesllyc.enforb.es\/pt-br\/ceo\/marcelo-cataldo\/","url":"https:\/\/ceoactivismoforbesllyc.enforb.es\/pt-br\/ceo\/marcelo-cataldo\/","name":"MARCELO CATALDO - CEO ACTIVISTA LATAM","isPartOf":{"@id":"https:\/\/ceoactivismoforbesllyc.enforb.es\/#website"},"datePublished":"2022-09-28T19:25:26+00:00","dateModified":"2023-01-18T20:33:01+00:00","description":"El CEO de Tigo Colombia se ha posicionado como un ejemplo de CEO Activista en LATAM gracias a su influencia digital y rol como activo clave de la compa\u00f1\u00eda.","breadcrumb":{"@id":"https:\/\/ceoactivismoforbesllyc.enforb.es\/pt-br\/ceo\/marcelo-cataldo\/#breadcrumb"},"inLanguage":"pt-BR","potentialAction":[{"@type":"ReadAction","target":["https:\/\/ceoactivismoforbesllyc.enforb.es\/pt-br\/ceo\/marcelo-cataldo\/"]}]},{"@type":"BreadcrumbList","@id":"https:\/\/ceoactivismoforbesllyc.enforb.es\/pt-br\/ceo\/marcelo-cataldo\/#breadcrumb","itemListElement":[{"@type":"ListItem","position":1,"name":"Home","item":"https:\/\/ceoactivismoforbesllyc.enforb.es\/pt-br\/"},{"@type":"ListItem","position":2,"name":"MARCELO CATALDO"}]},{"@type":"WebSite","@id":"https:\/\/ceoactivismoforbesllyc.enforb.es\/#website","url":"https:\/\/ceoactivismoforbesllyc.enforb.es\/","name":"CEO ACTIVISTA LATAM","description":"","potentialAction":[{"@type":"SearchAction","target":{"@type":"EntryPoint","urlTemplate":"https:\/\/ceoactivismoforbesllyc.enforb.es\/?s={search_term_string}"},"query-input":"required name=search_term_string"}],"inLanguage":"pt-BR"}]}},"_links":{"self":[{"href":"https:\/\/ceoactivismoforbesllyc.enforb.es\/pt-br\/wp-json\/wp\/v2\/ceo\/2711","targetHints":{"allow":["GET"]}}],"collection":[{"href":"https:\/\/ceoactivismoforbesllyc.enforb.es\/pt-br\/wp-json\/wp\/v2\/ceo"}],"about":[{"href":"https:\/\/ceoactivismoforbesllyc.enforb.es\/pt-br\/wp-json\/wp\/v2\/types\/ceo"}],"version-history":[{"count":4,"href":"https:\/\/ceoactivismoforbesllyc.enforb.es\/pt-br\/wp-json\/wp\/v2\/ceo\/2711\/revisions"}],"predecessor-version":[{"id":2715,"href":"https:\/\/ceoactivismoforbesllyc.enforb.es\/pt-br\/wp-json\/wp\/v2\/ceo\/2711\/revisions\/2715"}],"wp:featuredmedia":[{"embeddable":true,"href":"https:\/\/ceoactivismoforbesllyc.enforb.es\/pt-br\/wp-json\/wp\/v2\/media\/2655"}],"wp:attachment":[{"href":"https:\/\/ceoactivismoforbesllyc.enforb.es\/pt-br\/wp-json\/wp\/v2\/media?parent=2711"}],"curies":[{"name":"wp","href":"https:\/\/api.w.org\/{rel}","templated":true}]}}

<p>[vc_row equal_height=&#8221;yes&#8221; content_placement=&#8221;middle&#8221;][vc_column width=&#8221;1/3&#8243; el_class=&#8221;imagen-movil&#8221; css=&#8221;.vc_custom_1666034018842{background-image: url(https://ceoactivismoforbesllyc.enforb.es/wp-content/uploads/2022/09/forbes-8.jpg?id=2042) !important;background-position: center !important;background-repeat: no-repeat !important;background-size: cover !important;}&#8221;][/vc_column][vc_column width=&#8221;2/3&#8243;][vc_column_text]Tem mais de 20 anos de experiência na área de telecomunicações, liderando operações regionais e globais na América Latina, Europa e Estados Unidos. Ele começou como vice-presidente de Negócios Móveis na Tigo, na Colômbia, depois tornou-se o vice-presidente comercial e, desde 2016, é o presidente da empresa.</p>
<p>Cataldo é um CEO com uma identidade digital bastante proeminente. Na verdade, seu perfil aparece no topo do estudo <em>Mapa do Poder: as identidades digitais mais bem-sucedidas<sup>1</sup></em> entre os CEOs de indústrias relacionadas à prestação de serviços na Colômbia, em 2018. Sua influência digital ainda existe e o torna um ativo essencial da empresa.</p>
<p>O representante da Tigo Colômbia otimiza o uso das redes sociais para falar de sua preocupação em reduzir a desigualdade digital e de conectividade existente naquele país. O mundo digital é o seu território de comunicação, e ele o explora para posicionar o negócio que lidera e ampliar sua influência, já que ele é um amplificador natural das atividades dos funcionários da empresa, gerando engajamento por meio do talento empresarial e o conteúdo humanizado.</p>
<p>Cataldo tem um envolvimento ativo que traz mensagens empáticas, inspiradoras e relevantes congruentes com a sustentabilidade e a essência dos negócios. Os conteúdos que ele compartilha no LinkedIn e no Twitter sobre conectividade e digitalização, além do impacto social por meio da diversidade e inclusão, estão claramente alinhados à estratégia da marca Tigo. Ele usa seu papel de principal embaixador da marca para promover as ações com os colaboradores enquanto lidera pelo exemplo.</p>
<p>O CEO da Tigo potencializa seu alcance por meio do relacionamento e networking digital, compartilhando conteúdos sobre alianças estratégicas e eventos realizados juntamente com outros líderes importantes das áreas de tecnologia e inovação, como a Microsoft. Ao usar suas próprias fotos com um look &#8220;casual de negócios&#8221;, ele amplia seu posicionamento como referência do empreendedorismo colombiano moderno e reforça seu papel como &#8220;a voz e a face&#8221; da empresa que lidera. Ele usa uma linguagem coloquial (com jargão) que humaniza seu conteúdo e mantém congruência com a imagem e o estilo do líder.</p>
<p>No nível pessoal, ele compartilha temas relacionados a seus hobbies (como esportes), mas sempre se conectando com territórios de negócios, como tecnologia e comunicação. Ele não tem medo de opinar e se posicionar sobre as tendências e notícias que compartilha, indo além de notícias e manchetes relacionadas ao seu setor.</p>
<p>&nbsp;</p>
<p>&nbsp;</p>
<p style="font-size: 10px; color: #f3615a;"><sup>1 </sup><a href="https://www.valoraanalitik.com/2018/11/22/hernan-rincon-jesus-guerrero-y-marcelo-cataldo-los-ceo-con-mejor-identidad-digital/"> https://www.valoraanalitik.com/2018/11/22/hernan-rincon-jesus-guerrero-y-marcelo-cataldo-los-ceo-con-mejor-identidad-digital/</a></p>
<p>[/vc_column_text]<style type="text/css" data-type="the7_shortcodes-inline-css">#default-btn-dffe9828c810f9476f886fdc7f00b7f5.ico-right-side > i {
  margin-right: 0px;
  margin-left: 8px;
}
#default-btn-dffe9828c810f9476f886fdc7f00b7f5 > i {
  margin-right: 8px;
}
</style><div class="btn-align-center"><a href="https://forbes.co/2022/12/13/negocios/tenemos-responsabilidad-de-mitigar-los-impactos-sociales-y-ambientales-presidente-de-tigo-colombia" class="default-btn-shortcode dt-btn dt-btn-l fadeInDown animate-element animation-builder link-hover-off full-width-btn  vc_custom_1671219603846" target="_blank" id="default-btn-dffe9828c810f9476f886fdc7f00b7f5" rel="noopener"><span>Ver entrevista</span></a></div>[/vc_column][/vc_row][vc_row full_width=&#8221;stretch_row&#8221; css=&#8221;.vc_custom_1666034478243{padding-top: 5% !important;background-color: #0a263b !important;}&#8221;][vc_column][vc_single_image image=&#8221;2220&#8243; img_size=&#8221;full&#8221; alignment=&#8221;center&#8221; onclick=&#8221;zoom&#8221;][/vc_column][/vc_row]</p>

<!-- This site is optimized with the Yoast SEO plugin v20.12 - https://yoast.com/wordpress/plugins/seo/ -->
<title>MARCELO CATALDO - CEO ACTIVISTA LATAM</title>
<meta name="description" content="El CEO de Tigo Colombia se ha posicionado como un ejemplo de CEO Activista en LATAM gracias a su influencia digital y rol como activo clave de la compañía." />
<meta name="robots" content="index, follow, max-snippet:-1, max-image-preview:large, max-video-preview:-1" />
<link rel="canonical" href="https://ceoactivismoforbesllyc.enforb.es/pt-br/ceo/marcelo-cataldo/" />
<meta property="og:locale" content="pt_BR" />
<meta property="og:type" content="article" />
<meta property="og:title" content="MARCELO CATALDO - CEO ACTIVISTA LATAM" />
<meta property="og:description" content="El CEO de Tigo Colombia se ha posicionado como un ejemplo de CEO Activista en LATAM gracias a su influencia digital y rol como activo clave de la compañía." />
<meta property="og:url" content="https://ceoactivismoforbesllyc.enforb.es/pt-br/ceo/marcelo-cataldo/" />
<meta property="og:site_name" content="CEO ACTIVISTA LATAM" />
<meta property="article:modified_time" content="2023-01-18T20:33:01+00:00" />
<meta property="og:image" content="https://ceoactivismoforbesllyc.enforb.es/wp-content/uploads/2022/09/Marcelo-Cataldo.jpeg" />
	<meta property="og:image:width" content="1200" />
	<meta property="og:image:height" content="675" />
	<meta property="og:image:type" content="image/jpeg" />
<meta name="twitter:card" content="summary_large_image" />
<meta name="twitter:label1" content="Est. tempo de leitura" />
	<meta name="twitter:data1" content="2 minutos" />
<script type="application/ld+json" class="yoast-schema-graph">{"@context":"https://schema.org","@graph":[{"@type":"WebPage","@id":"https://ceoactivismoforbesllyc.enforb.es/pt-br/ceo/marcelo-cataldo/","url":"https://ceoactivismoforbesllyc.enforb.es/pt-br/ceo/marcelo-cataldo/","name":"MARCELO CATALDO - CEO ACTIVISTA LATAM","isPartOf":{"@id":"https://ceoactivismoforbesllyc.enforb.es/#website"},"datePublished":"2022-09-28T19:25:26+00:00","dateModified":"2023-01-18T20:33:01+00:00","description":"El CEO de Tigo Colombia se ha posicionado como un ejemplo de CEO Activista en LATAM gracias a su influencia digital y rol como activo clave de la compañía.","breadcrumb":{"@id":"https://ceoactivismoforbesllyc.enforb.es/pt-br/ceo/marcelo-cataldo/#breadcrumb"},"inLanguage":"pt-BR","potentialAction":[{"@type":"ReadAction","target":["https://ceoactivismoforbesllyc.enforb.es/pt-br/ceo/marcelo-cataldo/"]}]},{"@type":"BreadcrumbList","@id":"https://ceoactivismoforbesllyc.enforb.es/pt-br/ceo/marcelo-cataldo/#breadcrumb","itemListElement":[{"@type":"ListItem","position":1,"name":"Home","item":"https://ceoactivismoforbesllyc.enforb.es/pt-br/"},{"@type":"ListItem","position":2,"name":"MARCELO CATALDO"}]},{"@type":"WebSite","@id":"https://ceoactivismoforbesllyc.enforb.es/#website","url":"https://ceoactivismoforbesllyc.enforb.es/","name":"CEO ACTIVISTA LATAM","description":"","potentialAction":[{"@type":"SearchAction","target":{"@type":"EntryPoint","urlTemplate":"https://ceoactivismoforbesllyc.enforb.es/?s={search_term_string}"},"query-input":"required name=search_term_string"}],"inLanguage":"pt-BR"}]}</script>
<!-- / Yoast SEO plugin. -->

El CEO de Tigo Colombia se ha posicionado como un ejemplo de CEO Activista en LATAM gracias a su influencia digital y rol como activo clave de la compañía.
